000
CXUS54 KEWX 011010
CF6DRT
PRELIMINARY LOCAL CLIMATOLOGICAL DATA (WS FORM: F-6)
STATION: DEL RIO
MONTH: MARCH
YEAR: 2022
LATITUDE: 29 22 N
LONGITUDE: 100 55 W
TEMPERATURE IN F: :PCPN: SNOW: WIND :SUNSHINE: SKY :PK WND
================================================================================
1 2 3 4 5 6A 6B 7 8 9 10 11 12 13 14 15 16 17 18
12Z AVG MX 2MIN
DY MAX MIN AVG DEP HDD CDD WTR SNW DPTH SPD SPD DIR MIN PSBL S-S WX SPD DR
================================================================================
1 75 41 58 -4 7 0 0.00 0.0 0 9.5 18 160 M M 0 27 160
2 77 49 63 1 2 0 0.00 0.0 0 9.7 20 150 M M 0 8 26 150
3 80 54 67 5 0 2 0.00 0.0 0 9.6 17 130 M M 2 25 150
4 85 63 74 12 0 9 0.00 0.0 0 13.6 24 130 M M 5 36 130
5 84 64 74 11 0 9 0.00 0.0 0 10.5 18 90 M M 3 28 110
6 87 67 77 14 0 12 0.00 0.0 0 13.5 22 350 M M 5 36 340
7 74 49 62 -1 3 0 0.00 0.0 0 10.5 18 320 M M 4 29 320
8 69 50 60 -4 5 0 0.00 0.0 0 3.9 12 100 M M 4 17 280
9 68 41 55 -9 10 0 0.00 0.0 0 10.7 23 150 M M 0 29 140
10 76 44 60 -4 5 0 0.00 0.0 0 10.8 17 160 M M 0 25 110
11 64 41 53 -11 12 0 T 0.0 0 15.9 29 320 M M 5 41 330
12 61 26 44 -21 21 0 0.00 0.0 0 7.1 16 150 M M 0 22 120
13 69 38 54 -11 11 0 0.00 0.0 0 13.2 28 150 M M 0 37 150
14 89 53 71 6 0 6 0.00 0.0 0 10.1 31 280 M M 2 41 280
15 83 48 66 1 0 1 0.00 0.0 0 6.9 20 280 M M 0 27 250
16 88 44 66 0 0 1 0.00 0.0 0 10.8 23 150 M M 0 32 150
17 93 56 75 9 0 10 0.00 0.0 0 12.2 36 280 M M 0 8 48 290
18 75 50 63 -3 2 0 0.00 0.0 0 11.0 23 290 M M 2 8 32 330
19 79 43 61 -5 4 0 0.00 0.0 0 8.4 20 150 M M 0 32 140
20 82 51 67 0 0 2 0.00 0.0 0 15.5 31 150 M M 0 42 150
21 90 65 78 11 0 13 0.00 0.0 0 13.8 31 270 M M 5 42 240
22 68 53 61 -6 4 0 0.00 0.0 0 16.0 32 290 M M 0 43 290
23 71 45 58 -10 7 0 0.00 0.0 0 8.7 24 270 M M 0 49 290
24 85 40 63 -5 2 0 0.00 0.0 0 8.1 25 300 M M 0 33 310
25 92 43 68 0 0 3 0.00 0.0 0 4.1 13 160 M M 0 18 140
26 94 57 76 8 0 11 0.00 0.0 0 10.3 22 150 M M 0 30 140
27 94 58 76 8 0 11 0.00 0.0 0 11.4 21 150 M M 0 28 150
28 92 60 76 7 0 11 0.00 0.0 0 13.5 22 140 M M 0 29 150
29 92 66 79 10 0 14 0.00 0.0 0 14.4 24 150 M M 2 33 130
30 84 61 73 4 0 8 0.00 0.0 0 15.7 37 290 M M 1 52 310
31 85 52 69 0 0 4 0.00 0.0 0 6.3 17 340 M M 0 25 310
================================================================================
SM 2505 1572 95 127 T 0.0 335.7 M 40
================================================================================
AV 80.8 50.7 10.8 FASTST M M 1 MAX(MPH)
MISC ----> 37 290 52 310
================================================================================
NOTES:
# LAST OF SEVERAL OCCURRENCES
COLUMN 17 PEAK WIND IN M.P.H.
PRELIMINARY LOCAL CLIMATOLOGICAL DATA (WS FORM: F-6) , PAGE 2
STATION: DEL RIO
MONTH: MARCH
YEAR: 2022
LATITUDE: 29 22 N
LONGITUDE: 100 55 W
[TEMPERATURE DATA] [PRECIPITATION DATA] SYMBOLS USED IN COLUMN 16
AVERAGE MONTHLY: 65.8 TOTAL FOR MONTH: T 1 = FOG OR MIST
DPTR FM NORMAL: 0.2 DPTR FM NORMAL: -1.18 2 = FOG REDUCING VISIBILITY
HIGHEST: 94 ON 27,26 GRTST 24HR T ON 11-11 TO 1/4 MILE OR LESS
LOWEST: 26 ON 12 3 = THUNDER
SNOW, ICE PELLETS, HAIL 4 = ICE PELLETS
TOTAL MONTH: 0.0 INCH 5 = HAIL
GRTST 24HR 0.0 6 = FREEZING RAIN OR DRIZZLE
GRTST DEPTH: 0 7 = DUSTSTORM OR SANDSTORM:
VSBY 1/2 MILE OR LESS
8 = SMOKE OR HAZE
[NO. OF DAYS WITH] [WEATHER - DAYS WITH] 9 = BLOWING SNOW
X = TORNADO
MAX 32 OR BELOW: 0 0.01 INCH OR MORE: 0
MAX 90 OR ABOVE: 7 0.10 INCH OR MORE: 0
MIN 32 OR BELOW: 1 0.50 INCH OR MORE: 0
MIN 0 OR BELOW: 0 1.00 INCH OR MORE: 0
[HDD (BASE 65) ]
TOTAL THIS MO. 95 CLEAR (SCALE 0-3) 24
DPTR FM NORMAL 3 PTCLDY (SCALE 4-7) 7
TOTAL FM JUL 1 771 CLOUDY (SCALE 8-10) 0
DPTR FM NORMAL -462
[CDD (BASE 65) ]
TOTAL THIS MO. 127
DPTR FM NORMAL 17 [PRESSURE DATA]
TOTAL FM JAN 1 176 HIGHEST SLP 30.59 ON 12
DPTR FM NORMAL 38 LOWEST SLP 29.37 ON 29
[REMARKS]
#FINAL-03-22#