000
CXUS53 KDMX 221516
CF6DSM
PRELIMINARY LOCAL CLIMATOLOGICAL DATA (WS FORM: F-6)
STATION: DES MOINES IA
MONTH: FEBRUARY
YEAR: 2023
LATITUDE: 41 31 N
LONGITUDE: 93 39 W
TEMPERATURE IN F: :PCPN: SNOW: WIND :SUNSHINE: SKY :PK WND
================================================================================
1 2 3 4 5 6A 6B 7 8 9 10 11 12 13 14 15 16 17 18
12Z AVG MX 2MIN
DY MAX MIN AVG DEP HDD CDD WTR SNW DPTH SPD SPD DIR MIN PSBL S-S WX SPD DR
================================================================================
1 36 10 23 0 42 0 0.00 0.0 3 8.1 20 230 M M 1 23 220
2 28 0 14 -9 51 0 0.00 0.0 3 13.1 24 340 M M 1 34 340
3 15 -2 7 -16 58 0 0.00 0.0 3 8.5 15 110 M M 6 19 110
4 48 15 32 8 33 0 0.00 0.0 3 9.2 17 220 M M 6 23 210
5 42 28 35 11 30 0 0.00 0.0 2 8.4 18 320 M M 2 24 310
6 59 27 43 19 22 0 0.00 0.0 T 13.3 29 140 M M 8 37 140
7 43 30 37 13 28 0 0.00 0.0 0 10.1 22 290 M M 4 32 300
8 49 26 38 14 27 0 0.05 T 0 6.3 15 170 M M 5 4 19 170
9 39 22 31 6 34 0 0.13 0.1 T 14.1 29 310 M M 9 14 36 310
10 37 14 26 1 39 0 0.00 0.0 0 7.6 17 320 M M 0 23 330
11 49 24 37 12 28 0 0.00 0.0 0 10.5 18 220 M M 1 25 220
12 55 30 43 17 22 0 0.00 0.0 0 7.9 17 310 M M 5 20 310
13 57 27 42 16 23 0 0.00 0.0 0 8.0 16 220 M M 1 22 220
14 50 39 45 19 20 0 0.32 0.0 0 13.1 31 250 M M 9 13 41 240
15 39 21 30 3 35 0 T 0.0 0 18.5 33 300 M M 10 45 260
16 26 13 20 -7 45 0 0.25 5.6 T 12.7 21 310 M M 8 19 30 20
17 32 2 17 -10 48 0 0.00 0.0 5 8.2 16 220 M M 0 22 220
18 46 25 36 8 29 0 0.00 0.0 4 10.3 20 200 M M 6 27 200
19 47 28 38 10 27 0 0.00 0.0 1 10.4 21 200 M M 3 1 28 200
20 52 24 38 9 27 0 0.00 0.0 0 9.9 24 320 M M 4 12 37 330
21 39 19 29 0 36 0 T T 0 12.5 24 320 M M 6 31 330
22 33 30 32 3 33 0 0.05 T 0 14.5 28 60 M M 9 16 39 70
23 30 5 18 -12 47 0 T T T 17.6 28 280 M M 8 16 38 260
24 23 4 14 -16 51 0 0.00 0.0 0 6.4 16 330 M M 9 21 320
25 45 12 29 -2 36 0 0.00 0.0 0 6.9 18 230 M M 2 25 190
26 57 24 41 10 24 0 0.13 0.0 0 11.0 24 150 M M 5 13 30 130
27 50 34 42 10 23 0 1.08 0.0 0 15.6 30 300 M M 9 13 41 310
28 44 25 35 3 30 0 T 0.0 0 9.3 20 80 M M 6 1 26 80
================================================================================
SM 1170 556 948 0 2.01 5.7 302.0 M 143
================================================================================
AV 41.8 19.9 10.8 FASTST M M 5 MAX(MPH)
MISC ----> 33 300 45 260
================================================================================
NOTES:
# LAST OF SEVERAL OCCURRENCES
COLUMN 17 PEAK WIND IN M.P.H.
PRELIMINARY LOCAL CLIMATOLOGICAL DATA (WS FORM: F-6) , PAGE 2
STATION: DES MOINES IA
MONTH: FEBRUARY
YEAR: 2023
LATITUDE: 41 31 N
LONGITUDE: 93 39 W
[TEMPERATURE DATA] [PRECIPITATION DATA] SYMBOLS USED IN COLUMN 16
AVERAGE MONTHLY: 30.8 TOTAL FOR MONTH: 2.01 1 = FOG OR MIST
DPTR FM NORMAL: 3.9 DPTR FM NORMAL: 0.67 2 = FOG REDUCING VISIBILITY
HIGHEST: 59 ON 6 GRTST 24HR 1.21 ON 26-27 TO 1/4 MILE OR LESS
LOWEST: -2 ON 3 3 = THUNDER
SNOW, ICE PELLETS, HAIL 4 = ICE PELLETS
TOTAL MONTH: 5.7 INCHES 5 = HAIL
GRTST 24HR 5.6 ON 16-16 6 = FREEZING RAIN OR DRIZZLE
GRTST DEPTH: 5 ON 17 7 = DUSTSTORM OR SANDSTORM:
VSBY 1/2 MILE OR LESS
8 = SMOKE OR HAZE
[NO. OF DAYS WITH] [WEATHER - DAYS WITH] 9 = BLOWING SNOW
X = TORNADO
MAX 32 OR BELOW: 6 0.01 INCH OR MORE: 7
MAX 90 OR ABOVE: 0 0.10 INCH OR MORE: 5
MIN 32 OR BELOW: 26 0.50 INCH OR MORE: 1
MIN 0 OR BELOW: 2 1.00 INCH OR MORE: 1
[HDD (BASE 65) ]
TOTAL THIS MO. 948 CLEAR (SCALE 0-3) 9
DPTR FM NORMAL -120 PTCLDY (SCALE 4-7) 13
TOTAL FM JUL 1 4589 CLOUDY (SCALE 8-10) 6
DPTR FM NORMAL -204
[CDD (BASE 65) ]
TOTAL THIS MO. 0
DPTR FM NORMAL 0 [PRESSURE DATA]
TOTAL FM JAN 1 0 HIGHEST SLP 30.75 ON 24
DPTR FM NORMAL 0 LOWEST SLP 28.98 ON 27
[REMARKS]
#FINAL-02-23#