000
CXUS53 KDMX 050305
CF6DSM
PRELIMINARY LOCAL CLIMATOLOGICAL DATA (WS FORM: F-6)
STATION: DES MOINES IA
MONTH: JANUARY
YEAR: 2022
LATITUDE: 41 31 N
LONGITUDE: 93 39 W
TEMPERATURE IN F: :PCPN: SNOW: WIND :SUNSHINE: SKY :PK WND
================================================================================
1 2 3 4 5 6A 6B 7 8 9 10 11 12 13 14 15 16 17 18
12Z AVG MX 2MIN
DY MAX MIN AVG DEP HDD CDD WTR SNW DPTH SPD SPD DIR MIN PSBL S-S WX SPD DR
================================================================================
1 11 0 6 -18 59 0 0.16 4.2 1 16.4 26 340 M M 9 129 39 350
2 8 -8 0 -23 65 0 0.00 0.0 5 7.0 16 330 M M 2 8 23 350
3 33 0 17 -6 48 0 0.00 0.0 5 9.9 18 190 M M 1 25 190
4 39 16 28 5 37 0 T T 4 18.4 44 310 M M 7 89 57 320
5 16 5 11 -12 54 0 T T 3 25.9 40 300 M M 6 8 51 300
6 5 -3 1 -22 64 0 T T 3 14.2 24 320 M M 3 8 31 300
7 13 -2 6 -17 59 0 0.00 0.0 3 9.4 17 140 M M 8 25 140
8 31 11 21 -1 44 0 T 0.0 2 12.3 23 340 M M 8 126 34 330
9 24 6 15 -7 50 0 0.00 0.0 2 11.6 25 310 M M 4 36 310
10 21 11 16 -6 49 0 0.00 0.0 2 6.4 13 360 M M 2 17 350
11 48 10 29 7 36 0 0.00 0.0 2 11.0 21 240 M M 4 26 240
12 53 30 42 20 23 0 0.00 0.0 T 7.1 17 310 M M 7 20 300
13 50 30 40 18 25 0 T 0.0 T 8.4 18 360 M M 6 1 25 10
14 34 20 27 5 38 0 1.03 9.8 0 9.4 29 60 M M 10 1469 42 70
15 20 5 13 -9 52 0 0.24 4.5 13 12.0 25 30 M M 7 1289 35 30
16 35 6 21 -1 44 0 T T 11 9.7 21 340 M M 9 1 33 330
17 34 23 29 7 36 0 0.00 0.0 10 8.7 21 340 M M 5 32 340
18 44 22 33 11 32 0 0.00 0.0 9 9.3 24 330 M M 6 1 33 330
19 30 0 15 -7 50 0 T T 8 16.3 28 320 M M 5 38 330
20 4 -7 -1 -23 66 0 0.00 0.0 7 7.4 16 340 M M 0 23 340
21 22 -9 7 -15 58 0 T T 7 11.5 20 170 M M 4 24 180
22 42 22 32 10 33 0 0.00 0.0 7 13.7 28 270 M M 6 36 260
23 42 7 25 3 40 0 T T 7 11.7 35 310 M M 8 48 310
24 34 2 18 -4 47 0 0.01 0.2 6 11.8 24 340 M M 6 16 34 340
25 8 -6 1 -21 64 0 0.00 0.0 6 7.5 14 310 M M 1 18 340
26 27 -7 10 -12 55 0 0.00 0.0 6 11.2 22 200 M M 2 31 200
27 35 9 22 0 43 0 T T 6 12.4 23 310 M M 8 32 310
28 18 -3 8 -14 57 0 0.00 0.0 5 8.0 16 320 M M 1 22 320
29 38 11 25 3 40 0 0.00 0.0 5 8.2 16 320 M M 4 24 320
30 28 13 21 -2 44 0 T T 5 8.0 18 320 M M 5 27 340
31 43 18 31 8 34 0 0.00 0.0 5 10.4 16 150 M M 8 22 150
================================================================================
SM 890 232 1446 0 1.44 18.7 345.2 M 162
================================================================================
AV 28.7 7.5 11.1 FASTST M M 5 MAX(MPH)
MISC ----> 44 310 57 320
================================================================================
NOTES:
# LAST OF SEVERAL OCCURRENCES
COLUMN 17 PEAK WIND IN M.P.H.
PRELIMINARY LOCAL CLIMATOLOGICAL DATA (WS FORM: F-6) , PAGE 2
STATION: DES MOINES IA
MONTH: JANUARY
YEAR: 2022
LATITUDE: 41 31 N
LONGITUDE: 93 39 W
[TEMPERATURE DATA] [PRECIPITATION DATA] SYMBOLS USED IN COLUMN 16
AVERAGE MONTHLY: 18.1 TOTAL FOR MONTH: 1.44 1 = FOG OR MIST
DPTR FM NORMAL: -4.2 DPTR FM NORMAL: 0.36 2 = FOG REDUCING VISIBILITY
HIGHEST: 53 ON 12 GRTST 24HR 1.03 ON 14-14 TO 1/4 MILE OR LESS
LOWEST: -9 ON 21 3 = THUNDER
SNOW, ICE PELLETS, HAIL 4 = ICE PELLETS
TOTAL MONTH: 18.7 INCHES 5 = HAIL
GRTST 24HR 9.8 ON 14-14 6 = FREEZING RAIN OR DRIZZLE
GRTST DEPTH: 13 ON 15 7 = DUSTSTORM OR SANDSTORM:
VSBY 1/2 MILE OR LESS
8 = SMOKE OR HAZE
[NO. OF DAYS WITH] [WEATHER - DAYS WITH] 9 = BLOWING SNOW
X = TORNADO
MAX 32 OR BELOW: 16 0.01 INCH OR MORE: 4
MAX 90 OR ABOVE: 0 0.10 INCH OR MORE: 3
MIN 32 OR BELOW: 31 0.50 INCH OR MORE: 1
MIN 0 OR BELOW: 11 1.00 INCH OR MORE: 1
[HDD (BASE 65) ]
TOTAL THIS MO. 1446 CLEAR (SCALE 0-3) 8
DPTR FM NORMAL 124 PTCLDY (SCALE 4-7) 19
TOTAL FM JUL 1 3356 CLOUDY (SCALE 8-10) 4
DPTR FM NORMAL -368
[CDD (BASE 65) ]
TOTAL THIS MO. 0
DPTR FM NORMAL 0 [PRESSURE DATA]
TOTAL FM JAN 1 0 HIGHEST SLP 30.81 ON 20
DPTR FM NORMAL 0 LOWEST SLP 29.49 ON 4
[REMARKS]
#FINAL-01-22#