000
CXUS51 KPBZ 010730
CF6DUJ
PRELIMINARY LOCAL CLIMATOLOGICAL DATA (WS FORM: F-6)
STATION: DUBOIS PA
MONTH: JULY
YEAR: 2023
LATITUDE: 41 10 N
LONGITUDE: 78 54 W
TEMPERATURE IN F: :PCPN: SNOW: WIND :SUNSHINE: SKY :PK WND
================================================================================
1 2 3 4 5 6A 6B 7 8 9 10 11 12 13 14 15 16 17 18
12Z AVG MX 2MIN
DY MAX MIN AVG DEP HDD CDD WTR SNW DPTH SPD SPD DIR MIN PSBL S-S WX SPD DR
================================================================================
1 82 64 73 5 0 8 0.12 M M 4.7 14 220 M M 5 138 19 190
2 75 67 71 3 0 6 0.44 M M 6.1 21 250 M M 9 12 27 250
3 75 65 70 1 0 5 0.82 M M 5.4 13 300 M M 8 1238 17 310
4 84 64 74 5 0 9 0.00 M M 3.0 14 10 M M 7 12 18 310
5 87 63 75 6 0 10 0.00 M M 2.0 8 230 M M 1 1 11 250
6 87 65 76 7 0 11 T M M 4.3 12 290 M M 2 13 16 330
7 81 65 73 4 0 8 0.09 M M 4.6 15 320 M M 5 13 21 320
8 81 58 70 1 0 5 0.00 M M 2.4 9 280 M M 1 11 240
9 77 64 71 2 0 6 0.12 M M 3.5 13 320 M M 8 1 17 320
10 81 61 71 2 0 6 0.00 M M 5.2 13 340 M M 6 1 19 330
11 83 56 70 1 0 5 0.00 M M 5.9 17 250 M M 1 23 240
12 81 66 74 5 0 9 0.94 M M 6.9 23 290 M M 5 138 30 270
13 84 67 76 7 0 11 0.00 M M 8.6 20 230 M M 4 27 240
14 82 64 73 4 0 8 0.02 M M 2.5 10 220 M M 5 8 16 210
15 84 62 73 4 0 8 0.22 M M 3.7 9 210 M M 3 128 15 210
16 80 66 73 4 0 8 0.01 M M 6.7 14 260 M M 6 1 17 270
17 80 64 72 3 0 7 0.16 M M 6.3 15 230 M M 5 138 22 160
18 78 61 70 1 0 5 0.01 M M 6.1 16 230 M M 5 18 21 230
19 80 61 71 2 0 6 0.01 M M 3.5 12 300 M M 6 18 15 290
20 80 59 70 1 0 5 1.21 M M 5.6 25 340 M M 3 123 37 340
21 77 61 69 0 0 4 0.01 M M 8.1 17 320 M M 6 12 25 310
22 79 56 68 -1 0 3 0.00 M M 1.4 10 330 M M 4 12 15 320
23 81 58 70 1 0 5 0.00 M M 2.7 12 260 M M 1 1 14 230
24 82 59 71 2 0 6 T M M 4.7 14 270 M M 2 8 21 220
25 79 62 71 2 0 6 0.21 M M 4.3 20 230 M M 1 13 27 230
26 84 60 72 3 0 7 1.28 M M 5.6 22 320 M M 3 1238 31 330
27 85 67 76 7 0 11 0.20 M M 9.0 22 280 M M 5 13 31 270
28 85 62 74 5 0 9 0.11 M M 3.8 25 230 M M 4 1238 35 310
29 80 60 70 1 0 5 0.31 M M 8.4 25 240 M M 8 12 32 210
30 76 56 66 -3 0 1 0.00 M M 3.5 12 280 M M 6 123 17 260
31 75 53 64 -5 1 0 0.00 M M 5.3 14 280 M M 2 1 20 330
================================================================================
SM 2505 1916 1 203 6.29 M 153.8 M 137
================================================================================
AV 80.8 61.8 5.0 FASTST M M 4 MAX(MPH)
MISC ----> # 25 340 37 340
================================================================================
NOTES:
# LAST OF SEVERAL OCCURRENCES
COLUMN 17 PEAK WIND IN M.P.H.
PRELIMINARY LOCAL CLIMATOLOGICAL DATA (WS FORM: F-6) , PAGE 2
STATION: DUBOIS PA
MONTH: JULY
YEAR: 2023
LATITUDE: 41 10 N
LONGITUDE: 78 54 W
[TEMPERATURE DATA] [PRECIPITATION DATA] SYMBOLS USED IN COLUMN 16
AVERAGE MONTHLY: 71.3 TOTAL FOR MONTH: 6.29 1 = FOG OR MIST
DPTR FM NORMAL: 2.2 DPTR FM NORMAL: 1.93 2 = FOG REDUCING VISIBILITY
HIGHEST: 87 ON 6, 5 GRTST 24HR 1.48 ON 26-27 TO 1/4 MILE OR LESS
LOWEST: 53 ON 31 3 = THUNDER
SNOW, ICE PELLETS, HAIL 4 = ICE PELLETS
TOTAL MONTH: M 5 = HAIL
GRTST 24HR M ON M 6 = FREEZING RAIN OR DRIZZLE
GRTST DEPTH: M ON M 7 = DUSTSTORM OR SANDSTORM:
VSBY 1/2 MILE OR LESS
8 = SMOKE OR HAZE
[NO. OF DAYS WITH] [WEATHER - DAYS WITH] 9 = BLOWING SNOW
X = TORNADO
MAX 32 OR BELOW: 0 0.01 INCH OR MORE: 19
MAX 90 OR ABOVE: 0 0.10 INCH OR MORE: 13
MIN 32 OR BELOW: 0 0.50 INCH OR MORE: 4
MIN 0 OR BELOW: 0 1.00 INCH OR MORE: 2
[HDD (BASE 65) ]
TOTAL THIS MO. 1 CLEAR (SCALE 0-3) 10
DPTR FM NORMAL -19 PTCLDY (SCALE 4-7) 20
TOTAL FM JUL 1 1 CLOUDY (SCALE 8-10) 1
DPTR FM NORMAL -24
[CDD (BASE 65) ]
TOTAL THIS MO. 203
DPTR FM NORMAL 58 [PRESSURE DATA]
TOTAL FM JAN 1 321 HIGHEST SLP 30.15 ON 26
DPTR FM NORMAL 67 LOWEST SLP 29.78 ON 21
[REMARKS]
#FINAL-07-23#