000
CXUS51 KPBZ 141253
CF6DUJ
PRELIMINARY LOCAL CLIMATOLOGICAL DATA (WS FORM: F-6)
STATION: DUBOIS PA
MONTH: OCTOBER
YEAR: 2021
LATITUDE: 41 10 N
LONGITUDE: 78 54 W
TEMPERATURE IN F: :PCPN: SNOW: WIND :SUNSHINE: SKY :PK WND
================================================================================
1 2 3 4 5 6A 6B 7 8 9 10 11 12 13 14 15 16 17 18
12Z AVG MX 2MIN
DY MAX MIN AVG DEP HDD CDD WTR SNW DPTH SPD SPD DIR MIN PSBL S-S WX SPD DR
================================================================================
1 66 37 52 -3 13 0 0.00 M M 2.1 9 290 M M 2 12 13 310
2 71 40 56 1 9 0 0.00 M M 4.3 13 240 M M 1 1 16 230
3 72 55 64 9 1 0 0.07 M M 5.4 16 230 M M 9 1 20 230
4 73 58 66 12 0 1 0.90 M M 3.0 20 270 M M 8 13 25 260
5 76 54 65 11 0 0 0.00 M M 2.2 7 80 M M 6 12 8 340
6 75 59 67 13 0 2 0.00 M M 5.6 10 80 M M 6 1 14 100
7 76 61 69 16 0 4 0.00 M M 5.6 10 130 M M 5 1 13 120
8 76 60 68 15 0 3 0.00 M M 5.7 10 120 M M 6 12 15 120
9 65 58 62 10 3 0 0.13 M M 7.9 13 140 M M 9 18 19 130
10 67 57 62 10 3 0 0.00 M M 7.9 13 120 M M 9 17 150
11 68 59 64 12 1 0 0.00 M M 6.8 12 140 M M 8 21 140
12 73 58 66 15 0 1 0.00 M M 7.6 15 120 M M 8 1 19 110
13 72 53 63 12 2 0 0.00 M M 4.8 15 250 M M 6 12 19 250
14 75 48 62 11 3 0 0.00 M M 3.1 10 260 M M 3 12 13 250
15 76 64 70 20 0 5 0.09 M M 5.1 10 230 M M 7 13 15 230
16 68 48 58 8 7 0 0.43 M M 9.5 22 300 M M 6 1 35 310
17 57 43 50 0 15 0 0.03 M M 11.6 24 270 M M 9 1 34 270
18 57 41 49 0 16 0 0.05 M M 10.2 22 290 M M 4 1 33 300
19 66 37 52 3 13 0 0.00 M M 9.3 20 270 M M 0 1 26 290
20 67 46 57 8 8 0 0.00 M M 8.7 18 240 M M 1 23 240
21 70 50 60 12 5 0 0.54 M M 8.9 20 280 M M 4 13 25 310
22 54 46 50 2 15 0 T M M 7.0 16 230 M M 10 1 20 230
23 49 35 42 -6 23 0 0.07 M M 4.5 12 240 M M 9 1 15 240
24 56 34 45 -2 20 0 0.36 M M 4.5 10 120 M M 9 12 15 150
25 69 52 61 14 4 0 0.03 M M 6.4 22 240 M M 5 29 220
26 54 42 48 1 17 0 0.20 M M 10.6 18 310 M M 10 1 31 330
27 57 42 50 4 15 0 0.00 M M 6.6 13 280 M M 7 1 18 330
28 62 34 48 2 17 0 0.00 M M 9.9 18 120 M M 2 12 28 120
29 56 47 52 6 13 0 0.88 M M 11.2 21 80 M M 10 1 29 100
30 57 46 52 7 13 0 0.00 M M 4.7 14 100 M M 10 17 110
31 54 49 52 7 13 0 0.12 M M 11.5 22 250 M M 9 1 28 260
================================================================================
SM 2034 1513 249 16 3.90 M 212.2 M 198
================================================================================
AV 65.6 48.8 6.8 FASTST M M 6 MAX(MPH)
MISC ----> 24 270 35 310
================================================================================
NOTES:
# LAST OF SEVERAL OCCURRENCES
COLUMN 17 PEAK WIND IN M.P.H.
PRELIMINARY LOCAL CLIMATOLOGICAL DATA (WS FORM: F-6) , PAGE 2
STATION: DUBOIS PA
MONTH: OCTOBER
YEAR: 2021
LATITUDE: 41 10 N
LONGITUDE: 78 54 W
[TEMPERATURE DATA] [PRECIPITATION DATA] SYMBOLS USED IN COLUMN 16
AVERAGE MONTHLY: 57.2 TOTAL FOR MONTH: 3.90 1 = FOG OR MIST
DPTR FM NORMAL: 7.1 DPTR FM NORMAL: 0.50 2 = FOG REDUCING VISIBILITY
HIGHEST: 76 ON 8, 7 GRTST 24HR 0.90 ON 4- 4 TO 1/4 MILE OR LESS
LOWEST: 34 ON 28,24 3 = THUNDER
SNOW, ICE PELLETS, HAIL 4 = ICE PELLETS
TOTAL MONTH: M 5 = HAIL
GRTST 24HR M ON M 6 = FREEZING RAIN OR DRIZZLE
GRTST DEPTH: M ON M 7 = DUSTSTORM OR SANDSTORM:
VSBY 1/2 MILE OR LESS
8 = SMOKE OR HAZE
[NO. OF DAYS WITH] [WEATHER - DAYS WITH] 9 = BLOWING SNOW
X = TORNADO
MAX 32 OR BELOW: 0 0.01 INCH OR MORE: 14
MAX 90 OR ABOVE: 0 0.10 INCH OR MORE: 8
MIN 32 OR BELOW: 0 0.50 INCH OR MORE: 3
MIN 0 OR BELOW: 0 1.00 INCH OR MORE: 0
[HDD (BASE 65) ]
TOTAL THIS MO. 249 CLEAR (SCALE 0-3) 6
DPTR FM NORMAL -219 PTCLDY (SCALE 4-7) 14
TOTAL FM JUL 1 351 CLOUDY (SCALE 8-10) 11
DPTR FM NORMAL -327
[CDD (BASE 65) ]
TOTAL THIS MO. 16
DPTR FM NORMAL 12 [PRESSURE DATA]
TOTAL FM JAN 1 674 HIGHEST SLP 30.35 ON 6
DPTR FM NORMAL 260 LOWEST SLP 29.50 ON 30
[REMARKS]
#FINAL-10-21#