000
CXUS55 KPSR 011005
CF6DVT
PRELIMINARY LOCAL CLIMATOLOGICAL DATA (WS FORM: F-6)
STATION: DEER VLY/PHOENIX AZ
MONTH: SEPTEMBER
YEAR: 2023
LATITUDE: 33 41 N
LONGITUDE: 112 4 W
TEMPERATURE IN F: :PCPN: SNOW: WIND :SUNSHINE: SKY :PK WND
================================================================================
1 2 3 4 5 6A 6B 7 8 9 10 11 12 13 14 15 16 17 18
12Z AVG MX 2MIN
DY MAX MIN AVG DEP HDD CDD WTR SNW DPTH SPD SPD DIR MIN PSBL S-S WX SPD DR
================================================================================
1 85 73 79 -11 0 14 0.07 0.0 M 5.9 24 350 M M 3 3 33 350
2 95 76 86 -4 0 21 0.00 0.0 M 6.2 23 290 M M 3 29 300
3 97 75 86 -4 0 21 0.00 M M 4.0 16 250 M M 0 23 270
4 98 77 88 -2 0 23 0.00 0.0 0 5.5 17 260 M M 0 28 270
5 99 72 86 -3 0 21 0.00 0.0 0 4.7 15 200 M M 0 20 220
6 102 72 87 -2 0 22 0.00 M M 4.5 15 270 M M 0 25 230
7 105 75 90 1 0 25 0.00 M M 5.5 13 40 M M 0 18 280
8 107 77 92 3 0 27 0.00 M M 4.3 16 280 M M 0 20 330
9 110 81 96 8 0 31 0.00 M M 4.6 15 30 M M 0 20 10
10 109 85 97 9 0 32 0.00 M M 7.6 25 360 M M 0 35 20
11 103 82 93 5 0 28 T M M 7.7 23 240 M M 0 29 280
12 96 75 86 -2 0 21 0.06 0.0 M 7.2 22 190 M M 3 13 30 200
13 94 76 85 -2 0 20 T 0.0 M 7.4 18 70 M M 2 3 33 60
14 97 75 86 -1 0 21 0.00 0.0 M 6.1 14 270 M M 1 20 270
15 100 74 87 0 0 22 0.00 M M 4.4 13 50 M M 0 17 50
16 102 75 89 3 0 24 0.00 M M 5.2 14 180 M M 0 19 190
17 101 72 87 1 0 22 0.00 M M 5.5 17 240 M M 0 25 240
18 97 73 85 -1 0 20 0.00 M M 4.4 17 260 M M 0 22 250
19 95 67 81 -4 0 16 0.00 M M 4.8 14 200 M M 0 19 200
20 94 68 81 -4 0 16 0.00 M M 6.5 18 150 M M 0 24 150
21 93 66 80 -4 0 15 0.00 M M 5.8 14 240 M M 0 20 230
22 94 69 82 -2 0 17 0.00 M M 3.5 13 280 M M 0 19 240
23 92 73 83 -1 0 18 T M M 3.0 9 50 M M 1 11 270
24 95 68 82 -1 0 17 0.00 M M 4.6 12 230 M M 0 18 300
25 99 69 84 1 0 19 0.00 M M 5.0 16 270 M M 0 21 290
26 101 71 86 4 0 21 0.00 M M 4.1 13 260 M M 0 17 300
27 101 71 86 4 0 21 0.00 0.0 0 4.1 15 260 M M 0 21 260
28 98 72 85 3 0 20 0.00 0.0 0 4.7 12 180 M M 0 18 160
29 96 64 80 -1 0 15 0.00 0.0 0 4.2 13 180 M M 0 18 210
30 95 70 83 2 0 18 0.00 0.0 0 12.1 24 260 M M 0 34 240
================================================================================
SM 2950 2193 0 628 0.13 0.0 163.1 M 13
================================================================================
AV 98.3 73.1 5.4 FASTST M M 0 MAX(MPH)
MISC ----> 25 360 35 20
================================================================================
NOTES:
# LAST OF SEVERAL OCCURRENCES
COLUMN 17 PEAK WIND IN M.P.H.
PRELIMINARY LOCAL CLIMATOLOGICAL DATA (WS FORM: F-6) , PAGE 2
STATION: DEER VLY/PHOENIX AZ
MONTH: SEPTEMBER
YEAR: 2023
LATITUDE: 33 41 N
LONGITUDE: 112 4 W
[TEMPERATURE DATA] [PRECIPITATION DATA] SYMBOLS USED IN COLUMN 16
AVERAGE MONTHLY: 85.7 TOTAL FOR MONTH: 0.13 1 = FOG OR MIST
DPTR FM NORMAL: -0.4 DPTR FM NORMAL: -0.58 2 = FOG REDUCING VISIBILITY
HIGHEST: 110 ON 9 GRTST 24HR 0.19 ON 31- 1 TO 1/4 MILE OR LESS
LOWEST: 64 ON 29 3 = THUNDER
SNOW, ICE PELLETS, HAIL 4 = ICE PELLETS
TOTAL MONTH: 0.0 INCH 5 = HAIL
GRTST 24HR 0.0 6 = FREEZING RAIN OR DRIZZLE
GRTST DEPTH: 0 7 = DUSTSTORM OR SANDSTORM:
VSBY 1/2 MILE OR LESS
8 = SMOKE OR HAZE
[NO. OF DAYS WITH] [WEATHER - DAYS WITH] 9 = BLOWING SNOW
X = TORNADO
MAX 32 OR BELOW: 0 0.01 INCH OR MORE: 2
MAX 90 OR ABOVE: 29 0.10 INCH OR MORE: 0
MIN 32 OR BELOW: 0 0.50 INCH OR MORE: 0
MIN 0 OR BELOW: 0 1.00 INCH OR MORE: 0
[HDD (BASE 65) ]
TOTAL THIS MO. 0 CLEAR (SCALE 0-3) 29
DPTR FM NORMAL 0 PTCLDY (SCALE 4-7) 1
TOTAL FM JUL 1 0 CLOUDY (SCALE 8-10) 0
DPTR FM NORMAL 0
[CDD (BASE 65) ]
TOTAL THIS MO. 628
DPTR FM NORMAL -5 [PRESSURE DATA]
TOTAL FM JAN 1 3676 HIGHEST SLP 30.00 ON 2
DPTR FM NORMAL 76 LOWEST SLP 29.57 ON 30
[REMARKS]
#FINAL-09-23#