000
CXUS54 KHGX 011510
CF6DWH
PRELIMINARY LOCAL CLIMATOLOGICAL DATA (WS FORM: F-6)
STATION: HOUSTON/D.W._HOOKS
MONTH: FEBRUARY
YEAR: 2024
LATITUDE: 30 4 N
LONGITUDE: 95 33 W
TEMPERATURE IN F: :PCPN: SNOW: WIND :SUNSHINE: SKY :PK WND
================================================================================
1 2 3 4 5 6A 6B 7 8 9 10 11 12 13 14 15 16 17 18
12Z AVG MX 2MIN
DY MAX MIN AVG DEP HDD CDD WTR SNW DPTH SPD SPD DIR MIN PSBL S-S WX SPD DR
================================================================================
1 74 46 60 5 5 0 0.00 0.0 0 3.8 15 150 M M 1 1 24 160
2 76 52 64 9 1 0 0.10 0.0 0 8.1 17 130 M M 8 1238 25 140
3 72 52 62 7 3 0 0.98 0.0 0 6.5 28 280 M M 5 13 44 280
4 68 51 60 5 5 0 0.00 0.0 0 9.2 25 310 M M 0 40 290
5 65 52 59 4 6 0 0.01 0.0 0 9.7 17 10 M M 6 1 28 340
6 73 43 58 3 7 0 0.00 0.0 0 2.7 8 270 M M 0 12 80
7 73 43 58 2 7 0 0.00 0.0 0 7.0 18 140 M M 3 30 120
8 76 60 68 12 0 3 0.00 0.0 0 5.2 14 180 M M 7 1 21 170
9 80 62 71 15 0 6 0.00 0.0 0 5.0 15 210 M M 7 20 220
10 75 66 71 15 0 6 0.11 0.0 0 5.6 17 190 M M 8 1 24 200
11 77 51 64 8 1 0 T 0.0 0 9.9 20 310 M M 8 1 34 330
12 62 41 52 -5 13 0 0.00 0.0 0 11.0 23 300 M M 5 35 300
13 67 37 52 -5 13 0 0.00 0.0 0 1.5 10 300 M M 0 15 270
14 70 40 55 -2 10 0 0.00 0.0 0 5.0 14 140 M M 2 18 22 150
15 74 56 65 8 0 0 0.00 0.0 0 4.0 10 130 M M 6 14 180
16 71 61 66 9 0 1 0.06 0.0 0 6.5 16 360 M M 6 1 27 180
17 61 40 51 -7 14 0 0.00 0.0 0 12.4 22 20 M M 3 33 20
18 57 34 46 -12 19 0 0.00 0.0 0 4.3 13 350 M M 0 22 350
19 67 32 50 -8 15 0 0.00 0.0 0 4.4 14 200 M M 0 20 180
20 79 42 61 3 4 0 0.00 0.0 0 4.8 13 200 M M 1 12 21 260
21 80 54 67 9 0 2 0.00 0.0 0 7.6 18 190 M M 4 12 30 180
22 78 64 71 12 0 6 0.00 0.0 0 8.1 18 200 M M 6 27 220
23 78 54 66 7 0 1 0.00 0.0 0 7.1 18 350 M M 0 27 360
24 80 45 63 4 2 0 0.00 0.0 0 2.6 12 210 M M 0 18 220
25 82 51 67 8 0 2 0.00 0.0 0 9.4 22 190 M M 1 31 190
26 83 69 76 16 0 11 0.00 0.0 0 11.5 18 190 M M 7 29 190
27 87 70 79 19 0 14 0.00 0.0 0 13.6 24 200 M M 7 8 37 210
28 74 50 62 2 3 0 T 0.0 0 11.6 22 20 M M 5 18 35 10
29 55 49 52 -8 13 0 0.00 0.0 0 8.1 16 80 M M 8 8 24 80
================================================================================
SM 2114 1467 141 52 1.26 0.0 206.2 M 114
================================================================================
AV 72.9 50.6 7.1 FASTST M M 4 MAX(MPH)
MISC ----> 28 280 44 280
================================================================================
NOTES:
# LAST OF SEVERAL OCCURRENCES
COLUMN 17 PEAK WIND IN M.P.H.
PRELIMINARY LOCAL CLIMATOLOGICAL DATA (WS FORM: F-6) , PAGE 2
STATION: HOUSTON/D.W._HOOKS
MONTH: FEBRUARY
YEAR: 2024
LATITUDE: 30 4 N
LONGITUDE: 95 33 W
[TEMPERATURE DATA] [PRECIPITATION DATA] SYMBOLS USED IN COLUMN 16
AVERAGE MONTHLY: 61.7 TOTAL FOR MONTH: 1.26 1 = FOG OR MIST
DPTR FM NORMAL: 4.5 DPTR FM NORMAL: -1.44 2 = FOG REDUCING VISIBILITY
HIGHEST: 87 ON 27 GRTST 24HR 1.06 ON 2- 3 TO 1/4 MILE OR LESS
LOWEST: 32 ON 19 3 = THUNDER
SNOW, ICE PELLETS, HAIL 4 = ICE PELLETS
TOTAL MONTH: 0.0 INCH 5 = HAIL
GRTST 24HR 0.0 6 = FREEZING RAIN OR DRIZZLE
GRTST DEPTH: 0 7 = DUSTSTORM OR SANDSTORM:
VSBY 1/2 MILE OR LESS
8 = SMOKE OR HAZE
[NO. OF DAYS WITH] [WEATHER - DAYS WITH] 9 = BLOWING SNOW
X = TORNADO
MAX 32 OR BELOW: 0 0.01 INCH OR MORE: 5
MAX 90 OR ABOVE: 0 0.10 INCH OR MORE: 3
MIN 32 OR BELOW: 1 0.50 INCH OR MORE: 1
MIN 0 OR BELOW: 0 1.00 INCH OR MORE: 0
[HDD (BASE 65) ]
TOTAL THIS MO. 141 CLEAR (SCALE 0-3) 12
DPTR FM NORMAL -111 PTCLDY (SCALE 4-7) 16
TOTAL FM JUL 1 1067 CLOUDY (SCALE 8-10) 1
DPTR FM NORMAL -145
[CDD (BASE 65) ]
TOTAL THIS MO. 52
DPTR FM NORMAL 20 [PRESSURE DATA]
TOTAL FM JAN 1 53 HIGHEST SLP 30.32 ON 29
DPTR FM NORMAL 5 LOWEST SLP 29.52 ON 3
[REMARKS]
#FINAL-02-24#