000
CXUS54 KMAF 011110
CF6E38
PRELIMINARY LOCAL CLIMATOLOGICAL DATA (WS FORM: F-6)
STATION: ALPINE-CASPARIS MUNICIPAL
MONTH: SEPTEMBER
YEAR: 2023
LATITUDE: 30 23 N
LONGITUDE: 103 41 W
TEMPERATURE IN F: :PCPN: SNOW: WIND :SUNSHINE: SKY :PK WND
================================================================================
1 2 3 4 5 6A 6B 7 8 9 10 11 12 13 14 15 16 17 18
12Z AVG MX 2MIN
DY MAX MIN AVG DEP HDD CDD WTR SNW DPTH SPD SPD DIR MIN PSBL S-S WX SPD DR
================================================================================
1 92 63 78 M 0 13 M M M 6.2 12 140 M M 0 21 120
2 91 57 74 M 0 9 M M M 4.9 9 120 M M 0 16 90
3 94 63 79 M 0 14 M M M 6.8 12 170 M M 0 16 170
4 98 70 84 M 0 19 M M M 8.9 17 240 M M 0 26 240
5 100 72 86 M 0 21 M M M 7.7 23 270 M M 1 28 270
6 98 67 83 M 0 18 M M M 7.5 16 130 M M 0 3 22 140
7 97 66 82 M 0 17 M M M 6.9 15 90 M M 0 23 80
8 99 66 83 M 0 18 M M M 7.1 16 20 M M 0 23 20
9 96 66 81 M 0 16 M M M 5.9 10 160 M M 0 22 0
10 96 66 81 M 0 16 M M M 7.2 13 220 M M 0 20 220
11 96 71 84 M 0 19 M M M 9.2 22 360 M M 1 26 360
12 79 62 71 M 0 6 0.01 M M 9.1 15 40 M M 8 20 40
13 85 62 74 M 0 9 0.17 M M 6.5 18 20 M M 4 3 23 20
14 92 64 78 M 0 13 M M M 6.7 14 70 M M 1 21 280
15 89 61 75 M 0 10 0.02 M M 4.3 15 50 M M 3 25 50
16 71 59 65 M 0 0 1.10 M M 4.1 14 20 M M 5 3 18 20
17 81 57 69 M 0 4 M M M 2.2 9 180 M M 3 18 40
18 86 62 74 M 0 9 M M M 5.8 14 330 M M 1 21 330
19 92 66 79 M 0 14 M M M 7.2 13 210 M M 1 20 230
20 93 64 79 M 0 14 M M M 5.4 14 160 M M 1 18 150
21 90 64 77 M 0 12 0.07 M M 5.2 13 200 M M 3 29 260
22 94 66 80 M 0 15 M M M 6.0 12 230 M M 0 23 0
23 96 66 81 M 0 16 M M M 6.8 14 220 M M 1 18 230
24 94 66 80 M 0 15 M M M 6.3 14 260 M M 2 M M
25 87 58 73 M 0 8 M M M 6.6 13 30 M M 1 18 60
26 88 62 75 M 0 10 M M M 3.8 16 230 M M 2 39 230
27 89 62 76 M 0 11 M M M 6.6 14 260 M M 0 16 260
28 91 65 78 M 0 13 M M M 7.0 13 180 M M 2 26 160
29 92 68 80 M 0 15 M M M 8.7 14 220 M M 0 20 140
30 86 61 74 M 0 9 M M M 6.7 14 150 M M 1 18 120
================================================================================
SM 2732 1922 0 383 1.37 M 193.5 M 41
================================================================================
AV 91.1 64.1 6.4 FASTST M M 1 MAX(MPH)
MISC ----> 23 270 39 230
================================================================================
NOTES:
# LAST OF SEVERAL OCCURRENCES
COLUMN 17 PEAK WIND IN M.P.H.
PRELIMINARY LOCAL CLIMATOLOGICAL DATA (WS FORM: F-6) , PAGE 2
STATION: ALPINE-CASPARIS MUNICIPAL
MONTH: SEPTEMBER
YEAR: 2023
LATITUDE: 30 23 N
LONGITUDE: 103 41 W
[TEMPERATURE DATA] [PRECIPITATION DATA] SYMBOLS USED IN COLUMN 16
AVERAGE MONTHLY: 77.6 TOTAL FOR MONTH: 1.37 1 = FOG OR MIST
DPTR FM NORMAL: 0.0 DPTR FM NORMAL: M 2 = FOG REDUCING VISIBILITY
HIGHEST: 100 ON 5 GRTST 24HR 1.10 ON 16-16 TO 1/4 MILE OR LESS
LOWEST: 57 ON 17, 2 3 = THUNDER
SNOW, ICE PELLETS, HAIL 4 = ICE PELLETS
TOTAL MONTH: M 5 = HAIL
GRTST 24HR M ON M 6 = FREEZING RAIN OR DRIZZLE
GRTST DEPTH: M ON M 7 = DUSTSTORM OR SANDSTORM:
VSBY 1/2 MILE OR LESS
8 = SMOKE OR HAZE
[NO. OF DAYS WITH] [WEATHER - DAYS WITH] 9 = BLOWING SNOW
X = TORNADO
MAX 32 OR BELOW: 0 0.01 INCH OR MORE: 5
MAX 90 OR ABOVE: 20 0.10 INCH OR MORE: 2
MIN 32 OR BELOW: 0 0.50 INCH OR MORE: 1
MIN 0 OR BELOW: 0 1.00 INCH OR MORE: 1
[HDD (BASE 65) ]
TOTAL THIS MO. 0 CLEAR (SCALE 0-3) 26
DPTR FM NORMAL M PTCLDY (SCALE 4-7) 3
TOTAL FM JUL 1 0 CLOUDY (SCALE 8-10) 1
DPTR FM NORMAL M
[CDD (BASE 65) ]
TOTAL THIS MO. 383
DPTR FM NORMAL M [PRESSURE DATA]
TOTAL FM JAN 1 2151 HIGHEST SLP M ON M
DPTR FM NORMAL M LOWEST SLP M ON M
[REMARKS]
#FINAL-09-23#