000
CXUS53 KGID 011902
CF6EAR
PRELIMINARY LOCAL CLIMATOLOGICAL DATA (WS FORM: F-6)
STATION: KEARNEY
MONTH: MAY
YEAR: 2021
LATITUDE: 40 43 N
LONGITUDE: 99 0 W
TEMPERATURE IN F: :PCPN: SNOW: WIND :SUNSHINE: SKY :PK WND
================================================================================
1 2 3 4 5 6A 6B 7 8 9 10 11 12 13 14 15 16 17 18
12Z AVG MX 2MIN
DY MAX MIN AVG DEP HDD CDD WTR SNW DPTH SPD SPD DIR MIN PSBL S-S WX SPD DR
================================================================================
1 89 54 72 19 0 7 0.00 M M 19.4 32 200 M M 0 40 200
2 80 57 69 15 0 4 0.80 M M 12.1 30 360 M M 3 3 41 10
3 61 47 54 0 11 0 0.09 M M 22.3 33 360 M M 6 43 360
4 63 42 53 -2 12 0 0.00 M M 7.6 12 20 M M 2 17 20
5 71 48 60 5 5 0 T M M 13.9 24 200 M M 5 32 200
6 66 37 52 -3 13 0 0.00 M M 7.3 14 350 M M 1 16 180
7 71 42 57 1 8 0 0.00 M M 11.3 21 110 M M 2 28 110
8 73 42 58 2 7 0 T M M 19.2 32 20 M M 5 40 40
9 51 36 44 -13 21 0 T M M 12.2 22 360 M M 8 1 27 20
10 58 30 44 -13 21 0 T M M 5.7 13 20 M M 6 18 30
11 59 40 50 -7 15 0 T M M 8.8 14 110 M M 5 20 110
12 65 39 52 -6 13 0 0.00 M M 6.2 15 180 M M 5 M M
13 71 46 59 1 6 0 0.32 M M 16.9 25 170 M M 6 33 180
14 68 51 60 1 5 0 T M M 10.1 28 200 M M 3 8 37 200
15 76 50 63 4 2 0 T M M 6.5 15 170 M M 5 12 M M
16 70 58 64 5 1 0 0.73 M M 11.3 23 130 M M 10 1 M M
17 65 56 61 1 4 0 0.00 M M 10.7 15 70 M M 10 1 M M
18 70 58 64 4 1 0 T M M 6.6 10 110 M M 8 12 M M
19 71 59 65 4 0 0 T M M 8.4 18 140 M M 4 23 150
20 77 61 69 8 0 4 0.00 M M 16.8 28 150 M M 7 1 36 150
21 78 61 70 8 0 5 0.00 M M 21.6 30 170 M M 6 40 170
22 79 65 72 10 0 7 0.00 M M 14.9 20 170 M M 8 31 170
23 82 65 74 12 0 9 T M M 18.6 31 170 M M 8 39 170
24 69 60 65 2 0 0 0.48 M M 10.5 24 130 M M 10 1 38 130
25 81 59 70 7 0 5 0.08 M M 8.4 15 260 M M 2 36 270
26 81 53 67 3 0 2 1.33 M M 11.8 18 30 M M 3 13 27 360
27 66 48 57 -7 8 0 0.01 M M 17.4 31 340 M M 4 36 340
28 58 45 52 -13 13 0 0.00 M M 10.7 16 360 M M 7 21 350
29 64 45 55 -10 10 0 T M M 10.8 20 160 M M 6 20 170
30 56 51 54 -11 11 0 0.70 M M 7.1 12 120 M M 9 1 M M
31 70 50 60 -6 5 0 0.00 M M 5.2 10 100 M M 2 16 100
================================================================================
SM 2159 1555 192 43 4.54 M 370.3 M 166
================================================================================
AV 69.6 50.2 11.9 FASTST M M 5 MAX(MPH)
MISC ----> 33 360 M M
================================================================================
NOTES:
# LAST OF SEVERAL OCCURRENCES
COLUMN 17 PEAK WIND IN M.P.H.
PRELIMINARY LOCAL CLIMATOLOGICAL DATA (WS FORM: F-6) , PAGE 2
STATION: KEARNEY
MONTH: MAY
YEAR: 2021
LATITUDE: 40 43 N
LONGITUDE: 99 0 W
[TEMPERATURE DATA] [PRECIPITATION DATA] SYMBOLS USED IN COLUMN 16
AVERAGE MONTHLY: 59.9 TOTAL FOR MONTH: 4.54 1 = FOG OR MIST
DPTR FM NORMAL: 0.4 DPTR FM NORMAL: 0.14 2 = FOG REDUCING VISIBILITY
HIGHEST: 89 ON 1 GRTST 24HR 1.34 ON 26-27 TO 1/4 MILE OR LESS
LOWEST: 30 ON 10 3 = THUNDER
SNOW, ICE PELLETS, HAIL 4 = ICE PELLETS
TOTAL MONTH: M 5 = HAIL
GRTST 24HR M ON M 6 = FREEZING RAIN OR DRIZZLE
GRTST DEPTH: M ON M 7 = DUSTSTORM OR SANDSTORM:
VSBY 1/2 MILE OR LESS
8 = SMOKE OR HAZE
[NO. OF DAYS WITH] [WEATHER - DAYS WITH] 9 = BLOWING SNOW
X = TORNADO
MAX 32 OR BELOW: 0 0.01 INCH OR MORE: 9
MAX 90 OR ABOVE: 0 0.10 INCH OR MORE: 6
MIN 32 OR BELOW: 1 0.50 INCH OR MORE: 4
MIN 0 OR BELOW: 0 1.00 INCH OR MORE: 1
[HDD (BASE 65) ]
TOTAL THIS MO. 192 CLEAR (SCALE 0-3) 8
DPTR FM NORMAL -17 PTCLDY (SCALE 4-7) 17
TOTAL FM JUL 1 6002 CLOUDY (SCALE 8-10) 6
DPTR FM NORMAL -476
[CDD (BASE 65) ]
TOTAL THIS MO. 43
DPTR FM NORMAL 3 [PRESSURE DATA]
TOTAL FM JAN 1 56 HIGHEST SLP 30.42 ON 12
DPTR FM NORMAL 9 LOWEST SLP 29.37 ON 2
[REMARKS]
#FINAL-05-21#