000
CXUS51 KAKQ 061304
CF6ECG
PRELIMINARY LOCAL CLIMATOLOGICAL DATA (WS FORM: F-6)
STATION: ELIZABETH CITY NC
MONTH: FEBRUARY
YEAR: 2021
LATITUDE: 36 16 N
LONGITUDE: 76 11 W
TEMPERATURE IN F: :PCPN: SNOW: WIND :SUNSHINE: SKY :PK WND
================================================================================
1 2 3 4 5 6A 6B 7 8 9 10 11 12 13 14 15 16 17 18
12Z AVG MX 2MIN
DY MAX MIN AVG DEP HDD CDD WTR SNW DPTH SPD SPD DIR MIN PSBL S-S WX SPD DR
================================================================================
1 43 34 39 -3 26 0 0.02 0.0 0 12.9 21 320 M M 10 1 26 310
2 39 34 37 -6 28 0 T T 0 11.9 23 310 M M 10 1 28 300
3 48 27 38 -5 27 0 0.00 0.0 0 12.0 25 310 M M 6 32 280
4 52 24 38 -5 27 0 0.00 0.0 0 6.9 14 250 M M 0 19 240
5 49 42 46 3 19 0 0.40 0.0 0 8.6 15 230 M M 7 1 19 200
6 54 33 44 1 21 0 T 0.0 0 4.9 10 140 M M 2 14 300
7 46 29 38 -5 27 0 0.21 0.0 0 12.4 25 330 M M 8 1 33 330
8 46 29 38 -5 27 0 0.00 0.0 0 7.4 16 50 M M 3 1 27 90
9 69 41 55 12 10 0 0.00 0.0 0 7.1 18 20 M M 5 21 30
10 48 40 44 0 21 0 0.00 0.0 0 10.0 16 40 M M 7 8 19 40
11 46 39 43 -1 22 0 0.48 0.0 0 12.5 24 40 M M 10 1 28 50
12 42 38 40 -4 25 0 0.34 0.0 0 16.4 26 40 M M 10 1 34 30
13 44 38 41 -3 24 0 0.64 0.0 0 15.9 22 10 M M 10 1 26 360
14 41 36 39 -5 26 0 0.71 0.0 0 14.8 24 40 M M 10 1 29 40
15 47 39 43 -1 22 0 0.01 0.0 0 10.0 20 340 M M 10 1 24 330
16 69 44 57 13 8 0 0.87 0.0 0 13.1 30 230 M M 5 13 40 240
17 45 33 39 -5 26 0 0.00 0.0 0 13.6 18 30 M M 3 23 20
18 42 37 40 -4 25 0 0.55 0.0 0 15.3 30 40 M M 10 1 38 40
19 38 34 36 -9 29 0 1.13 0.0 0 13.8 22 340 M M 10 1 26 350
20 43 26 35 -10 30 0 0.00 0.0 0 10.0 18 330 M M 1 24 330
21 42 26 34 -11 31 0 0.00 0.0 0 8.8 18 340 M M 0 25 340
22 62 30 46 1 19 0 0.37 0.0 0 10.1 30 290 M M 5 1 39 200
23 62 34 48 3 17 0 0.00 0.0 0 9.4 22 240 M M 0 1 27 240
24 68 34 51 6 14 0 0.00 0.0 0 9.0 18 210 M M 0 26 210
25 57 41 49 3 16 0 0.00 0.0 0 10.1 22 40 M M 1 26 40
26 53 39 46 0 19 0 0.39 0.0 0 10.6 22 70 M M 8 1 27 60
27 68 49 59 13 6 0 0.37 0.0 0 9.2 21 170 M M 5 1 31 160
28 72 51 62 16 3 0 T 0.0 0 8.4 18 130 M M 6 23 130
================================================================================
SM 1435 1001 595 0 6.49 T 305.1 M 162
================================================================================
AV 51.3 35.8 10.9 FASTST M M 6 MAX(MPH)
MISC ----> # 30 230 40 240
================================================================================
NOTES:
# LAST OF SEVERAL OCCURRENCES
COLUMN 17 PEAK WIND IN M.P.H.
PRELIMINARY LOCAL CLIMATOLOGICAL DATA (WS FORM: F-6) , PAGE 2
STATION: ELIZABETH CITY NC
MONTH: FEBRUARY
YEAR: 2021
LATITUDE: 36 16 N
LONGITUDE: 76 11 W
[TEMPERATURE DATA] [PRECIPITATION DATA] SYMBOLS USED IN COLUMN 16
AVERAGE MONTHLY: 43.5 TOTAL FOR MONTH: 6.49 1 = FOG OR MIST
DPTR FM NORMAL: -0.6 DPTR FM NORMAL: 3.31 2 = FOG REDUCING VISIBILITY
HIGHEST: 72 ON 28 GRTST 24HR 1.29 ON 18-19 TO 1/4 MILE OR LESS
LOWEST: 24 ON 4 3 = THUNDER
SNOW, ICE PELLETS, HAIL 4 = ICE PELLETS
TOTAL MONTH: T 5 = HAIL
GRTST 24HR T ON 2- 2 6 = FREEZING RAIN OR DRIZZLE
GRTST DEPTH: 0 7 = DUSTSTORM OR SANDSTORM:
VSBY 1/2 MILE OR LESS
8 = SMOKE OR HAZE
[NO. OF DAYS WITH] [WEATHER - DAYS WITH] 9 = BLOWING SNOW
X = TORNADO
MAX 32 OR BELOW: 0 0.01 INCH OR MORE: 14
MAX 90 OR ABOVE: 0 0.10 INCH OR MORE: 12
MIN 32 OR BELOW: 7 0.50 INCH OR MORE: 5
MIN 0 OR BELOW: 0 1.00 INCH OR MORE: 1
[HDD (BASE 65) ]
TOTAL THIS MO. 595 CLEAR (SCALE 0-3) 9
DPTR FM NORMAL 10 PTCLDY (SCALE 4-7) 10
TOTAL FM JUL 1 2185 CLOUDY (SCALE 8-10) 9
DPTR FM NORMAL -286
[CDD (BASE 65) ]
TOTAL THIS MO. 0
DPTR FM NORMAL -1 [PRESSURE DATA]
TOTAL FM JAN 1 0 HIGHEST SLP 30.64 ON 21
DPTR FM NORMAL -1 LOWEST SLP 29.54 ON 2
[REMARKS]
#FINAL-02-21#