000
CXUS54 KEWX 011010
CF6ECU
PRELIMINARY LOCAL CLIMATOLOGICAL DATA (WS FORM: F-6)
STATION: EDWARDS COUNTY AIRPORT
MONTH: OCTOBER
YEAR: 2022
LATITUDE: 29 57 N
LONGITUDE: 100 10 W
TEMPERATURE IN F: :PCPN: SNOW: WIND :SUNSHINE: SKY :PK WND
================================================================================
1 2 3 4 5 6A 6B 7 8 9 10 11 12 13 14 15 16 17 18
12Z AVG MX 2MIN
DY MAX MIN AVG DEP HDD CDD WTR SNW DPTH SPD SPD DIR MIN PSBL S-S WX SPD DR
================================================================================
1 84 61 73 M 0 8 0.00 M M 7.1 12 140 M M 3 16 180
2 81 57 69 M 0 4 0.00 M M 6.5 12 140 M M 2 16 180
3 79 57 68 M 0 3 0.00 M M 6.0 10 160 M M 0 16 150
4 81 61 71 M 0 6 0.00 M M 6.3 13 140 M M 0 17 210
5 81 57 69 M 0 4 0.00 M M 5.8 15 160 M M 0 18 170
6 82 61 72 M 0 7 0.00 M M 3.5 8 160 M M 3 15 110
7 82 64 73 M 0 8 0.00 M M 5.1 13 140 M M 3 20 140
8 81 61 71 M 0 6 0.00 M M 5.3 10 90 M M 6 14 120
9 81 59 70 M 0 5 0.00 M M 8.2 14 160 M M 5 21 160
10 81 61 71 M 0 6 0.00 M M 11.7 17 160 M M 6 25 160
11 81 63 72 M 0 7 0.00 M M 11.9 16 170 M M 7 25 150
12 88 64 76 M 0 11 0.00 M M 6.9 13 310 M M 3 1 17 220
13 86 61 74 M 0 9 0.00 M M 7.0 12 M M M 0 16 60
14 82 59 71 M 0 6 0.00 M M 8.9 14 160 M M 4 22 180
15 86 68 77 M 0 12 0.00 M M 13.5 17 170 M M 3 25 150
16 82 64 73 M 0 8 0.02 M M 9.5 18 160 M M 6 22 150
17 64 55 60 M 5 0 0.93 M M 11.2 15 40 M M 9 24 40
18 64 52 58 M 7 0 0.00 M M 7.5 13 40 M M 6 20 30
19 72 48 60 M 5 0 0.00 M M 4.0 9 250 M M 3 15 99
20 79 52 66 M 0 1 0.00 0.0 M 6.6 10 290 M M 0 15 220
21 79 54 67 M 0 2 0.00 0.0 M 8.7 13 180 M M 0 20 180
22 79 57 68 M 0 3 0.00 M M 12.5 15 160 M M 2 22 150
23 77 63 70 M 0 5 0.00 M M 15.8 21 150 M M 6 31 150
24 84 61 73 M 0 8 0.00 M M 16.3 29 300 M M 7 38 300
25 72 45 59 M 6 0 0.00 0.0 M 11.5 35 320 M M 0 51 320
26 73 48 61 M 4 0 0.00 M M 8.7 16 M M M 0 23 M
27 70 54 62 M 3 0 0.00 M M 13.2 17 150 M M 8 24 150
28 64 52 58 M 7 0 0.04 M M 16.3 24 320 M M 5 1 33 320
29 66 46 56 M 9 0 0.00 M M 10.8 18 330 M M 3 28 330
30 73 50 62 M 3 0 0.00 M M 2.2 7 350 M M 0 M M
31 72 54 63 M 2 0 0.26 M M 6.6 12 150 M M 4 16 140
================================================================================
SM 2406 1769 51 129 1.25 0.0 275.2 M 104
================================================================================
AV 77.6 57.1 8.9 FASTST M M 3 MAX(MPH)
MISC ----> 35 320 51 320
================================================================================
NOTES:
# LAST OF SEVERAL OCCURRENCES
COLUMN 17 PEAK WIND IN M.P.H.
PRELIMINARY LOCAL CLIMATOLOGICAL DATA (WS FORM: F-6) , PAGE 2
STATION: EDWARDS COUNTY AIRPORT
MONTH: OCTOBER
YEAR: 2022
LATITUDE: 29 57 N
LONGITUDE: 100 10 W
[TEMPERATURE DATA] [PRECIPITATION DATA] SYMBOLS USED IN COLUMN 16
AVERAGE MONTHLY: 67.3 TOTAL FOR MONTH: 1.25 1 = FOG OR MIST
DPTR FM NORMAL: 0.0 DPTR FM NORMAL: M 2 = FOG REDUCING VISIBILITY
HIGHEST: 88 ON 12 GRTST 24HR 0.93 ON 17-17 TO 1/4 MILE OR LESS
LOWEST: 45 ON 25 3 = THUNDER
SNOW, ICE PELLETS, HAIL 4 = ICE PELLETS
TOTAL MONTH: 0.0 INCH 5 = HAIL
GRTST 24HR 0.0 6 = FREEZING RAIN OR DRIZZLE
GRTST DEPTH: M ON M 7 = DUSTSTORM OR SANDSTORM:
VSBY 1/2 MILE OR LESS
8 = SMOKE OR HAZE
[NO. OF DAYS WITH] [WEATHER - DAYS WITH] 9 = BLOWING SNOW
X = TORNADO
MAX 32 OR BELOW: 0 0.01 INCH OR MORE: 4
MAX 90 OR ABOVE: 0 0.10 INCH OR MORE: 2
MIN 32 OR BELOW: 0 0.50 INCH OR MORE: 1
MIN 0 OR BELOW: 0 1.00 INCH OR MORE: 0
[HDD (BASE 65) ]
TOTAL THIS MO. 51 CLEAR (SCALE 0-3) 16
DPTR FM NORMAL M PTCLDY (SCALE 4-7) 14
TOTAL FM JUL 1 51 CLOUDY (SCALE 8-10) 1
DPTR FM NORMAL M
[CDD (BASE 65) ]
TOTAL THIS MO. 129
DPTR FM NORMAL M [PRESSURE DATA]
TOTAL FM JAN 1 2548 HIGHEST SLP M ON M
DPTR FM NORMAL M LOWEST SLP M ON M
[REMARKS]
#FINAL-10-22#