000
CXUS55 KVEF 011010
CF6EED
PRELIMINARY LOCAL CLIMATOLOGICAL DATA (WS FORM: F-6)
STATION: NEEDLES CA
MONTH: JANUARY
YEAR: 2023
LATITUDE: 34 46 N
LONGITUDE: 114 37 W
TEMPERATURE IN F: :PCPN: SNOW: WIND :SUNSHINE: SKY :PK WND
================================================================================
1 2 3 4 5 6A 6B 7 8 9 10 11 12 13 14 15 16 17 18
12Z AVG MX 2MIN
DY MAX MIN AVG DEP HDD CDD WTR SNW DPTH SPD SPD DIR MIN PSBL S-S WX SPD DR
================================================================================
1 63 53 58 4 7 0 0.27 M M 11.7 23 260 M M 9 13 28 280
2 60 46 53 -2 12 0 0.00 M M 7.3 17 280 M M 3 22 280
3 63 47 55 0 10 0 T M M 3.8 13 140 M M 5 16 130
4 64 50 57 2 8 0 0.00 M M 3.6 8 230 M M 7 10 310
5 67 48 58 3 7 0 0.00 M M 9.4 28 200 M M 5 37 190
6 64 45 55 0 10 0 0.00 M M 5.5 15 280 M M 0 19 270
7 62 45 54 -1 11 0 0.00 M M 6.0 12 290 M M 0 16 310
8 65 42 54 -1 11 0 0.00 M M 3.1 9 270 M M 0 10 10
9 65 46 56 1 9 0 0.00 M M 5.1 14 170 M M 1 19 160
10 72 50 61 5 4 0 0.04 M M 10.5 29 180 M M 2 39 180
11 60 44 52 -4 13 0 0.00 M M 4.8 15 280 M M 0 21 290
12 64 46 55 -1 10 0 0.00 M M 9.0 16 360 M M 0 21 360
13 65 45 55 -1 10 0 0.00 M M 3.9 8 230 M M 0 M M
14 58 46 52 -4 13 0 0.24 M M 3.2 18 240 M M 5 1 20 240
15 60 48 54 -2 11 0 0.30 M M 6.1 16 200 M M 7 1 20 210
16 63 51 57 1 8 0 T M M 12.2 28 180 M M 7 38 180
17 60 44 52 -4 13 0 0.00 M M 11.6 22 270 M M 7 28 260
18 59 42 51 -5 14 0 0.00 M M 6.9 14 20 M M 1 19 260
19 60 35 48 -9 17 0 T M M 5.9 28 360 M M 3 35 360
20 58 37 48 -9 17 0 0.00 M M 8.0 18 20 M M 0 23 30
21 58 40 49 -8 16 0 0.00 M M 11.4 26 10 M M 0 34 10
22 57 34 46 -11 19 0 0.00 M M 9.4 29 360 M M 1 38 360
23 57 42 50 -7 15 0 0.00 M M 19.6 38 20 M M 2 48 20
24 62 41 52 -5 13 0 0.00 M M 12.3 26 10 M M 0 35 10
25 63 38 51 -6 14 0 0.00 M M 13.3 28 360 M M 0 36 360
26 61 45 53 -4 12 0 0.00 M M 17.1 32 360 M M 0 40 360
27 64 39 52 -5 13 0 0.00 M M 4.8 13 230 M M 0 16 360
28 64 38 51 -7 14 0 0.00 M M 3.5 10 230 M M 0 11 230
29 63 39 51 -7 14 0 0.00 M M 9.6 23 200 M M 2 35 210
30 61 44 53 -5 12 0 0.00 M M 11.4 28 10 M M 1 36 10
31 54 39 47 -11 18 0 0.00 M M 23.5 39 360 M M 1 8 49 360
================================================================================
SM 1916 1349 375 0 0.85 M 273.5 M 69
================================================================================
AV 61.8 43.5 8.8 FASTST M M 2 MAX(MPH)
MISC ----> 39 360 49 360
================================================================================
NOTES:
# LAST OF SEVERAL OCCURRENCES
COLUMN 17 PEAK WIND IN M.P.H.
PRELIMINARY LOCAL CLIMATOLOGICAL DATA (WS FORM: F-6) , PAGE 2
STATION: NEEDLES CA
MONTH: JANUARY
YEAR: 2023
LATITUDE: 34 46 N
LONGITUDE: 114 37 W
[TEMPERATURE DATA] [PRECIPITATION DATA] SYMBOLS USED IN COLUMN 16
AVERAGE MONTHLY: 52.7 TOTAL FOR MONTH: 0.85 1 = FOG OR MIST
DPTR FM NORMAL: -3.5 DPTR FM NORMAL: 0.12 2 = FOG REDUCING VISIBILITY
HIGHEST: 72 ON 10 GRTST 24HR 3.23 ON 9-10 TO 1/4 MILE OR LESS
LOWEST: 34 ON 22 3 = THUNDER
SNOW, ICE PELLETS, HAIL 4 = ICE PELLETS
TOTAL MONTH: M 5 = HAIL
GRTST 24HR M ON M 6 = FREEZING RAIN OR DRIZZLE
GRTST DEPTH: M ON M 7 = DUSTSTORM OR SANDSTORM:
VSBY 1/2 MILE OR LESS
8 = SMOKE OR HAZE
[NO. OF DAYS WITH] [WEATHER - DAYS WITH] 9 = BLOWING SNOW
X = TORNADO
MAX 32 OR BELOW: 0 0.01 INCH OR MORE: 4
MAX 90 OR ABOVE: 0 0.10 INCH OR MORE: 3
MIN 32 OR BELOW: 0 0.50 INCH OR MORE: 0
MIN 0 OR BELOW: 0 1.00 INCH OR MORE: 0
[HDD (BASE 65) ]
TOTAL THIS MO. 375 CLEAR (SCALE 0-3) 22
DPTR FM NORMAL 100 PTCLDY (SCALE 4-7) 8
TOTAL FM JUL 1 921 CLOUDY (SCALE 8-10) 1
DPTR FM NORMAL 217
[CDD (BASE 65) ]
TOTAL THIS MO. 0
DPTR FM NORMAL -2 [PRESSURE DATA]
TOTAL FM JAN 1 0 HIGHEST SLP 30.48 ON 26
DPTR FM NORMAL -2 LOWEST SLP 29.52 ON 1
[REMARKS]
#FINAL-01-23#