000
CXUS55 KVEF 010910
CF6EED
PRELIMINARY LOCAL CLIMATOLOGICAL DATA (WS FORM: F-6)
STATION: NEEDLES CA
MONTH: SEPTEMBER
YEAR: 2020
LATITUDE: 34 46 N
LONGITUDE: 114 37 W
TEMPERATURE IN F: :PCPN: SNOW: WIND :SUNSHINE: SKY :PK WND
================================================================================
1 2 3 4 5 6A 6B 7 8 9 10 11 12 13 14 15 16 17 18
12Z AVG MX 2MIN
DY MAX MIN AVG DEP HDD CDD WTR SNW DPTH SPD SPD DIR MIN PSBL S-S WX SPD DR
================================================================================
1 107 86 97 5 0 32 0.00 M M 6.6 16 230 M M 0 19 230
2 109 78 94 2 0 29 0.00 M M 4.5 13 220 M M 0 14 240
3 114 83 99 7 0 34 0.00 M M 3.8 15 240 M M 0 17 230
4 117 83 100 8 0 35 0.00 M M 5.7 14 240 M M 1 15 240
5 119 87 103 12 0 38 0.00 M M 3.9 15 240 M M 2 16 240
6 120 86 103 12 0 38 0.00 M M 4.9 15 270 M M 1 19 280
7 117 86 102 11 0 37 0.00 M M 5.3 13 270 M M 2 8 17 10
8 98 73 86 -4 0 21 0.00 M M 16.5 45 360 M M 4 8 54 10
9 87 69 78 -12 0 13 0.00 M M 21.5 36 360 M M 0 44 360
10 93 69 81 -9 0 16 0.00 M M 10.2 20 20 M M 0 25 10
11 98 66 82 -7 0 17 0.00 M M 4.4 13 10 M M 0 15 20
12 100 66 83 -6 0 18 0.00 M M 4.4 16 230 M M 0 19 230
13 106 69 88 -1 0 23 0.00 M M 4.5 13 230 M M 0 16 160
14 108 76 92 4 0 27 0.00 M M 5.2 13 230 M M 0 15 230
15 109 79 94 6 0 29 0.00 M M 5.1 14 250 M M 0 15 260
16 112 77 95 7 0 30 0.00 M M 4.7 15 250 M M 0 19 250
17 110 77 94 7 0 29 0.00 M M 5.1 16 150 M M 0 19 190
18 111 76 94 7 0 29 0.00 M M 7.3 18 160 M M 0 27 150
19 108 79 94 8 0 29 0.00 M M 8.5 23 180 M M 0 36 250
20 108 78 93 7 0 28 0.00 M M 8.1 21 180 M M 0 27 150
21 106 79 93 7 0 28 0.00 M M 6.7 20 190 M M 0 26 180
22 106 80 93 8 0 28 0.00 M M 6.1 18 190 M M 0 23 220
23 106 76 91 6 0 26 0.00 M M 5.1 16 230 M M 0 18 240
24 108 76 92 8 0 27 0.00 M M 5.9 17 180 M M 0 23 180
25 106 73 90 6 0 25 0.00 M M 7.0 18 240 M M 0 24 240
26 103 73 88 5 0 23 0.00 M M 5.8 14 240 M M 0 24 80
27 104 72 88 5 0 23 0.00 M M 5.7 16 330 M M 0 20 350
28 99 78 89 7 0 24 0.00 M M 16.4 30 10 M M 0 37 350
29 101 77 89 7 0 24 0.00 M M 8.4 18 360 M M 0 23 340
30 107 70 89 7 0 24 0.00 M 0 6.4 16 20 M M 0 20 360
================================================================================
SM 3197 2297 0 804 0.00 M 213.7 M 10
================================================================================
AV106.6 76.6 7.1 FASTST M M 0 MAX(MPH)
MISC ----> 45 360 54 10
================================================================================
NOTES:
# LAST OF SEVERAL OCCURRENCES
COLUMN 17 PEAK WIND IN M.P.H.
PRELIMINARY LOCAL CLIMATOLOGICAL DATA (WS FORM: F-6) , PAGE 2
STATION: NEEDLES CA
MONTH: SEPTEMBER
YEAR: 2020
LATITUDE: 34 46 N
LONGITUDE: 114 37 W
[TEMPERATURE DATA] [PRECIPITATION DATA] SYMBOLS USED IN COLUMN 16
AVERAGE MONTHLY: 91.6 TOTAL FOR MONTH: 0.00 1 = FOG OR MIST
DPTR FM NORMAL: 4.2 DPTR FM NORMAL: -0.43 2 = FOG REDUCING VISIBILITY
HIGHEST: 120 ON 6 GRTST 24HR 0.00 ON 1- 1 TO 1/4 MILE OR LESS
LOWEST: 66 ON 12,11 3 = THUNDER
SNOW, ICE PELLETS, HAIL 4 = ICE PELLETS
TOTAL MONTH: M 5 = HAIL
GRTST 24HR M ON M 6 = FREEZING RAIN OR DRIZZLE
GRTST DEPTH: 0 7 = DUSTSTORM OR SANDSTORM:
VSBY 1/2 MILE OR LESS
8 = SMOKE OR HAZE
[NO. OF DAYS WITH] [WEATHER - DAYS WITH] 9 = BLOWING SNOW
X = TORNADO
MAX 32 OR BELOW: 0 0.01 INCH OR MORE: 0
MAX 90 OR ABOVE: 29 0.10 INCH OR MORE: 0
MIN 32 OR BELOW: 0 0.50 INCH OR MORE: 0
MIN 0 OR BELOW: 0 1.00 INCH OR MORE: 0
[HDD (BASE 65) ]
TOTAL THIS MO. 0 CLEAR (SCALE 0-3) 29
DPTR FM NORMAL 0 PTCLDY (SCALE 4-7) 1
TOTAL FM JUL 1 0 CLOUDY (SCALE 8-10) 0
DPTR FM NORMAL 0
[CDD (BASE 65) ]
TOTAL THIS MO. 804
DPTR FM NORMAL 130 [PRESSURE DATA]
TOTAL FM JAN 1 4700 HIGHEST SLP M ON M
DPTR FM NORMAL 523 LOWEST SLP 29.34 ON 8
[REMARKS]
#FINAL-09-20#