000
CXUS55 KGJT 010910
CF6EEO
PRELIMINARY LOCAL CLIMATOLOGICAL DATA (WS FORM: F-6)
STATION: MEEKER CO
MONTH: AUGUST
YEAR: 2021
LATITUDE: 40 2 N
LONGITUDE: 107 53 W
TEMPERATURE IN F: :PCPN: SNOW: WIND :SUNSHINE: SKY :PK WND
================================================================================
1 2 3 4 5 6A 6B 7 8 9 10 11 12 13 14 15 16 17 18
12Z AVG MX 2MIN
DY MAX MIN AVG DEP HDD CDD WTR SNW DPTH SPD SPD DIR MIN PSBL S-S WX SPD DR
================================================================================
1 81 54 68 -1 0 3 T M M 5.6 22 220 M M 4 3 30 220
2 75 55 65 -4 0 0 T M M 3.7 23 260 M M 6 3 29 250
3 77 55 66 -3 0 1 0.09 M M 5.2 16 100 M M 5 1 22 100
4 83 50 67 -2 0 2 0.00 M M 5.8 17 350 M M 0 26 60
5 89 47 68 -1 0 3 0.00 M M 5.0 18 240 M M 0 24 240
6 90 50 70 1 0 5 0.01 M M 13.2 41 240 M M 2 38 57 230
7 77 46 62 -6 3 0 0.00 M M 4.9 13 100 M M 2 8 17 10
8 87 44 66 -2 0 1 0.00 M M 5.4 21 260 M M 0 8 30 240
9 89 48 69 1 0 4 0.00 M M 6.0 21 240 M M 0 8 27 230
10 89 47 68 0 0 3 0.00 M M 6.5 22 250 M M 0 8 33 310
11 89 43 66 -2 0 1 0.00 M M 5.2 17 290 M M 0 26 290
12 91 43 67 -1 0 2 0.00 M M 4.4 16 20 M M 0 23 330
13 93 48 71 3 0 6 0.00 M M 4.7 17 350 M M 0 23 350
14 93 52 73 6 0 8 0.00 M M 5.4 24 260 M M 0 34 250
15 90 53 72 5 0 7 0.00 M M 6.9 24 330 M M 0 33 330
16 87 48 68 1 0 3 0.00 M M 4.7 13 240 M M 0 16 230
17 89 49 69 2 0 4 T M M 5.3 18 290 M M 2 26 280
18 82 56 69 2 0 4 0.10 M M 7.5 26 220 M M 5 37 210
19 62 48 55 -11 10 0 0.33 M M 8.4 37 260 M M 9 138 47 270
20 69 43 56 -10 9 0 0.00 M M 6.7 15 260 M M 4 21 150
21 78 39 59 -7 6 0 T M M 7.2 24 220 M M 2 37 210
22 82 45 64 -2 1 0 0.00 M M 6.5 24 30 M M 1 31 20
23 84 44 64 -2 1 0 T M M 8.6 26 230 M M 1 38 210
24 84 41 63 -2 2 0 0.00 M M 6.8 22 230 M M 0 31 220
25 86 41 64 -1 1 0 0.00 M M 7.3 25 270 M M 0 36 260
26 81 52 67 2 0 2 0.48 M M 9.0 36 320 M M 5 3 47 320
27 85 46 66 1 0 1 0.00 M M 6.0 28 220 M M 0 40 220
28 87 44 66 2 0 1 0.00 M M 6.6 18 270 M M 0 8 24 330
29 87 40 64 0 1 0 0.00 M M 5.2 17 270 M M 0 8 24 250
30 87 43 65 1 0 0 0.00 M M 5.4 20 290 M M 0 28 270
31 85 44 65 1 0 0 0.00 M M 4.4 16 290 M M 1 23 290
================================================================================
SM 2608 1458 34 61 1.01 M 193.5 M 49
================================================================================
AV 84.1 47.0 6.2 FASTST M M 2 MAX(MPH)
MISC ----> 41 240 57 230
================================================================================
NOTES:
# LAST OF SEVERAL OCCURRENCES
COLUMN 17 PEAK WIND IN M.P.H.
PRELIMINARY LOCAL CLIMATOLOGICAL DATA (WS FORM: F-6) , PAGE 2
STATION: MEEKER CO
MONTH: AUGUST
YEAR: 2021
LATITUDE: 40 2 N
LONGITUDE: 107 53 W
[TEMPERATURE DATA] [PRECIPITATION DATA] SYMBOLS USED IN COLUMN 16
AVERAGE MONTHLY: 65.6 TOTAL FOR MONTH: 1.01 1 = FOG OR MIST
DPTR FM NORMAL: -1.2 DPTR FM NORMAL: -0.32 2 = FOG REDUCING VISIBILITY
HIGHEST: 93 ON 14,13 GRTST 24HR 0.48 ON 26-26 TO 1/4 MILE OR LESS
LOWEST: 39 ON 21 3 = THUNDER
SNOW, ICE PELLETS, HAIL 4 = ICE PELLETS
TOTAL MONTH: M 5 = HAIL
GRTST 24HR M ON M 6 = FREEZING RAIN OR DRIZZLE
GRTST DEPTH: M ON M 7 = DUSTSTORM OR SANDSTORM:
VSBY 1/2 MILE OR LESS
8 = SMOKE OR HAZE
[NO. OF DAYS WITH] [WEATHER - DAYS WITH] 9 = BLOWING SNOW
X = TORNADO
MAX 32 OR BELOW: 0 0.01 INCH OR MORE: 5
MAX 90 OR ABOVE: 5 0.10 INCH OR MORE: 3
MIN 32 OR BELOW: 0 0.50 INCH OR MORE: 0
MIN 0 OR BELOW: 0 1.00 INCH OR MORE: 0
[HDD (BASE 65) ]
TOTAL THIS MO. 34 CLEAR (SCALE 0-3) 24
DPTR FM NORMAL 9 PTCLDY (SCALE 4-7) 6
TOTAL FM JUL 1 36 CLOUDY (SCALE 8-10) 1
DPTR FM NORMAL 5
[CDD (BASE 65) ]
TOTAL THIS MO. 61
DPTR FM NORMAL -21 [PRESSURE DATA]
TOTAL FM JAN 1 316 HIGHEST SLP M ON M
DPTR FM NORMAL 81 LOWEST SLP 29.63 ON 17
[REMARKS]
#FINAL-08-21#