000
CXUS56 KLKN 071138
CF6EKO
PRELIMINARY LOCAL CLIMATOLOGICAL DATA (WS FORM: F-6)
STATION: ELKO AIRPORT NV
MONTH: JUNE
YEAR: 2021
LATITUDE: 40 49 N
LONGITUDE: 115 47 W
TEMPERATURE IN F: :PCPN: SNOW: WIND :SUNSHINE: SKY :PK WND
================================================================================
1 2 3 4 5 6A 6B 7 8 9 10 11 12 13 14 15 16 17 18
12Z AVG MX 2MIN
DY MAX MIN AVG DEP HDD CDD WTR SNW DPTH SPD SPD DIR MIN PSBL S-S WX SPD DR
================================================================================
1 89 46 68 9 0 3 0.00 0.0 0 4.9 17 270 M M 0 26 270
2 94 48 71 12 0 6 0.00 0.0 0 4.3 15 320 M M 0 19 210
3 97 53 75 16 0 10 0.00 0.0 0 4.4 20 260 M M 0 26 240
4 95 55 75 15 0 10 T 0.0 0 7.0 32 250 M M 1 3 43 250
5 91 49 70 10 0 5 0.00 0.0 0 10.6 32 240 M M 0 43 250
6 91 44 68 8 0 3 0.00 0.0 0 10.0 33 250 M M 0 43 280
7 86 45 66 6 0 1 0.00 0.0 0 6.3 23 250 M M 0 31 260
8 84 50 67 6 0 2 0.00 0.0 0 8.4 18 270 M M 0 25 250
9 86 46 66 5 0 1 0.00 0.0 0 14.6 32 180 M M 0 48 170
10 63 39 51 -10 14 0 T 0.0 0 12.7 31 270 M M 5 38 270
11 81 34 58 -4 7 0 0.00 0.0 0 4.6 17 270 M M 0 26 240
12 89 42 66 4 0 1 0.00 0.0 0 4.8 17 250 M M 0 21 260
13 96 47 72 10 0 7 0.00 0.0 0 8.0 24 210 M M 0 35 170
14 99 51 75 13 0 10 0.00 0.0 0 7.0 23 170 M M 0 35 220
15 93 54 74 11 0 9 0.00 0.0 0 8.9 28 270 M M 0 36 260
16 94 48 71 8 0 6 0.00 0.0 0 5.8 23 270 M M 0 28 220
17 97 48 73 9 0 8 0.00 0.0 0 4.0 18 250 M M 0 24 260
18 98 57 78 14 0 13 0.00 0.0 0 7.7 29 180 M M 0 39 190
19 98 59 79 15 0 14 0.00 0.0 0 6.0 22 290 M M 0 27 280
20 97 53 75 10 0 10 0.00 0.0 0 7.4 26 260 M M 0 36 300
21 98 52 75 10 0 10 0.00 0.0 0 5.1 21 350 M M 0 29 280
22 95 59 77 12 0 12 0.00 0.0 0 7.8 26 240 M M 0 33 240
23 94 52 73 7 0 8 0.00 0.0 0 8.3 35 270 M M 1 3 45 270
24 84 52 68 2 0 3 T 0.0 0 6.8 29 190 M M 3 38 38 190
25 89 45 67 1 0 2 0.00 0.0 0 6.8 20 300 M M 2 34 270
26 92 54 73 6 0 8 0.00 0.0 0 7.7 20 40 M M 1 25 30
27 94 53 74 7 0 9 0.00 0.0 0 10.0 20 50 M M 0 28 60
28 96 55 76 8 0 11 0.00 0.0 0 9.5 21 60 M M 0 30 60
29 97 58 78 10 0 13 T 0.0 0 7.8 33 30 M M 1 8 40 30
30 95 64 80 12 0 15 0.00 0.0 0 7.5 31 280 M M 0 38 38 290
================================================================================
SM 2752 1512 21 210 T 0.0 224.7 M 14
================================================================================
AV 91.7 50.4 7.5 FASTST M M 0 MAX(MPH)
MISC ----> 35 270 48 170
================================================================================
NOTES:
# LAST OF SEVERAL OCCURRENCES
COLUMN 17 PEAK WIND IN M.P.H.
PRELIMINARY LOCAL CLIMATOLOGICAL DATA (WS FORM: F-6) , PAGE 2
STATION: ELKO AIRPORT NV
MONTH: JUNE
YEAR: 2021
LATITUDE: 40 49 N
LONGITUDE: 115 47 W
[TEMPERATURE DATA] [PRECIPITATION DATA] SYMBOLS USED IN COLUMN 16
AVERAGE MONTHLY: 71.1 TOTAL FOR MONTH: T 1 = FOG OR MIST
DPTR FM NORMAL: 7.9 DPTR FM NORMAL: -0.57 2 = FOG REDUCING VISIBILITY
HIGHEST: 99 ON 14 GRTST 24HR T ON 4- 4 TO 1/4 MILE OR LESS
LOWEST: 34 ON 11 3 = THUNDER
SNOW, ICE PELLETS, HAIL 4 = ICE PELLETS
TOTAL MONTH: 0.0 INCH 5 = HAIL
GRTST 24HR 0.0 6 = FREEZING RAIN OR DRIZZLE
GRTST DEPTH: 0 7 = DUSTSTORM OR SANDSTORM:
VSBY 1/2 MILE OR LESS
8 = SMOKE OR HAZE
[NO. OF DAYS WITH] [WEATHER - DAYS WITH] 9 = BLOWING SNOW
X = TORNADO
MAX 32 OR BELOW: 0 0.01 INCH OR MORE: 0
MAX 90 OR ABOVE: 21 0.10 INCH OR MORE: 0
MIN 32 OR BELOW: 0 0.50 INCH OR MORE: 0
MIN 0 OR BELOW: 0 1.00 INCH OR MORE: 0
[HDD (BASE 65) ]
TOTAL THIS MO. 21 CLEAR (SCALE 0-3) 28
DPTR FM NORMAL -96 PTCLDY (SCALE 4-7) 2
TOTAL FM JUL 1 6371 CLOUDY (SCALE 8-10) 0
DPTR FM NORMAL -375
[CDD (BASE 65) ]
TOTAL THIS MO. 210
DPTR FM NORMAL 147 [PRESSURE DATA]
TOTAL FM JAN 1 210 HIGHEST SLP 30.16 ON 10
DPTR FM NORMAL 141 LOWEST SLP 29.51 ON 7
[REMARKS]
#FINAL-06-21#