252
CXUS54 KEPZ 011030
CF6ELP
PRELIMINARY LOCAL CLIMATOLOGICAL DATA (WS FORM: F-6)
STATION: EL PASO
MONTH: SEPTEMBER
YEAR: 2020
LATITUDE: 31 47 N
LONGITUDE: 106 24 W
TEMPERATURE IN F: :PCPN: SNOW: WIND :SUNSHINE: SKY :PK WND
================================================================================
1 2 3 4 5 6A 6B 7 8 9 10 11 12 13 14 15 16 17 18
12Z AVG MX 2MIN
DY MAX MIN AVG DEP HDD CDD WTR SNW DPTH SPD SPD DIR MIN PSBL S-S WX SPD DR
================================================================================
1 95 74 85 6 0 20 0.00 0.0 0 14.8 31 340 M M 5 41 360
2 96 67 82 3 0 17 0.00 0.0 0 5.5 14 10 M M 2 19 20
3 101 67 84 5 0 19 0.00 0.0 0 4.1 13 120 M M 1 18 120
4 99 76 88 9 0 23 0.00 0.0 0 10.3 21 110 M M 1 29 110
5 94 73 84 6 0 19 0.00 0.0 0 11.2 22 100 M M 1 30 90
6 93 71 82 4 0 17 0.00 0.0 0 4.3 13 180 M M 1 18 200
7 100 71 86 8 0 21 0.00 0.0 0 7.6 16 230 M M 1 20 240
8 100 60 80 2 0 15 0.32 0.0 0 13.8 31 130 M M 4 38 43 130
9 65 50 58 -20 7 0 0.01 0.0 0 12.4 23 100 M M 9 30 90
10 66 50 58 -19 7 0 0.00 0.0 0 8.9 16 100 M M 8 22 60
11 78 54 66 -11 0 1 0.00 0.0 M 6.2 13 360 M M 7 16 350
12 83 62 73 -4 0 8 0.00 0.0 0 9.1 14 20 M M 8 18 10
13 88 64 76 0 0 11 0.00 0.0 0 9.2 17 10 M M 8 21 110
14 81 66 74 -2 0 9 0.26 0.0 0 7.4 22 110 M M 9 28 110
15 84 60 72 -4 0 7 0.00 0.0 0 3.5 8 260 M M 4 12 240
16 93 63 78 2 0 13 0.00 0.0 M 4.4 21 100 M M 2 34 90
17 90 65 78 3 0 13 0.00 0.0 0 6.7 14 10 M M 1 19 10
18 85 63 74 -1 0 9 0.00 0.0 0 8.0 21 100 M M 2 26 100
19 86 61 74 0 0 9 0.00 0.0 0 5.5 17 150 M M 0 28 160
20 89 62 76 2 0 11 0.00 0.0 M 4.5 14 120 M M 1 22 110
21 90 59 75 1 0 10 0.00 0.0 0 4.2 13 180 M M 0 17 200
22 94 58 76 2 0 11 0.00 0.0 M 4.5 13 260 M M 0 17 280
23 96 60 78 5 0 13 0.00 0.0 0 6.8 25 10 M M 2 32 10
24 96 64 80 7 0 15 0.00 0.0 0 3.3 10 140 M M 1 8 14 130
25 98 64 81 9 0 16 0.00 0.0 0 5.3 14 230 M M 0 19 220
26 98 64 81 9 0 16 0.00 0.0 0 9.4 25 300 M M 0 34 290
27 98 66 82 10 0 17 0.00 0.0 0 11.3 24 80 M M 1 8 34 90
28 76 58 67 -5 0 2 0.00 0.0 0 11.5 26 90 M M 1 78 40 80
29 81 53 67 -4 0 2 0.00 0.0 0 3.0 10 70 M M 1 12 70
30 89 52 71 0 0 6 0.00 0.0 0 3.1 9 110 M M 0 12 240
================================================================================
SM 2682 1877 14 350 0.59 0.0 219.8 M 81
================================================================================
AV 89.4 62.6 7.3 FASTST M M 3 MAX(MPH)
MISC ----> # 31 340 43 130
================================================================================
NOTES:
# LAST OF SEVERAL OCCURRENCES
COLUMN 17 PEAK WIND IN M.P.H.
PRELIMINARY LOCAL CLIMATOLOGICAL DATA (WS FORM: F-6) , PAGE 2
STATION: EL PASO
MONTH: SEPTEMBER
YEAR: 2020
LATITUDE: 31 47 N
LONGITUDE: 106 24 W
[TEMPERATURE DATA] [PRECIPITATION DATA] SYMBOLS USED IN COLUMN 16
AVERAGE MONTHLY: 76.0 TOTAL FOR MONTH: 0.59 1 = FOG OR MIST
DPTR FM NORMAL: 0.6 DPTR FM NORMAL: -0.92 2 = FOG REDUCING VISIBILITY
HIGHEST: 101 ON 3 GRTST 24HR 0.32 ON 8- 8 TO 1/4 MILE OR LESS
LOWEST: 50 ON 10, 9 3 = THUNDER
SNOW, ICE PELLETS, HAIL 4 = ICE PELLETS
TOTAL MONTH: 0.0 INCH 5 = HAIL
GRTST 24HR 0.0 6 = FREEZING RAIN OR DRIZZLE
GRTST DEPTH: 0 7 = DUSTSTORM OR SANDSTORM:
VSBY 1/2 MILE OR LESS
8 = SMOKE OR HAZE
[NO. OF DAYS WITH] [WEATHER - DAYS WITH] 9 = BLOWING SNOW
X = TORNADO
MAX 32 OR BELOW: 0 0.01 INCH OR MORE: 3
MAX 90 OR ABOVE: 17 0.10 INCH OR MORE: 2
MIN 32 OR BELOW: 0 0.50 INCH OR MORE: 0
MIN 0 OR BELOW: 0 1.00 INCH OR MORE: 0
[HDD (BASE 65) ]
TOTAL THIS MO. 14 CLEAR (SCALE 0-3) 21
DPTR FM NORMAL 10 PTCLDY (SCALE 4-7) 5
TOTAL FM JUL 1 14 CLOUDY (SCALE 8-10) 4
DPTR FM NORMAL 14
[CDD (BASE 65) ]
TOTAL THIS MO. 350
DPTR FM NORMAL 33 [PRESSURE DATA]
TOTAL FM JAN 1 3083 HIGHEST SLP 30.23 ON 29
DPTR FM NORMAL 837 LOWEST SLP 29.37 ON 8
[REMARKS]
#FINAL-09-20#