000
CXUS56 KLKN 141520
CF6ELY
PRELIMINARY LOCAL CLIMATOLOGICAL DATA (WS FORM: F-6)
STATION: ELY AIRPORT NV
MONTH: OCTOBER
YEAR: 2021
LATITUDE: 39 16 N
LONGITUDE: 114 51 W
TEMPERATURE IN F: :PCPN: SNOW: WIND :SUNSHINE: SKY :PK WND
================================================================================
1 2 3 4 5 6A 6B 7 8 9 10 11 12 13 14 15 16 17 18
12Z AVG MX 2MIN
DY MAX MIN AVG DEP HDD CDD WTR SNW DPTH SPD SPD DIR MIN PSBL S-S WX SPD DR
================================================================================
1 70 22 46 -6 19 0 0.00 0.0 0 8.3 16 180 M M 0 19 180
2 75 27 51 -1 14 0 0.00 0.0 0 7.4 15 180 M M 0 8 19 180
3 76 29 53 2 12 0 0.00 0.0 0 8.7 15 210 M M 0 21 250
4 75 39 57 6 8 0 0.00 0.0 0 9.3 16 240 M M 1 23 190
5 69 38 54 4 11 0 0.00 0.0 0 11.8 23 130 M M 5 31 150
6 69 42 56 6 9 0 T 0.0 0 8.0 30 20 M M 6 46 20
7 64 37 51 1 14 0 T 0.0 0 11.5 38 190 M M 5 138 53 200
8 64 33 49 0 16 0 0.07 0.0 0 12.8 30 180 M M 9 1 44 190
9 51 25 38 -11 27 0 0.00 0.0 0 8.0 20 330 M M 5 26 320
10 62 20 41 -7 24 0 0.00 0.0 0 6.8 14 210 M M 0 18 210
11 51 27 39 -9 26 0 0.15 4.5 0 14.2 30 30 M M 6 12 38 20
12 35 23 29 -19 36 0 0.00 0.0 5 12.7 25 10 M M 9 36 360
13 47 13 30 -17 35 0 0.00 0.0 T 5.9 15 200 M M 4 19 350
14 47 18 33 -14 32 0 T T 0 6.3 20 330 M M 5 27 310
15 60 16 38 -9 27 0 0.00 0.0 0 7.5 14 170 M M 0 16 170
16 68 22 45 -1 20 0 0.00 0.0 0 10.2 21 180 M M 0 25 170
17 65 31 48 2 17 0 0.00 0.0 0 18.6 31 170 M M 0 48 190
18 49 32 41 -5 24 0 0.09 0.3 0 11.8 26 170 M M 7 1 40 170
19 57 31 44 -1 21 0 0.00 0.0 T 4.4 16 220 M M 3 21 220
20 61 31 46 1 19 0 0.00 0.0 0 8.8 18 210 M M 0 26 200
21 67 27 47 3 18 0 0.00 0.0 0 9.8 18 270 M M 0 23 260
22 65 33 49 5 16 0 0.00 0.0 0 15.6 30 170 M M 0 45 180
23 53 31 42 -2 23 0 0.01 0.0 0 7.3 16 320 M M 7 20 220
24 60 37 49 5 16 0 0.01 0.0 0 22.2 38 160 M M 7 55 140
25 56 32 44 1 21 0 1.05 2.0 0 18.6 40 180 M M 8 12 56 180
26 41 29 35 -8 30 0 T T 1 6.1 15 300 M M 6 27 280
27 54 29 42 0 23 0 0.00 0.0 0 6.8 20 320 M M 4 25 310
28 61 30 46 4 19 0 0.00 0.0 0 6.9 14 170 M M 0 18 40
29 66 30 48 6 17 0 0.00 0.0 0 8.2 14 180 M M 0 20 250
30 66 34 50 9 15 0 0.00 0.0 0 8.8 17 260 M M 0 22 230
31 63 41 52 11 13 0 0.00 0.0 0 8.8 17 230 M M 0 24 200
================================================================================
SM 1867 909 622 0 1.38 6.8 312.1 M 97
================================================================================
AV 60.2 29.3 10.1 FASTST M M 3 MAX(MPH)
MISC ----> 40 180 56 180
================================================================================
NOTES:
# LAST OF SEVERAL OCCURRENCES
COLUMN 17 PEAK WIND IN M.P.H.
PRELIMINARY LOCAL CLIMATOLOGICAL DATA (WS FORM: F-6) , PAGE 2
STATION: ELY AIRPORT NV
MONTH: OCTOBER
YEAR: 2021
LATITUDE: 39 16 N
LONGITUDE: 114 51 W
[TEMPERATURE DATA] [PRECIPITATION DATA] SYMBOLS USED IN COLUMN 16
AVERAGE MONTHLY: 44.8 TOTAL FOR MONTH: 1.38 1 = FOG OR MIST
DPTR FM NORMAL: -1.6 DPTR FM NORMAL: 0.58 2 = FOG REDUCING VISIBILITY
HIGHEST: 76 ON 3 GRTST 24HR 1.05 ON 25-25 TO 1/4 MILE OR LESS
LOWEST: 13 ON 13 3 = THUNDER
SNOW, ICE PELLETS, HAIL 4 = ICE PELLETS
TOTAL MONTH: 6.8 INCHES 5 = HAIL
GRTST 24HR 4.5 ON 11-11 6 = FREEZING RAIN OR DRIZZLE
GRTST DEPTH: 5 ON 12 7 = DUSTSTORM OR SANDSTORM:
VSBY 1/2 MILE OR LESS
8 = SMOKE OR HAZE
[NO. OF DAYS WITH] [WEATHER - DAYS WITH] 9 = BLOWING SNOW
X = TORNADO
MAX 32 OR BELOW: 0 0.01 INCH OR MORE: 6
MAX 90 OR ABOVE: 0 0.10 INCH OR MORE: 2
MIN 32 OR BELOW: 22 0.50 INCH OR MORE: 1
MIN 0 OR BELOW: 0 1.00 INCH OR MORE: 1
[HDD (BASE 65) ]
TOTAL THIS MO. 622 CLEAR (SCALE 0-3) 15
DPTR FM NORMAL 45 PTCLDY (SCALE 4-7) 14
TOTAL FM JUL 1 824 CLOUDY (SCALE 8-10) 2
DPTR FM NORMAL -4
[CDD (BASE 65) ]
TOTAL THIS MO. 0
DPTR FM NORMAL 0 [PRESSURE DATA]
TOTAL FM JAN 1 464 HIGHEST SLP 30.52 ON 15
DPTR FM NORMAL 164 LOWEST SLP 29.45 ON 25
[REMARKS]
#FINAL-10-21#