000
CXUS53 KMKX 010810
CF6ENW
PRELIMINARY LOCAL CLIMATOLOGICAL DATA (WS FORM: F-6)
STATION: KENOSHA WI
MONTH: MAY
YEAR: 2022
LATITUDE: 42 35 N
LONGITUDE: 87 56 W
TEMPERATURE IN F: :PCPN: SNOW: WIND :SUNSHINE: SKY :PK WND
================================================================================
1 2 3 4 5 6A 6B 7 8 9 10 11 12 13 14 15 16 17 18
12Z AVG MX 2MIN
DY MAX MIN AVG DEP HDD CDD WTR SNW DPTH SPD SPD DIR MIN PSBL S-S WX SPD DR
================================================================================
1 57 49 53 0 12 0 T M M 13.8 26 250 M M 10 36 250
2 55 45 50 -3 15 0 0.00 M M 8.0 16 280 M M 8 22 280
3 48 41 45 -9 20 0 0.78 M M 15.9 25 10 M M 9 18 37 10
4 55 37 46 -8 19 0 0.00 M M 8.3 16 20 M M 0 22 20
5 55 37 46 -8 19 0 0.00 M M 5.5 15 70 M M 4 19 80
6 54 45 50 -5 15 0 0.53 M M 11.8 23 60 M M 8 1 32 50
7 65 41 53 -2 12 0 0.00 M M 7.8 16 90 M M 0 21 90
8 59 41 50 -5 15 0 0.00 M M 11.2 23 150 M M 0 31 150
9 77 49 63 7 2 0 0.00 0.0 M 17.4 30 150 M M 2 43 150
10 88 64 76 20 0 11 0.00 0.0 0 9.7 17 140 M M 2 24 160
11 89 60 75 19 0 10 0.00 0.0 0 6.3 16 70 M M 2 128 21 80
12 88 60 74 17 0 9 0.00 0.0 0 11.9 24 150 M M 0 18 31 150
13 87 64 76 19 0 11 0.00 M M 10.0 22 150 M M 0 28 140
14 85 61 73 16 0 8 0.00 M M 5.4 13 100 M M 0 17 120
15 74 53 64 6 1 0 0.01 M M 6.7 15 270 M M 4 22 270
16 78 49 64 6 1 0 0.00 M M 11.3 24 290 M M 1 34 280
17 63 45 54 -4 11 0 T M M 6.6 13 110 M M 3 17 110
18 56 47 52 -7 13 0 0.23 M M 6.4 16 90 M M 10 12 23 90
19 79 46 63 4 2 0 0.06 M M 8.7 18 180 M M 2 138 27 180
20 81 59 70 10 0 5 0.33 M M 9.0 24 240 M M 7 13 37 240
21 62 52 57 -3 8 0 0.07 M M 5.0 13 340 M M 7 13 18 340
22 65 44 55 -5 10 0 0.00 M M 8.6 20 300 M M 4 27 310
23 60 39 50 -10 15 0 0.00 M M 6.6 15 70 M M 2 19 90
24 62 48 55 -6 10 0 0.00 0.0 0 9.7 20 60 M M 4 26 60
25 68 51 60 -1 5 0 1.18 M M 10.2 21 100 M M 9 1238 32 60
26 77 57 67 5 0 2 0.04 M M 7.2 14 200 M M 6 1 18 220
27 64 48 56 -6 9 0 T M M 10.9 21 20 M M 7 1 29 20
28 75 46 61 -1 4 0 T M M 7.9 20 150 M M 2 128 27 130
29 83 53 68 6 0 3 0.00 M M 12.1 21 150 M M 0 32 170
30 88 72 80 17 0 15 0.00 M M 15.4 25 160 M M 0 41 160
31 84 74 79 16 0 14 0.01 M M 12.7 22 210 M M 2 3 34 210
================================================================================
SM 2181 1577 218 88 3.24 0.0 298.0 M 115
================================================================================
AV 70.4 50.9 9.6 FASTST M M 4 MAX(MPH)
MISC ----> 30 150 43 150
================================================================================
NOTES:
# LAST OF SEVERAL OCCURRENCES
COLUMN 17 PEAK WIND IN M.P.H.
PRELIMINARY LOCAL CLIMATOLOGICAL DATA (WS FORM: F-6) , PAGE 2
STATION: KENOSHA WI
MONTH: MAY
YEAR: 2022
LATITUDE: 42 35 N
LONGITUDE: 87 56 W
[TEMPERATURE DATA] [PRECIPITATION DATA] SYMBOLS USED IN COLUMN 16
AVERAGE MONTHLY: 60.6 TOTAL FOR MONTH: 3.24 1 = FOG OR MIST
DPTR FM NORMAL: 2.5 DPTR FM NORMAL: -0.28 2 = FOG REDUCING VISIBILITY
HIGHEST: 89 ON 11 GRTST 24HR 1.22 ON 25-26 TO 1/4 MILE OR LESS
LOWEST: 37 ON 5, 4 3 = THUNDER
SNOW, ICE PELLETS, HAIL 4 = ICE PELLETS
TOTAL MONTH: 0.0 INCH 5 = HAIL
GRTST 24HR 0.0 6 = FREEZING RAIN OR DRIZZLE
GRTST DEPTH: 0 7 = DUSTSTORM OR SANDSTORM:
VSBY 1/2 MILE OR LESS
8 = SMOKE OR HAZE
[NO. OF DAYS WITH] [WEATHER - DAYS WITH] 9 = BLOWING SNOW
X = TORNADO
MAX 32 OR BELOW: 0 0.01 INCH OR MORE: 10
MAX 90 OR ABOVE: 0 0.10 INCH OR MORE: 5
MIN 32 OR BELOW: 0 0.50 INCH OR MORE: 3
MIN 0 OR BELOW: 0 1.00 INCH OR MORE: 1
[HDD (BASE 65) ]
TOTAL THIS MO. 218 CLEAR (SCALE 0-3) 17
DPTR FM NORMAL -36 PTCLDY (SCALE 4-7) 9
TOTAL FM JUL 1 6094 CLOUDY (SCALE 8-10) 5
DPTR FM NORMAL -298
[CDD (BASE 65) ]
TOTAL THIS MO. 88
DPTR FM NORMAL 50 [PRESSURE DATA]
TOTAL FM JAN 1 88 HIGHEST SLP M ON M
DPTR FM NORMAL 45 LOWEST SLP 29.37 ON 20
[REMARKS]
#FINAL-05-22#