000
CXUS56 KOTX 010910
CF6EPH
PRELIMINARY LOCAL CLIMATOLOGICAL DATA (WS FORM: F-6)
STATION: EPHRATA WA AIRPORT
MONTH: JULY
YEAR: 2021
LATITUDE: 47 18 N
LONGITUDE: 119 31 W
TEMPERATURE IN F: :PCPN: SNOW: WIND :SUNSHINE: SKY :PK WND
================================================================================
1 2 3 4 5 6A 6B 7 8 9 10 11 12 13 14 15 16 17 18
12Z AVG MX 2MIN
DY MAX MIN AVG DEP HDD CDD WTR SNW DPTH SPD SPD DIR MIN PSBL S-S WX SPD DR
================================================================================
1 97 72 85 13 0 20 0.00 M M 11.6 18 170 M M 0 25 180
2 95 66 81 9 0 16 0.00 M M 8.1 20 290 M M 0 25 300
3 96 62 79 7 0 14 0.00 M M 7.8 22 310 M M 0 27 310
4 96 70 83 11 0 18 0.00 M M 10.6 21 300 M M 0 8 27 310
5 97 62 80 7 0 15 0.00 M M 8.9 20 310 M M 0 8 24 310
6 98 69 84 11 0 19 0.00 M M 6.1 17 320 M M 0 21 310
7 95 68 82 8 0 17 T M M 12.2 31 310 M M 1 8 39 310
8 90 67 79 5 0 14 0.00 M M 9.0 23 300 M M 0 30 290
9 93 68 81 7 0 16 0.00 M M 6.6 25 320 M M 0 32 320
10 99 58 79 5 0 14 0.00 M M 9.5 22 300 M M 0 28 210
11 98 71 85 10 0 20 0.00 M M 12.0 24 310 M M 0 31 310
12 100 67 84 9 0 19 0.00 M M 8.7 22 320 M M 0 29 310
13 102 80 91 16 0 26 0.00 M M 11.5 20 300 M M 0 8 24 310
14 101 69 85 9 0 20 0.00 M M 11.6 22 290 M M 0 8 30 300
15 95 65 80 4 0 15 0.00 M M 9.4 22 300 M M 0 8 27 300
16 89 56 73 -3 0 8 0.00 M M 9.9 25 210 M M 0 31 210
17 87 54 71 -5 0 6 0.00 M M 5.8 14 180 M M 0 18 190
18 94 58 76 0 0 11 0.00 M M 6.0 16 200 M M 0 21 210
19 97 62 80 4 0 15 0.00 M M 8.4 22 300 M M 0 26 300
20 92 68 80 3 0 15 0.00 M M 10.7 22 310 M M 0 27 220
21 87 60 74 -3 0 9 0.00 M M 12.8 25 300 M M 0 32 310
22 83 58 71 -6 0 6 0.00 M M 7.3 17 310 M M 3 8 23 310
23 89 55 72 -5 0 7 0.00 M M 6.9 16 340 M M 0 19 170
24 94 59 77 0 0 12 0.00 M M 6.3 15 200 M M 0 8 21 210
25 98 69 84 7 0 19 0.00 M M 9.2 20 310 M M 0 8 26 220
26 97 67 82 5 0 17 0.00 M M 7.0 16 190 M M 2 8 21 210
27 90 66 78 1 0 13 0.00 M M 8.8 17 170 M M 1 8 22 200
28 93 60 77 0 0 12 0.00 M M 5.7 14 10 M M 0 17 150
29 99 63 81 4 0 16 0.00 M M 6.4 16 190 M M 0 21 180
30 107 68 88 11 0 23 0.00 M M 6.4 14 60 M M 0 18 190
31 108 80 94 17 0 29 0.00 M M 12.8 25 320 M M 1 8 34 320
================================================================================
SM 2956 2017 0 481 T M 274.0 M 8
================================================================================
AV 95.4 65.1 8.8 FASTST M M 0 MAX(MPH)
MISC ----> 31 310 39 310
================================================================================
NOTES:
# LAST OF SEVERAL OCCURRENCES
COLUMN 17 PEAK WIND IN M.P.H.
PRELIMINARY LOCAL CLIMATOLOGICAL DATA (WS FORM: F-6) , PAGE 2
STATION: EPHRATA WA AIRPORT
MONTH: JULY
YEAR: 2021
LATITUDE: 47 18 N
LONGITUDE: 119 31 W
[TEMPERATURE DATA] [PRECIPITATION DATA] SYMBOLS USED IN COLUMN 16
AVERAGE MONTHLY: 80.2 TOTAL FOR MONTH: T 1 = FOG OR MIST
DPTR FM NORMAL: 4.9 DPTR FM NORMAL: -0.30 2 = FOG REDUCING VISIBILITY
HIGHEST: 108 ON 31 GRTST 24HR T ON 7- 7 TO 1/4 MILE OR LESS
LOWEST: 54 ON 17 3 = THUNDER
SNOW, ICE PELLETS, HAIL 4 = ICE PELLETS
TOTAL MONTH: M 5 = HAIL
GRTST 24HR M ON M 6 = FREEZING RAIN OR DRIZZLE
GRTST DEPTH: M ON M 7 = DUSTSTORM OR SANDSTORM:
VSBY 1/2 MILE OR LESS
8 = SMOKE OR HAZE
[NO. OF DAYS WITH] [WEATHER - DAYS WITH] 9 = BLOWING SNOW
X = TORNADO
MAX 32 OR BELOW: 0 0.01 INCH OR MORE: 0
MAX 90 OR ABOVE: 26 0.10 INCH OR MORE: 0
MIN 32 OR BELOW: 0 0.50 INCH OR MORE: 0
MIN 0 OR BELOW: 0 1.00 INCH OR MORE: 0
[HDD (BASE 65) ]
TOTAL THIS MO. 0 CLEAR (SCALE 0-3) 31
DPTR FM NORMAL -5 PTCLDY (SCALE 4-7) 0
TOTAL FM JUL 1 0 CLOUDY (SCALE 8-10) 0
DPTR FM NORMAL 0
[CDD (BASE 65) ]
TOTAL THIS MO. 481
DPTR FM NORMAL 157 [PRESSURE DATA]
TOTAL FM JAN 1 872 HIGHEST SLP M ON M
DPTR FM NORMAL 387 LOWEST SLP 29.63 ON 1
[REMARKS]
#FINAL-07-21#