000
CXUS56 KOTX 011010
CF6EPH
PRELIMINARY LOCAL CLIMATOLOGICAL DATA (WS FORM: F-6)
STATION: EPHRATA WA AIRPORT
MONTH: NOVEMBER
YEAR: 2023
LATITUDE: 47 18 N
LONGITUDE: 119 31 W
TEMPERATURE IN F: :PCPN: SNOW: WIND :SUNSHINE: SKY :PK WND
================================================================================
1 2 3 4 5 6A 6B 7 8 9 10 11 12 13 14 15 16 17 18
12Z AVG MX 2MIN
DY MAX MIN AVG DEP HDD CDD WTR SNW DPTH SPD SPD DIR MIN PSBL S-S WX SPD DR
================================================================================
1 45 28 37 -6 28 0 0.13 M M 2.8 9 30 M M 5 1 11 30
2 45 34 40 -3 25 0 0.10 M M 2.8 10 30 M M 9 128 12 30
3 50 38 44 2 21 0 0.01 M M 6.2 14 350 M M 6 12 15 350
4 50 45 48 6 17 0 0.17 M M 3.3 13 350 M M 10 1 15 330
5 50 35 43 2 22 0 0.02 M M 5.6 13 10 M M 7 12 15 10
6 50 43 47 6 18 0 0.39 M M 6.4 16 220 M M 9 1 19 230
7 57 41 49 8 16 0 T M M 10.9 24 260 M M 4 29 270
8 53 29 41 1 24 0 0.00 M M 4.5 15 30 M M 0 8 20 30
9 45 31 38 -2 27 0 T M M 7.0 15 300 M M 4 20 300
10 40 27 34 -5 31 0 T M M 4.4 9 360 M M 9 12 11 20
11 58 35 47 8 18 0 0.00 M M 11.8 31 260 M M 3 1 37 260
12 50 33 42 3 23 0 0.00 M M 9.6 17 350 M M 0 19 350
13 54 29 42 4 23 0 T M M 4.7 13 300 M M 4 12 15 230
14 48 24 36 -2 29 0 0.00 M M 4.4 12 30 M M 0 12 30
15 42 28 35 -3 30 0 T M M 5.4 12 330 M M 5 14 320
16 43 25 34 -3 31 0 0.00 M M 5.9 16 340 M M 0 12 19 340
17 36 25 31 -6 34 0 0.00 M M 7.1 12 310 M M 8 12 13 30
18 39 28 34 -3 31 0 0.02 M M 4.2 10 340 M M 8 1 12 230
19 54 32 43 7 22 0 0.02 M M 8.2 17 290 M M 3 1 21 270
20 44 25 35 -1 30 0 0.00 M M 8.6 14 10 M M 0 15 360
21 43 31 37 1 28 0 T M M 5.1 9 70 M M 1 12 360
22 49 32 41 6 24 0 T M M 5.3 12 350 M M 2 1 13 350
23 48 35 42 7 23 0 0.00 M M 18.8 29 10 M M 1 34 10
24 47 31 39 4 26 0 0.00 M M 11.7 23 10 M M 0 29 10
25 37 19 28 -6 37 0 0.00 M M 3.4 10 320 M M 0 13 320
26 38 18 28 -6 37 0 0.00 M M 2.4 8 310 M M 3 8 310
27 39 23 31 -3 34 0 0.00 M M 3.4 12 350 M M 6 14 350
28 27 18 23 -10 42 0 0.00 M M 2.8 7 160 M M 9 1 9 180
29 29 25 27 -6 38 0 0.00 M M 1.3 8 140 M M 10 1 9 140
30 31 28 30 -3 35 0 0.02 M M 1.0 5 250 M M 10 18 5 320
================================================================================
SM 1341 895 824 0 0.88 M 179.0 M 136
================================================================================
AV 44.7 29.8 6.0 FASTST M M 5 MAX(MPH)
MISC ----> 31 260 37 260
================================================================================
NOTES:
# LAST OF SEVERAL OCCURRENCES
COLUMN 17 PEAK WIND IN M.P.H.
PRELIMINARY LOCAL CLIMATOLOGICAL DATA (WS FORM: F-6) , PAGE 2
STATION: EPHRATA WA AIRPORT
MONTH: NOVEMBER
YEAR: 2023
LATITUDE: 47 18 N
LONGITUDE: 119 31 W
[TEMPERATURE DATA] [PRECIPITATION DATA] SYMBOLS USED IN COLUMN 16
AVERAGE MONTHLY: 37.3 TOTAL FOR MONTH: 0.88 1 = FOG OR MIST
DPTR FM NORMAL: -0.3 DPTR FM NORMAL: 0.02 2 = FOG REDUCING VISIBILITY
HIGHEST: 58 ON 11 GRTST 24HR 0.41 ON 5- 6 TO 1/4 MILE OR LESS
LOWEST: 18 ON 28,26 3 = THUNDER
SNOW, ICE PELLETS, HAIL 4 = ICE PELLETS
TOTAL MONTH: M 5 = HAIL
GRTST 24HR M ON M 6 = FREEZING RAIN OR DRIZZLE
GRTST DEPTH: M ON M 7 = DUSTSTORM OR SANDSTORM:
VSBY 1/2 MILE OR LESS
8 = SMOKE OR HAZE
[NO. OF DAYS WITH] [WEATHER - DAYS WITH] 9 = BLOWING SNOW
X = TORNADO
MAX 32 OR BELOW: 3 0.01 INCH OR MORE: 9
MAX 90 OR ABOVE: 0 0.10 INCH OR MORE: 4
MIN 32 OR BELOW: 21 0.50 INCH OR MORE: 0
MIN 0 OR BELOW: 0 1.00 INCH OR MORE: 0
[HDD (BASE 65) ]
TOTAL THIS MO. 824 CLEAR (SCALE 0-3) 12
DPTR FM NORMAL 2 PTCLDY (SCALE 4-7) 11
TOTAL FM JUL 1 1309 CLOUDY (SCALE 8-10) 7
DPTR FM NORMAL -60
[CDD (BASE 65) ]
TOTAL THIS MO. 0
DPTR FM NORMAL 0 [PRESSURE DATA]
TOTAL FM JAN 1 1102 HIGHEST SLP M ON M
DPTR FM NORMAL 259 LOWEST SLP 29.56 ON 6
[REMARKS]
#FINAL-11-23#