000
CXUS54 KEWX 011110
CF6ERV
PRELIMINARY LOCAL CLIMATOLOGICAL DATA (WS FORM: F-6)
STATION: KERRVILLE
MONTH: FEBRUARY
YEAR: 2022
LATITUDE: 29 58 N
LONGITUDE: 99 5 W
TEMPERATURE IN F: :PCPN: SNOW: WIND :SUNSHINE: SKY :PK WND
================================================================================
1 2 3 4 5 6A 6B 7 8 9 10 11 12 13 14 15 16 17 18
12Z AVG MX 2MIN
DY MAX MIN AVG DEP HDD CDD WTR SNW DPTH SPD SPD DIR MIN PSBL S-S WX SPD DR
================================================================================
1 72 48 60 M 5 0 M M M 3.5 8 260 M M 5 1 M M
2 58 33 46 M 19 0 0.05 M M 7.0 20 340 M M 9 1 28 350
3 33 20 27 M 38 0 0.18 M M 13.5 18 340 M M 8 25 340
4 38 19 29 M 36 0 M M M 13.2 18 350 M M 4 26 340
5 51 15 33 M 32 0 M M M 3.5 10 150 M M 0 M M
6 60 23 42 M 23 0 M M M 3.9 9 170 M M 0 17 200
7 58 29 44 M 21 0 M M M 6.7 15 340 M M 0 22 30
8 65 22 44 M 21 0 M M M 3.2 10 250 M M 0 22 250
9 70 25 48 M 17 0 M M M 2.7 10 310 M M 0 M M
10 71 29 50 M 15 0 M M M 1.4 8 140 M M 0 M M
11 74 32 53 M 12 0 M M M 5.5 17 200 M M 1 22 200
12 56 28 42 M 23 0 M M M 10.4 28 360 M M 6 37 360
13 65 19 42 M 23 0 M M M 2.3 8 340 M M 0 M M
14 67 24 46 M 19 0 M M M 6.7 20 190 M M 0 22 190
15 71 41 56 M 9 0 M M M 10.9 18 170 M M 1 29 160
16 76 57 67 M 0 2 M M M 15.3 20 170 M M 7 29 160
17 69 33 51 M 14 0 M M M 15.7 22 350 M M 2 31 320
18 61 28 45 M 20 0 M M M 7.0 14 360 M M 0 22 360
19 66 25 46 M 19 0 M M M 3.0 12 160 M M 0 16 180
20 67 33 50 M 15 0 M M M 6.9 20 210 M M 1 24 210
21 85 59 72 M 0 7 M M M 11.5 21 160 M M 5 1 26 200
22 84 51 68 M 0 3 M M M 6.6 15 40 M M 5 1 21 40
23 51 27 39 M 26 0 M M M 12.9 21 340 M M 10 1 25 360
24 37 28 33 M 32 0 M M M 7.5 13 360 M M 9 1 20 360
25 37 27 32 M 33 0 M M M 7.9 14 340 M M 8 21 10
26 41 32 37 M 28 0 M M M 5.8 8 350 M M 10 1 M M
27 60 30 45 M 20 0 M M M 7.4 14 360 M M 3 1 30 350
28 68 22 45 M 20 0 M M M 3.2 7 330 M M 0 M M
================================================================================
SM 1711 859 540 12 0.23 M 205.0 M 94
================================================================================
AV 61.1 30.7 7.3 FASTST M M 3 MAX(MPH)
MISC ----> 28 360 37 360
================================================================================
NOTES:
# LAST OF SEVERAL OCCURRENCES
COLUMN 17 PEAK WIND IN M.P.H.
PRELIMINARY LOCAL CLIMATOLOGICAL DATA (WS FORM: F-6) , PAGE 2
STATION: KERRVILLE
MONTH: FEBRUARY
YEAR: 2022
LATITUDE: 29 58 N
LONGITUDE: 99 5 W
[TEMPERATURE DATA] [PRECIPITATION DATA] SYMBOLS USED IN COLUMN 16
AVERAGE MONTHLY: 45.9 TOTAL FOR MONTH: 0.23 1 = FOG OR MIST
DPTR FM NORMAL: 0.0 DPTR FM NORMAL: 0.23 2 = FOG REDUCING VISIBILITY
HIGHEST: 85 ON 21 GRTST 24HR 0.18 ON 3- 3 TO 1/4 MILE OR LESS
LOWEST: 15 ON 5 3 = THUNDER
SNOW, ICE PELLETS, HAIL 4 = ICE PELLETS
TOTAL MONTH: M 5 = HAIL
GRTST 24HR M ON M 6 = FREEZING RAIN OR DRIZZLE
GRTST DEPTH: M ON M 7 = DUSTSTORM OR SANDSTORM:
VSBY 1/2 MILE OR LESS
8 = SMOKE OR HAZE
[NO. OF DAYS WITH] [WEATHER - DAYS WITH] 9 = BLOWING SNOW
X = TORNADO
MAX 32 OR BELOW: 0 0.01 INCH OR MORE: 2
MAX 90 OR ABOVE: 0 0.10 INCH OR MORE: 1
MIN 32 OR BELOW: 20 0.50 INCH OR MORE: 0
MIN 0 OR BELOW: 0 1.00 INCH OR MORE: 0
[HDD (BASE 65) ]
TOTAL THIS MO. 540 CLEAR (SCALE 0-3) 16
DPTR FM NORMAL M PTCLDY (SCALE 4-7) 7
TOTAL FM JUL 1 1577 CLOUDY (SCALE 8-10) 5
DPTR FM NORMAL M
[CDD (BASE 65) ]
TOTAL THIS MO. 12
DPTR FM NORMAL M [PRESSURE DATA]
TOTAL FM JAN 1 12 HIGHEST SLP M ON M
DPTR FM NORMAL M LOWEST SLP M ON M
[REMARKS]
#FINAL-02-22#