000
CXUS53 KDMX 221925
CF6EST
PRELIMINARY LOCAL CLIMATOLOGICAL DATA (WS FORM: F-6)
STATION: ESTHERVILLE IA
MONTH: FEBRUARY
YEAR: 2023
LATITUDE: 43 24 N
LONGITUDE: 94 45 W
TEMPERATURE IN F: :PCPN: SNOW: WIND :SUNSHINE: SKY :PK WND
================================================================================
1 2 3 4 5 6A 6B 7 8 9 10 11 12 13 14 15 16 17 18
12Z AVG MX 2MIN
DY MAX MIN AVG DEP HDD CDD WTR SNW DPTH SPD SPD DIR MIN PSBL S-S WX SPD DR
================================================================================
1 19 -2 9 -6 56 0 0.00 0.0 M 9.2 16 230 M M 0 22 220
2 18 -8 5 -11 60 0 0.00 0.0 M 17.0 30 340 M M 0 8 40 330
3 7 -10 -1 -17 66 0 0.00 0.0 M 13.2 24 180 M M 5 30 170
4 31 5 18 2 47 0 0.00 0.0 M 11.3 22 190 M M 0 28 200
5 30 13 22 6 43 0 0.00 0.0 M 9.3 24 330 M M 1 1 31 320
6 36 13 25 9 40 0 T 0.0 M 15.3 26 300 M M 6 128 34 160
7 37 22 30 13 35 0 0.00 0.0 M 14.7 29 310 M M 2 38 300
8 36 19 28 11 37 0 0.00 0.0 M 9.9 20 190 M M 0 25 170
9 33 12 23 6 42 0 0.00 0.0 M 22.2 33 330 M M 3 1 43 340
10 28 5 17 0 48 0 0.00 0.0 M 12.3 22 340 M M 0 31 330
11 37 22 30 12 35 0 0.00 0.0 M 12.1 21 230 M M 0 28 210
12 37 15 26 8 39 0 0.00 0.0 M 7.4 14 280 M M 0 17 330
13 38 17 28 10 37 0 0.00 0.0 M 12.0 21 180 M M 0 27 190
14 38 34 36 18 29 0 0.75 0.0 M 13.9 29 170 M M 9 12 36 170
15 34 10 22 3 43 0 M M M 25.8 41 310 M M 5 1 55 310
16 17 6 12 -7 53 0 0.00 0.0 M 14.6 23 10 M M 3 30 360
17 30 3 17 -3 48 0 0.00 0.0 M 12.1 23 180 M M 0 29 190
18 36 17 27 7 38 0 0.00 0.0 M 7.5 17 160 M M 0 24 170
19 31 15 23 3 42 0 0.00 0.0 M 11.1 21 330 M M 2 1 28 330
20 37 12 25 4 40 0 T M M 16.9 31 300 M M 3 1 41 320
21 20 6 13 -8 52 0 0.04 M M 14.4 25 320 M M 6 18 32 310
22 20 16 18 -4 47 0 M M M 26.0 33 40 M M 10 1269 40 50
23 20 -7 7 -15 58 0 M M M 16.6 25 320 M M 6 18 32 320
24 9 -10 0 -22 65 0 M M M 7.3 16 310 M M 7 1 18 320
25 32 2 17 -6 48 0 0.00 0.0 M 10.7 22 200 M M 1 1 29 210
26 39 5 22 -1 43 0 0.00 0.0 M 9.9 22 140 M M 4 12 29 140
27 38 28 33 9 32 0 0.35 0.0 M 14.5 26 320 M M 8 1 34 320
28 35 24 30 6 35 0 T M M 8.1 17 80 M M 4 1 20 100
================================================================================
SM 823 284 1258 0 1.14 0.0 375.3 M 85
================================================================================
AV 29.4 10.1 13.4 FASTST M M 3 MAX(MPH)
MISC ----> 41 310 55 310
================================================================================
NOTES:
# LAST OF SEVERAL OCCURRENCES
COLUMN 17 PEAK WIND IN M.P.H.
PRELIMINARY LOCAL CLIMATOLOGICAL DATA (WS FORM: F-6) , PAGE 2
STATION: ESTHERVILLE IA
MONTH: FEBRUARY
YEAR: 2023
LATITUDE: 43 24 N
LONGITUDE: 94 45 W
[TEMPERATURE DATA] [PRECIPITATION DATA] SYMBOLS USED IN COLUMN 16
AVERAGE MONTHLY: 19.8 TOTAL FOR MONTH: 1.14 1 = FOG OR MIST
DPTR FM NORMAL: 0.7 DPTR FM NORMAL: 0.68 2 = FOG REDUCING VISIBILITY
HIGHEST: 39 ON 26 GRTST 24HR 0.76 ON 14-15 TO 1/4 MILE OR LESS
LOWEST: -10 ON 24, 3 3 = THUNDER
SNOW, ICE PELLETS, HAIL 4 = ICE PELLETS
TOTAL MONTH: 0.0 INCH 5 = HAIL
GRTST 24HR 0.0 6 = FREEZING RAIN OR DRIZZLE
GRTST DEPTH: M ON M 7 = DUSTSTORM OR SANDSTORM:
VSBY 1/2 MILE OR LESS
8 = SMOKE OR HAZE
[NO. OF DAYS WITH] [WEATHER - DAYS WITH] 9 = BLOWING SNOW
X = TORNADO
MAX 32 OR BELOW: 14 0.01 INCH OR MORE: 3
MAX 90 OR ABOVE: 0 0.10 INCH OR MORE: 2
MIN 32 OR BELOW: 27 0.50 INCH OR MORE: 1
MIN 0 OR BELOW: 5 1.00 INCH OR MORE: 0
[HDD (BASE 65) ]
TOTAL THIS MO. 1258 CLEAR (SCALE 0-3) 16
DPTR FM NORMAL -27 PTCLDY (SCALE 4-7) 10
TOTAL FM JUL 1 5729 CLOUDY (SCALE 8-10) 2
DPTR FM NORMAL -248
[CDD (BASE 65) ]
TOTAL THIS MO. 0
DPTR FM NORMAL 0 [PRESSURE DATA]
TOTAL FM JAN 1 0 HIGHEST SLP 30.77 ON 24
DPTR FM NORMAL 0 LOWEST SLP 29.10 ON 14
[REMARKS]
#FINAL-02-23#