000
CXUS53 KDMX 102303
CF6EST
PRELIMINARY LOCAL CLIMATOLOGICAL DATA (WS FORM: F-6)
STATION: ESTHERVILLE IA
MONTH: JULY
YEAR: 2023
LATITUDE: 43 24 N
LONGITUDE: 94 45 W
TEMPERATURE IN F: :PCPN: SNOW: WIND :SUNSHINE: SKY :PK WND
================================================================================
1 2 3 4 5 6A 6B 7 8 9 10 11 12 13 14 15 16 17 18
12Z AVG MX 2MIN
DY MAX MIN AVG DEP HDD CDD WTR SNW DPTH SPD SPD DIR MIN PSBL S-S WX SPD DR
================================================================================
1 83 62 73 3 0 8 0.00 0.0 0 6.1 12 30 M M 1 15 30
2 87 61 74 3 0 9 0.00 0.0 0 4.8 10 360 M M 0 13 10
3 89 63 76 5 0 11 0.00 0.0 0 7.1 20 240 M M 1 13 25 230
4 80 65 73 2 0 8 0.13 0.0 0 6.8 24 200 M M 2 13 36 200
5 74 53 64 -7 1 0 0.00 0.0 0 10.2 18 360 M M 3 1 25 360
6 75 48 62 -9 3 0 0.00 0.0 0 5.1 9 330 M M 2 16 350
7 64 49 57 -14 8 0 0.05 0.0 0 5.1 12 190 M M 4 1 15 190
8 77 48 63 -8 2 0 0.00 0.0 0 7.7 15 360 M M 2 22 360
9 81 49 65 -6 0 0 0.00 0.0 0 8.1 17 230 M M 0 26 210
10 89 64 77 6 0 12 0.48 0.0 0 9.8 40 250 M M 1 138 58 250
11 74 57 66 -5 0 1 0.00 0.0 0 8.1 14 50 M M 1 22 360
12 78 57 68 -3 0 3 1.04 0.0 0 7.7 25 360 M M 6 13 33 320
13 86 58 72 1 0 7 0.00 0.0 0 8.6 20 270 M M 0 13 29 240
14 81 63 72 1 0 7 0.01 0.0 0 7.0 15 240 M M 4 13 22 250
15 81 59 70 -1 0 5 0.00 0.0 0 7.6 16 300 M M 7 18 24 300
16 79 56 68 -3 0 3 0.00 0.0 0 9.0 20 280 M M 2 18 29 270
17 73 51 62 -9 3 0 0.00 0.0 0 7.0 15 350 M M 3 21 350
18 77 54 66 -5 0 1 0.00 0.0 0 4.3 12 180 M M 1 16 140
19 83 58 71 0 0 6 0.00 0.0 0 8.6 15 240 M M 0 23 220
20 76 58 67 -4 0 2 0.00 0.0 0 9.9 24 350 M M 2 33 350
21 80 55 68 -3 0 3 0.00 0.0 0 4.3 9 210 M M 2 12 200
22 84 54 69 -2 0 4 0.00 0.0 0 4.6 13 250 M M 0 18 20 240
23 84 58 71 1 0 6 0.00 0.0 0 4.6 12 350 M M 0 18 16 310
24 85 59 72 2 0 7 0.00 0.0 0 5.3 13 160 M M 0 18 17 150
25 87 60 74 4 0 9 0.00 0.0 0 8.0 18 140 M M 0 18 23 140
26 93 72 83 13 0 18 T 0.0 0 5.1 23 10 M M 1 1 31 10
27 91 70 81 11 0 16 0.00 0.0 0 8.5 24 200 M M 0 138 35 180
28 88 66 77 7 0 12 0.00 0.0 0 8.8 20 1 M M M 128 31 1
29 82 59 71 1 0 6 0.00 0.0 0 7.6 15 10 M M 0 21 360
30 82 56 69 -1 0 4 0.00 0.0 0 4.1 9 100 M M 0 13 120
31 82 58 70 0 0 5 0.00 0.0 0 6.0 12 120 M M 0 18 140
================================================================================
SM 2525 1800 17 173 1.71 0.0 215.5 M 45
================================================================================
AV 81.5 58.1 7.0 FASTST M M 2 MAX(MPH)
MISC ----> 40 250 58 250
================================================================================
NOTES:
# LAST OF SEVERAL OCCURRENCES
COLUMN 17 PEAK WIND IN M.P.H.
PRELIMINARY LOCAL CLIMATOLOGICAL DATA (WS FORM: F-6) , PAGE 2
STATION: ESTHERVILLE IA
MONTH: JULY
YEAR: 2023
LATITUDE: 43 24 N
LONGITUDE: 94 45 W
[TEMPERATURE DATA] [PRECIPITATION DATA] SYMBOLS USED IN COLUMN 16
AVERAGE MONTHLY: 69.8 TOTAL FOR MONTH: 1.71 1 = FOG OR MIST
DPTR FM NORMAL: -0.8 DPTR FM NORMAL: -2.05 2 = FOG REDUCING VISIBILITY
HIGHEST: 93 ON 26 GRTST 24HR 1.04 ON 12-12 TO 1/4 MILE OR LESS
LOWEST: 48 ON 8, 6 3 = THUNDER
SNOW, ICE PELLETS, HAIL 4 = ICE PELLETS
TOTAL MONTH: 0.0 INCH 5 = HAIL
GRTST 24HR 0.0 6 = FREEZING RAIN OR DRIZZLE
GRTST DEPTH: 0 7 = DUSTSTORM OR SANDSTORM:
VSBY 1/2 MILE OR LESS
8 = SMOKE OR HAZE
[NO. OF DAYS WITH] [WEATHER - DAYS WITH] 9 = BLOWING SNOW
X = TORNADO
MAX 32 OR BELOW: 0 0.01 INCH OR MORE: 5
MAX 90 OR ABOVE: 2 0.10 INCH OR MORE: 3
MIN 32 OR BELOW: 0 0.50 INCH OR MORE: 1
MIN 0 OR BELOW: 0 1.00 INCH OR MORE: 1
[HDD (BASE 65) ]
TOTAL THIS MO. 17 CLEAR (SCALE 0-3) 26
DPTR FM NORMAL 3 PTCLDY (SCALE 4-7) 4
TOTAL FM JUL 1 17 CLOUDY (SCALE 8-10) 1
DPTR FM NORMAL 17
[CDD (BASE 65) ]
TOTAL THIS MO. 173
DPTR FM NORMAL -15 [PRESSURE DATA]
TOTAL FM JAN 1 441 HIGHEST SLP 30.20 ON 30
DPTR FM NORMAL 92 LOWEST SLP 29.66 ON 26
[REMARKS]
#FINAL-07-23#