000
CXUS52 KMHX 010600
CF6EWN
PRELIMINARY LOCAL CLIMATOLOGICAL DATA (WS FORM: F-6)
STATION: NEW BERN NC
MONTH: OCTOBER
YEAR: 2022
LATITUDE: 35 4 N
LONGITUDE: 77 3 W
TEMPERATURE IN F: :PCPN: SNOW: WIND :SUNSHINE: SKY :PK WND
================================================================================
1 2 3 4 5 6A 6B 7 8 9 10 11 12 13 14 15 16 17 18
12Z AVG MX 2MIN
DY MAX MIN AVG DEP HDD CDD WTR SNW DPTH SPD SPD DIR MIN PSBL S-S WX SPD DR
================================================================================
1 77 62 70 0 0 5 0.00 0.0 0 7.1 17 220 M M 4 23 230
2 73 61 67 -2 0 2 T 0.0 0 4.9 16 360 M M 8 22 360
3 62 51 57 -12 8 0 T 0.0 0 14.2 21 350 M M 10 1 28 350
4 64 49 57 -12 8 0 0.00 0.0 0 7.8 16 310 M M 9 1 21 320
5 72 47 60 -8 5 0 0.00 0.0 0 5.7 15 320 M M 1 1 22 290
6 80 53 67 -1 0 2 0.00 0.0 0 3.3 10 300 M M 3 15 270
7 83 57 70 2 0 5 0.00 0.0 0 5.5 12 280 M M 1 15 220
8 71 51 61 -6 4 0 0.00 0.0 0 7.7 18 50 M M 2 22 30
9 70 45 58 -9 7 0 0.00 0.0 0 2.9 10 60 M M 0 14 60
10 72 49 61 -5 4 0 0.00 0.0 0 2.3 9 40 M M 5 1 13 50
11 73 48 61 -5 4 0 0.00 0.0 0 4.0 13 70 M M 0 12 16 80
12 78 50 64 -2 1 0 0.00 0.0 0 2.9 10 140 M M 0 1 15 130
13 78 61 70 5 0 5 0.04 0.0 0 3.4 12 80 M M 5 15 180
14 69 51 60 -5 5 0 0.00 0.0 0 3.6 18 40 M M 7 12 22 40
15 78 48 63 -2 2 0 0.00 0.0 0 3.6 12 190 M M 2 12 17 210
16 82 55 69 5 0 4 0.00 0.0 0 5.6 12 260 M M 0 16 260
17 82 59 71 7 0 6 0.00 0.0 0 8.1 18 230 M M 0 25 230
18 70 45 58 -5 7 0 0.00 0.0 0 8.7 15 320 M M 4 20 310
19 60 37 49 -14 16 0 0.00 0.0 0 6.0 15 310 M M 0 22 270
20 66 35 51 -12 14 0 0.00 0.0 0 1.6 10 140 M M 1 1 16 140
21 68 37 53 -9 12 0 0.00 0.0 0 3.2 10 50 M M 6 12 14 20
22 76 53 65 3 0 0 0.00 0.0 0 8.5 17 50 M M 1 20 60
23 66 58 62 0 3 0 T 0.0 0 10.5 15 350 M M 8 22 360
24 71 55 63 2 2 0 0.00 0.0 0 5.4 12 350 M M 7 1 16 330
25 66 57 62 1 3 0 0.00 0.0 0 4.2 9 330 M M 10 18 12 330
26 78 60 69 9 0 4 T 0.0 0 3.3 12 180 M M 7 12 15 170
27 72 57 65 5 0 0 0.00 0.0 0 9.9 18 40 M M 5 12 23 50
28 68 57 63 3 2 0 0.28 0.0 0 10.2 16 10 M M 10 1 20 360
29 68 55 62 3 3 0 0.24 0.0 0 11.6 16 60 M M 10 1 20 30
30 67 50 59 0 6 0 0.00 0.0 0 5.3 13 30 M M 5 17 40
31 77 56 67 8 0 2 T 0.0 0 4.3 12 110 M M 3 1 14 110
================================================================================
SM 2237 1609 116 35 0.56 0.0 185.3 M 134
================================================================================
AV 72.2 51.9 6.0 FASTST M M 4 MAX(MPH)
MISC ----> 21 350 28 350
================================================================================
NOTES:
# LAST OF SEVERAL OCCURRENCES
COLUMN 17 PEAK WIND IN M.P.H.
PRELIMINARY LOCAL CLIMATOLOGICAL DATA (WS FORM: F-6) , PAGE 2
STATION: NEW BERN NC
MONTH: OCTOBER
YEAR: 2022
LATITUDE: 35 4 N
LONGITUDE: 77 3 W
[TEMPERATURE DATA] [PRECIPITATION DATA] SYMBOLS USED IN COLUMN 16
AVERAGE MONTHLY: 62.0 TOTAL FOR MONTH: 0.56 1 = FOG OR MIST
DPTR FM NORMAL: -2.2 DPTR FM NORMAL: -3.00 2 = FOG REDUCING VISIBILITY
HIGHEST: 83 ON 7 GRTST 24HR 0.52 ON 28-29 TO 1/4 MILE OR LESS
LOWEST: 35 ON 20 3 = THUNDER
SNOW, ICE PELLETS, HAIL 4 = ICE PELLETS
TOTAL MONTH: 0.0 INCH 5 = HAIL
GRTST 24HR 0.0 6 = FREEZING RAIN OR DRIZZLE
GRTST DEPTH: 0 7 = DUSTSTORM OR SANDSTORM:
VSBY 1/2 MILE OR LESS
8 = SMOKE OR HAZE
[NO. OF DAYS WITH] [WEATHER - DAYS WITH] 9 = BLOWING SNOW
X = TORNADO
MAX 32 OR BELOW: 0 0.01 INCH OR MORE: 3
MAX 90 OR ABOVE: 0 0.10 INCH OR MORE: 2
MIN 32 OR BELOW: 0 0.50 INCH OR MORE: 0
MIN 0 OR BELOW: 0 1.00 INCH OR MORE: 0
[HDD (BASE 65) ]
TOTAL THIS MO. 116 CLEAR (SCALE 0-3) 14
DPTR FM NORMAL 8 PTCLDY (SCALE 4-7) 11
TOTAL FM JUL 1 123 CLOUDY (SCALE 8-10) 6
DPTR FM NORMAL 10
[CDD (BASE 65) ]
TOTAL THIS MO. 35
DPTR FM NORMAL -48 [PRESSURE DATA]
TOTAL FM JAN 1 2072 HIGHEST SLP M ON M
DPTR FM NORMAL 192 LOWEST SLP 29.64 ON 18
[REMARKS]
#FINAL-10-22#