477
CXUS51 KOKX 010702
CF6EWR
PRELIMINARY LOCAL CLIMATOLOGICAL DATA (WS FORM: F-6)
STATION: NEWARK NJ
MONTH: SEPTEMBER
YEAR: 2020
LATITUDE: 40 42 N
LONGITUDE: 74 10 W
TEMPERATURE IN F: :PCPN: SNOW: WIND :SUNSHINE: SKY :PK WND
================================================================================
1 2 3 4 5 6A 6B 7 8 9 10 11 12 13 14 15 16 17 18
12Z AVG MX 2MIN
DY MAX MIN AVG DEP HDD CDD WTR SNW DPTH SPD SPD DIR MIN PSBL S-S WX SPD DR
================================================================================
1 79 68 74 1 0 9 0.12 0.0 0 8.3 16 110 M M 9 1 23 120
2 82 71 77 4 0 12 0.11 0.0 0 6.2 12 230 M M 9 1 15 90
3 89 70 80 7 0 15 0.85 0.0 0 7.1 16 320 M M 8 13 21 330
4 88 68 78 6 0 13 0.00 0.0 0 8.1 17 300 M M 4 24 280
5 81 65 73 1 0 8 0.00 0.0 0 7.6 16 360 M M 4 22 360
6 84 61 73 1 0 8 0.00 0.0 0 8.0 17 180 M M 3 21 190
7 79 65 72 1 0 7 0.00 0.0 0 5.8 17 130 M M 6 23 150
8 84 65 75 4 0 10 0.00 0.0 0 4.9 12 100 M M 5 16 80
9 82 71 77 6 0 12 T 0.0 0 4.5 10 160 M M 9 13 160
10 86 74 80 10 0 15 1.43 0.0 0 4.7 16 290 M M 9 13 18 290
11 78 62 70 0 0 5 0.00 0.0 0 10.6 18 360 M M 7 22 20
12 74 60 67 -3 0 2 0.00 0.0 0 8.6 16 100 M M 5 23 160
13 77 61 69 0 0 4 T 0.0 0 8.3 16 150 M M 8 21 150
14 78 59 69 0 0 4 T 0.0 0 13.7 24 330 M M 7 29 330
15 67 51 59 -10 6 0 0.00 0.0 0 8.1 17 10 M M 7 21 20
16 73 52 63 -5 2 0 0.00 0.0 0 7.0 16 200 M M 8 20 200
17 77 61 69 1 0 4 0.00 0.0 0 5.3 14 210 M M 10 17 250
18 73 54 64 -3 1 0 0.00 0.0 0 16.2 26 10 M M 7 33 10
19 65 48 57 -10 8 0 0.00 0.0 0 11.8 26 10 M M 2 31 20
20 65 47 56 -11 9 0 0.00 0.0 0 11.5 21 20 M M 4 27 30
21 67 45 56 -10 9 0 0.00 0.0 0 9.2 16 10 M M 2 21 20
22 75 46 61 -5 4 0 0.00 0.0 0 9.0 23 330 M M 5 29 310
23 83 55 69 4 0 4 0.00 0.0 0 9.4 22 280 M M 3 28 290
24 79 57 68 3 0 3 0.00 0.0 0 5.7 14 250 M M 7 18 240
25 80 57 69 4 0 4 0.00 0.0 0 5.4 12 170 M M 7 18 15 150
26 75 63 69 5 0 4 T 0.0 0 5.0 13 150 M M 8 1 18 110
27 80 68 74 10 0 9 0.05 0.0 0 4.3 12 110 M M 8 1 15 100
28 81 69 75 12 0 10 0.02 0.0 0 8.5 14 170 M M 5 1 19 200
29 74 67 71 8 0 6 0.75 0.0 0 6.1 16 170 M M 9 1 22 150
30 73 60 67 5 0 2 0.73 0.0 0 14.9 30 220 M M 6 1 41 250
================================================================================
SM 2328 1820 39 170 4.06 0.0 243.8 M 191
================================================================================
AV 77.6 60.7 8.1 FASTST M M 6 MAX(MPH)
MISC ----> # 30 220 # 41 250
================================================================================
NOTES:
# LAST OF SEVERAL OCCURRENCES
COLUMN 17 PEAK WIND IN M.P.H.
PRELIMINARY LOCAL CLIMATOLOGICAL DATA (WS FORM: F-6) , PAGE 2
STATION: NEWARK NJ
MONTH: SEPTEMBER
YEAR: 2020
LATITUDE: 40 42 N
LONGITUDE: 74 10 W
[TEMPERATURE DATA] [PRECIPITATION DATA] SYMBOLS USED IN COLUMN 16
AVERAGE MONTHLY: 69.1 TOTAL FOR MONTH: 4.06 1 = FOG OR MIST
DPTR FM NORMAL: 0.9 DPTR FM NORMAL: 0.24 2 = FOG REDUCING VISIBILITY
HIGHEST: 89 ON 3 GRTST 24HR 1.43 ON 10-10 TO 1/4 MILE OR LESS
LOWEST: 45 ON 21 3 = THUNDER
SNOW, ICE PELLETS, HAIL 4 = ICE PELLETS
TOTAL MONTH: 0.0 INCH 5 = HAIL
GRTST 24HR 0.0 6 = FREEZING RAIN OR DRIZZLE
GRTST DEPTH: 0 7 = DUSTSTORM OR SANDSTORM:
VSBY 1/2 MILE OR LESS
8 = SMOKE OR HAZE
[NO. OF DAYS WITH] [WEATHER - DAYS WITH] 9 = BLOWING SNOW
X = TORNADO
MAX 32 OR BELOW: 0 0.01 INCH OR MORE: 8
MAX 90 OR ABOVE: 0 0.10 INCH OR MORE: 6
MIN 32 OR BELOW: 0 0.50 INCH OR MORE: 4
MIN 0 OR BELOW: 0 1.00 INCH OR MORE: 1
[HDD (BASE 65) ]
TOTAL THIS MO. 39 CLEAR (SCALE 0-3) 4
DPTR FM NORMAL -5 PTCLDY (SCALE 4-7) 19
TOTAL FM JUL 1 39 CLOUDY (SCALE 8-10) 7
DPTR FM NORMAL -6
[CDD (BASE 65) ]
TOTAL THIS MO. 170
DPTR FM NORMAL 30 [PRESSURE DATA]
TOTAL FM JAN 1 1411 HIGHEST SLP M ON M
DPTR FM NORMAL 237 LOWEST SLP 29.58 ON 29
[REMARKS]
#FINAL-09-20#