000
CXUS53 KIND 010600
CF6EYE
PRELIMINARY LOCAL CLIMATOLOGICAL DATA (WS FORM: F-6)
STATION: INDIANAPOLIS EAGLE CREEK IN
MONTH: APRIL
YEAR: 2020
LATITUDE: 39 49 N
LONGITUDE: 86 18 W
TEMPERATURE IN F: :PCPN: SNOW: WIND :SUNSHINE: SKY :PK WND
================================================================================
1 2 3 4 5 6A 6B 7 8 9 10 11 12 13 14 15 16 17 18
12Z AVG MX 2MIN
DY MAX MIN AVG DEP HDD CDD WTR SNW DPTH SPD SPD DIR MIN PSBL S-S WX SPD DR
================================================================================
1 54 40 47 -1 18 0 T M M 6.0 13 330 M M 8 1 17 340
2 62 35 49 0 16 0 0.00 M M 2.1 8 340 M M 0 10 320
3 69 45 57 8 8 0 0.00 M M 2.9 9 100 M M 6 12 120
4 60 44 52 2 13 0 T M M 6.8 14 330 M M 10 1 19 290
5 56 41 49 -1 16 0 0.00 M M 5.3 10 330 M M 8 1 14 30
6 68 39 54 4 11 0 0.00 M M 2.2 12 210 M M 6 12 17 200
7 80 57 69 19 0 4 0.00 M M 8.1 17 210 M M 5 27 210
8 80 52 66 15 0 1 0.20 M M 6.7 37 330 M M 3 13 51 320
9 52 36 44 -7 21 0 0.01 M M 18.1 30 320 M M 4 1 48 320
10 50 32 41 -11 24 0 0.00 M M 11.3 21 300 M M 1 27 270
11 63 42 53 1 12 0 0.12 M M 7.1 17 200 M M 5 1 31 210
12 61 48 55 3 10 0 0.02 M M 6.7 17 150 M M 10 138 30 190
13 54 37 46 -6 19 0 T M M 16.0 32 300 M M 8 1 46 300
14 46 31 39 -14 26 0 0.00 M M 7.9 23 280 M M 2 32 280
15 46 28 37 -16 28 0 T M M 8.8 26 300 M M 4 39 270
16 48 25 37 -16 28 0 T M M 5.4 18 280 M M 5 24 280
17 48 36 42 -12 23 0 0.11 M M 9.9 20 340 M M 10 1 27 290
18 55 30 43 -11 22 0 0.00 M M 7.5 15 210 M M 2 1 25 240
19 64 40 52 -2 13 0 0.00 M M 5.3 13 30 M M 5 20 20
20 65 37 51 -4 14 0 T M M 6.5 20 270 M M 3 30 270
21 55 39 47 -8 18 0 0.00 M M 13.8 28 320 M M 1 39 310
22 72 34 53 -2 12 0 0.00 M M 5.6 16 200 M M 2 26 220
23 60 52 56 0 9 0 0.18 M M 5.1 12 100 M M 8 1 16 110
24 69 47 58 2 7 0 0.00 M M 4.4 13 10 M M 6 18 17 360
25 67 46 57 1 8 0 0.06 M M 9.4 20 130 M M 5 18 31 150
26 63 42 53 -3 12 0 0.06 M M 14.4 25 340 M M 5 1 36 330
27 66 37 52 -5 13 0 T M M 5.8 17 190 M M 3 25 210
28 77 54 66 9 0 1 0.01 M M 9.8 18 190 M M 5 30 190
29 67 50 59 2 6 0 0.08 M M 8.6 20 270 M M 9 1 32 260
30 50 44 47 -11 18 0 0.01 M M 14.3 25 320 M M 9 1 37 310
================================================================================
SM 1827 1220 425 6 0.86 M 241.8 M 158
================================================================================
AV 60.9 40.7 8.1 FASTST M M 5 MAX(MPH)
MISC ----> 37 330 51 320
================================================================================
NOTES:
# LAST OF SEVERAL OCCURRENCES
COLUMN 17 PEAK WIND IN M.P.H.
PRELIMINARY LOCAL CLIMATOLOGICAL DATA (WS FORM: F-6) , PAGE 2
STATION: INDIANAPOLIS EAGLE CREEK IN
MONTH: APRIL
YEAR: 2020
LATITUDE: 39 49 N
LONGITUDE: 86 18 W
[TEMPERATURE DATA] [PRECIPITATION DATA] SYMBOLS USED IN COLUMN 16
AVERAGE MONTHLY: 50.8 TOTAL FOR MONTH: 0.86 1 = FOG OR MIST
DPTR FM NORMAL: -2.3 DPTR FM NORMAL: -3.04 2 = FOG REDUCING VISIBILITY
HIGHEST: 80 ON 8, 7 GRTST 24HR 0.20 ON 8- 8 TO 1/4 MILE OR LESS
LOWEST: 25 ON 16 3 = THUNDER
SNOW, ICE PELLETS, HAIL 4 = ICE PELLETS
TOTAL MONTH: M 5 = HAIL
GRTST 24HR M ON M 6 = FREEZING RAIN OR DRIZZLE
GRTST DEPTH: M ON M 7 = DUSTSTORM OR SANDSTORM:
VSBY 1/2 MILE OR LESS
8 = SMOKE OR HAZE
[NO. OF DAYS WITH] [WEATHER - DAYS WITH] 9 = BLOWING SNOW
X = TORNADO
MAX 32 OR BELOW: 0 0.01 INCH OR MORE: 11
MAX 90 OR ABOVE: 0 0.10 INCH OR MORE: 4
MIN 32 OR BELOW: 5 0.50 INCH OR MORE: 0
MIN 0 OR BELOW: 0 1.00 INCH OR MORE: 0
[HDD (BASE 65) ]
TOTAL THIS MO. 425 CLEAR (SCALE 0-3) 9
DPTR FM NORMAL 55 PTCLDY (SCALE 4-7) 14
TOTAL FM JUL 1 4841 CLOUDY (SCALE 8-10) 7
DPTR FM NORMAL -353
[CDD (BASE 65) ]
TOTAL THIS MO. 6
DPTR FM NORMAL -8 [PRESSURE DATA]
TOTAL FM JAN 1 7 HIGHEST SLP M ON M
DPTR FM NORMAL -8 LOWEST SLP 29.35 ON 13
[REMARKS]
#FINAL-04-20#