000
CXUS52 KRAH 010845
CF6FAY
PRELIMINARY LOCAL CLIMATOLOGICAL DATA (WS FORM: F-6)
STATION: FAYETTEVILLE NC
MONTH: OCTOBER
YEAR: 2022
LATITUDE: 35 0 N
LONGITUDE: 78 53 W
TEMPERATURE IN F: :PCPN: SNOW: WIND :SUNSHINE: SKY :PK WND
================================================================================
1 2 3 4 5 6A 6B 7 8 9 10 11 12 13 14 15 16 17 18
12Z AVG MX 2MIN
DY MAX MIN AVG DEP HDD CDD WTR SNW DPTH SPD SPD DIR MIN PSBL S-S WX SPD DR
================================================================================
1 73 57 65 -5 0 0 0.01 M M 9.6 17 210 M M 10 1 25 160
2 69 56 63 -6 2 0 0.01 M M 8.1 17 350 M M 7 1 23 350
3 64 50 57 -12 8 0 0.00 M M 12.3 23 10 M M 9 1 29 30
4 73 49 61 -7 4 0 0.00 M M 7.5 16 300 M M 3 22 290
5 75 47 61 -7 4 0 0.00 0.0 0 4.6 15 310 M M 0 20 320
6 81 51 66 -2 0 1 0.00 0.0 0 4.4 12 230 M M 0 14 230
7 84 56 70 3 0 5 0.00 M M 5.2 14 220 M M 0 18 270
8 72 51 62 -5 3 0 0.00 M M 8.7 20 20 M M 1 24 10
9 72 46 59 -8 6 0 0.00 M M 3.3 9 110 M M 3 14 30
10 72 53 63 -3 2 0 0.00 M M 4.5 10 40 M M 9 14 30
11 78 51 65 -1 0 0 0.00 M M 4.5 9 50 M M 3 12 110
12 79 52 66 1 0 1 0.00 M M 5.1 13 130 M M 3 1 17 140
13 80 64 72 7 0 7 0.08 M M 5.4 14 170 M M 5 1 19 160
14 75 54 65 0 0 0 0.00 M M 5.0 16 20 M M 0 22 10
15 81 46 64 0 1 0 0.00 M M 7.3 15 260 M M 0 20 240
16 83 56 70 6 0 5 0.00 M M 7.7 12 210 M M 0 17 210
17 83 60 72 9 0 7 0.00 M M 9.3 24 220 M M 1 30 220
18 65 44 55 -8 10 0 0.00 M M 9.7 18 320 M M 1 25 340
19 60 34 47 -16 18 0 0.00 M M 5.4 18 260 M M 0 23 260
20 67 34 51 -11 14 0 0.00 M M 3.2 13 220 M M 0 17 240
21 71 37 54 -8 11 0 0.00 M M 1.7 9 70 M M 0 12 330
22 76 44 60 -2 5 0 0.00 M M 6.3 15 20 M M 2 18 20
23 73 53 63 2 2 0 0.00 M M 8.3 18 10 M M 0 23 350
24 77 50 64 3 1 0 0.00 M M 3.5 13 10 M M 2 15 360
25 76 48 62 2 3 0 0.00 M M 1.7 8 90 M M 3 128 11 80
26 76 56 66 6 0 1 0.00 M M 5.3 12 250 M M 8 12 14 230
27 72 54 63 3 2 0 0.00 M M 11.2 21 30 M M 6 28 20
28 67 52 60 1 5 0 0.08 M M 12.1 18 20 M M 8 1 23 30
29 63 55 59 0 6 0 0.08 M M 11.3 17 20 M M 10 1 25 30
30 70 55 63 4 2 0 0.00 M M 5.2 13 20 M M 9 17 30
31 78 57 68 10 0 3 T M M 3.8 14 250 M M 7 1 16 260
================================================================================
SM 2285 1572 109 30 0.26 0.0 201.2 M 110
================================================================================
AV 73.7 50.7 6.5 FASTST M M 4 MAX(MPH)
MISC ----> 24 220 30 220
================================================================================
NOTES:
# LAST OF SEVERAL OCCURRENCES
COLUMN 17 PEAK WIND IN M.P.H.
PRELIMINARY LOCAL CLIMATOLOGICAL DATA (WS FORM: F-6) , PAGE 2
STATION: FAYETTEVILLE NC
MONTH: OCTOBER
YEAR: 2022
LATITUDE: 35 0 N
LONGITUDE: 78 53 W
[TEMPERATURE DATA] [PRECIPITATION DATA] SYMBOLS USED IN COLUMN 16
AVERAGE MONTHLY: 62.2 TOTAL FOR MONTH: 0.26 1 = FOG OR MIST
DPTR FM NORMAL: -1.6 DPTR FM NORMAL: -2.97 2 = FOG REDUCING VISIBILITY
HIGHEST: 84 ON 7 GRTST 24HR 1.72 ON 30- 1 TO 1/4 MILE OR LESS
LOWEST: 34 ON 20,19 3 = THUNDER
SNOW, ICE PELLETS, HAIL 4 = ICE PELLETS
TOTAL MONTH: 0.0 INCH 5 = HAIL
GRTST 24HR 0.0 6 = FREEZING RAIN OR DRIZZLE
GRTST DEPTH: 0 7 = DUSTSTORM OR SANDSTORM:
VSBY 1/2 MILE OR LESS
8 = SMOKE OR HAZE
[NO. OF DAYS WITH] [WEATHER - DAYS WITH] 9 = BLOWING SNOW
X = TORNADO
MAX 32 OR BELOW: 0 0.01 INCH OR MORE: 5
MAX 90 OR ABOVE: 0 0.10 INCH OR MORE: 0
MIN 32 OR BELOW: 0 0.50 INCH OR MORE: 0
MIN 0 OR BELOW: 0 1.00 INCH OR MORE: 0
[HDD (BASE 65) ]
TOTAL THIS MO. 109 CLEAR (SCALE 0-3) 20
DPTR FM NORMAL -6 PTCLDY (SCALE 4-7) 6
TOTAL FM JUL 1 116 CLOUDY (SCALE 8-10) 5
DPTR FM NORMAL -6
[CDD (BASE 65) ]
TOTAL THIS MO. 30
DPTR FM NORMAL -49 [PRESSURE DATA]
TOTAL FM JAN 1 2273 HIGHEST SLP 30.35 ON 29
DPTR FM NORMAL 236 LOWEST SLP 29.56 ON 1
[REMARKS]
#FINAL-10-22#