000
CXUS52 KFFC 011010
CF6FFC
PRELIMINARY LOCAL CLIMATOLOGICAL DATA (WS FORM: F-6)
STATION: PEACHTREE CITY
MONTH: APRIL
YEAR: 2023
LATITUDE: 33 20 N
LONGITUDE: 84 34 W
TEMPERATURE IN F: :PCPN: SNOW: WIND :SUNSHINE: SKY :PK WND
================================================================================
1 2 3 4 5 6A 6B 7 8 9 10 11 12 13 14 15 16 17 18
12Z AVG MX 2MIN
DY MAX MIN AVG DEP HDD CDD WTR SNW DPTH SPD SPD DIR MIN PSBL S-S WX SPD DR
================================================================================
1 81 56 69 10 0 4 0.79 M M 9.2 22 320 M M 4 13 35 280
2 73 47 60 1 5 0 0.00 M M 5.2 15 310 M M 0 21 320
3 59 47 53 -6 12 0 0.35 M M 4.3 16 120 M M 7 13 23 110
4 80 59 70 10 0 5 0.00 M M 4.1 13 120 M M 7 12 17 140
5 86 58 72 12 0 7 0.00 M M 3.2 15 150 M M 4 12 26 200
6 83 63 73 13 0 8 0.00 M M 2.0 10 310 M M 5 1 17 260
7 80 52 66 6 0 1 0.00 M M 5.5 16 100 M M 6 1 26 50
8 52 43 48 -13 17 0 0.67 M M 7.6 15 100 M M 10 1 24 100
9 67 43 55 -6 10 0 0.00 M M 7.1 15 30 M M 4 22 30
10 67 40 54 -7 11 0 0.00 M M 5.8 18 90 M M 0 28 90
11 72 36 54 -7 11 0 0.00 M M 2.4 12 60 M M 0 18 20
12 77 38 58 -4 7 0 0.00 M M 1.9 13 120 M M 0 16 110
13 64 49 57 -5 8 0 0.32 M M 6.5 16 120 M M 8 13 27 120
14 71 59 65 3 0 0 0.12 M M 3.0 13 250 M M 9 12 20 260
15 80 51 66 4 0 1 0.00 M M 1.5 12 240 M M 3 1 20 300
16 73 53 63 1 2 0 0.06 M M 4.6 15 300 M M 7 1 23 290
17 71 42 57 -6 8 0 0.00 M M 6.1 22 320 M M 0 31 280
18 80 37 59 -4 6 0 0.00 M M 2.2 10 320 M M 0 15 310
19 82 44 63 0 2 0 0.00 M M 2.3 12 130 M M 0 18 170
20 83 47 65 2 0 0 0.00 M M 3.9 17 140 M M 0 1 26 130
21 79 50 65 1 0 0 0.00 M M 3.3 14 130 M M 0 22 150
22 72 45 59 -5 6 0 0.04 M M 8.1 22 330 M M 4 1 32 330
23 72 42 57 -7 8 0 0.00 M M 5.2 15 340 M M 2 23 330
24 68 45 57 -7 8 0 T M M 5.1 12 340 M M 5 17 350
25 76 44 60 -5 5 0 0.00 M M 3.1 9 310 M M 5 14 70
26 63 55 59 -6 6 0 0.14 M M 5.9 10 20 M M 9 18 17 20
27 63 54 59 -6 6 0 0.22 M M 4.6 10 100 M M 10 13 17 90
28 78 54 66 0 0 1 0.00 M M 2.7 15 250 M M 6 12 22 240
29 74 49 62 -4 3 0 0.36 M M 1.3 8 150 M M 3 1 17 170
30 72 49 61 -5 4 0 3.06 M M 9.6 23 310 M M 7 13 35 280
================================================================================
SM 2198 1451 145 27 6.13 M 137.3 M 125
================================================================================
AV 73.3 48.4 4.6 FASTST M M 4 MAX(MPH)
MISC ----> 23 310 # 35 280
================================================================================
NOTES:
# LAST OF SEVERAL OCCURRENCES
COLUMN 17 PEAK WIND IN M.P.H.
PRELIMINARY LOCAL CLIMATOLOGICAL DATA (WS FORM: F-6) , PAGE 2
STATION: PEACHTREE CITY
MONTH: APRIL
YEAR: 2023
LATITUDE: 33 20 N
LONGITUDE: 84 34 W
[TEMPERATURE DATA] [PRECIPITATION DATA] SYMBOLS USED IN COLUMN 16
AVERAGE MONTHLY: 60.8 TOTAL FOR MONTH: 6.13 1 = FOG OR MIST
DPTR FM NORMAL: -1.6 DPTR FM NORMAL: 2.36 2 = FOG REDUCING VISIBILITY
HIGHEST: 86 ON 5 GRTST 24HR 3.42 ON 29-30 TO 1/4 MILE OR LESS
LOWEST: 36 ON 11 3 = THUNDER
SNOW, ICE PELLETS, HAIL 4 = ICE PELLETS
TOTAL MONTH: M 5 = HAIL
GRTST 24HR M ON M 6 = FREEZING RAIN OR DRIZZLE
GRTST DEPTH: M ON M 7 = DUSTSTORM OR SANDSTORM:
VSBY 1/2 MILE OR LESS
8 = SMOKE OR HAZE
[NO. OF DAYS WITH] [WEATHER - DAYS WITH] 9 = BLOWING SNOW
X = TORNADO
MAX 32 OR BELOW: 0 0.01 INCH OR MORE: 11
MAX 90 OR ABOVE: 0 0.10 INCH OR MORE: 9
MIN 32 OR BELOW: 0 0.50 INCH OR MORE: 3
MIN 0 OR BELOW: 0 1.00 INCH OR MORE: 1
[HDD (BASE 65) ]
TOTAL THIS MO. 145 CLEAR (SCALE 0-3) 12
DPTR FM NORMAL 16 PTCLDY (SCALE 4-7) 14
TOTAL FM JUL 1 2085 CLOUDY (SCALE 8-10) 4
DPTR FM NORMAL -475
[CDD (BASE 65) ]
TOTAL THIS MO. 27
DPTR FM NORMAL -24 [PRESSURE DATA]
TOTAL FM JAN 1 59 HIGHEST SLP 30.43 ON 10
DPTR FM NORMAL -8 LOWEST SLP 29.44 ON 30
[REMARKS]
#FINAL-04-23#