000
CXUS52 KFFC 011010
CF6FFC
PRELIMINARY LOCAL CLIMATOLOGICAL DATA (WS FORM: F-6)
STATION: PEACHTREE CITY
MONTH: JULY
YEAR: 2021
LATITUDE: 33 20 N
LONGITUDE: 84 34 W
TEMPERATURE IN F: :PCPN: SNOW: WIND :SUNSHINE: SKY :PK WND
================================================================================
1 2 3 4 5 6A 6B 7 8 9 10 11 12 13 14 15 16 17 18
12Z AVG MX 2MIN
DY MAX MIN AVG DEP HDD CDD WTR SNW DPTH SPD SPD DIR MIN PSBL S-S WX SPD DR
================================================================================
1 86 66 76 -4 0 11 0.00 0.0 M 1.9 10 260 M M 3 1 16 180
2 80 72 76 -4 0 11 0.18 0.0 M 2.1 13 330 M M 7 1 17 330
3 85 63 74 -6 0 9 0.00 0.0 M 2.9 9 320 M M 2 18 14 310
4 87 59 73 -7 0 8 0.00 M M 1.1 8 150 M M 2 1 14 150
5 88 64 76 -4 0 11 0.00 M M 2.2 12 130 M M 1 18 17 130
6 87 70 79 -1 0 14 0.40 M M 4.6 14 160 M M 5 13 27 160
7 85 71 78 -2 0 13 0.07 M M 3.9 15 160 M M 7 1 28 140
8 85 71 78 -2 0 13 0.01 M M 2.9 12 280 M M 4 1 17 260
9 90 73 82 2 0 17 T M M 5.4 20 360 M M 4 3 27 320
10 90 71 81 0 0 16 0.08 M M 3.7 12 250 M M 3 3 20 220
11 83 71 77 -4 0 12 0.02 0.0 M 3.0 9 160 M M 5 1 16 170
12 82 70 76 -5 0 11 0.07 M M 3.1 15 270 M M 4 13 25 280
13 86 70 78 -3 0 13 0.20 M M 1.8 10 250 M M 4 1 17 250
14 89 68 79 -2 0 14 0.00 M M 1.6 14 320 M M 1 20 310
15 92 69 81 0 0 16 0.00 M M 2.1 9 150 M M 1 17 300
16 90 71 81 0 0 16 0.12 M M 2.0 10 280 M M 1 13 17 170
17 88 69 79 -2 0 14 0.24 M M 2.7 13 190 M M 2 13 23 180
18 86 71 79 -2 0 14 0.16 M M 1.3 9 170 M M 2 18 17 170
19 83 72 78 -3 0 13 1.01 M M 2.4 8 270 M M 7 138 16 210
20 83 72 78 -3 0 13 0.46 M M 2.1 17 320 M M 8 13 20 320
21 86 72 79 -2 0 14 0.01 M M 1.2 5 150 M M 6 1 M M
22 89 73 81 0 0 16 0.03 M M 2.6 10 310 M M 4 18 16 290
23 91 70 81 0 0 16 0.01 M M 2.3 17 60 M M 1 138 29 60
24 91 71 81 0 0 16 0.00 M M 1.6 7 160 M M 2 18 11 150
25 92 73 83 2 0 18 0.00 M M 2.1 8 290 M M 2 18 12 310
26 94 74 84 3 0 19 0.52 0.0 M 2.7 12 280 M M 3 138 16 90
27 92 73 83 2 0 18 T M 0 2.3 14 260 M M 2 13 21 260
28 94 73 84 3 0 19 T 0.0 M 3.1 12 340 M M 3 13 16 320
29 94 72 83 2 0 18 T M M 0.6 8 250 M M 0 18 11 260
30 92 73 83 2 0 18 0.00 M M 2.7 12 300 M M 1 18 15 300
31 93 74 84 3 0 19 T M M 4.4 14 310 M M 1 13 19 300
================================================================================
SM 2733 2181 0 450 3.59 0.0 78.4 M 98
================================================================================
AV 88.2 70.4 2.5 FASTST M M 3 MAX(MPH)
MISC ----> 20 360 29 60
================================================================================
NOTES:
# LAST OF SEVERAL OCCURRENCES
COLUMN 17 PEAK WIND IN M.P.H.
PRELIMINARY LOCAL CLIMATOLOGICAL DATA (WS FORM: F-6) , PAGE 2
STATION: PEACHTREE CITY
MONTH: JULY
YEAR: 2021
LATITUDE: 33 20 N
LONGITUDE: 84 34 W
[TEMPERATURE DATA] [PRECIPITATION DATA] SYMBOLS USED IN COLUMN 16
AVERAGE MONTHLY: 79.3 TOTAL FOR MONTH: 3.59 1 = FOG OR MIST
DPTR FM NORMAL: -1.5 DPTR FM NORMAL: -1.25 2 = FOG REDUCING VISIBILITY
HIGHEST: 94 ON 29,28 GRTST 24HR 1.36 ON 19-20 TO 1/4 MILE OR LESS
LOWEST: 59 ON 4 3 = THUNDER
SNOW, ICE PELLETS, HAIL 4 = ICE PELLETS
TOTAL MONTH: 0.0 INCH 5 = HAIL
GRTST 24HR 0.0 6 = FREEZING RAIN OR DRIZZLE
GRTST DEPTH: 0 7 = DUSTSTORM OR SANDSTORM:
VSBY 1/2 MILE OR LESS
8 = SMOKE OR HAZE
[NO. OF DAYS WITH] [WEATHER - DAYS WITH] 9 = BLOWING SNOW
X = TORNADO
MAX 32 OR BELOW: 0 0.01 INCH OR MORE: 17
MAX 90 OR ABOVE: 13 0.10 INCH OR MORE: 9
MIN 32 OR BELOW: 0 0.50 INCH OR MORE: 2
MIN 0 OR BELOW: 0 1.00 INCH OR MORE: 1
[HDD (BASE 65) ]
TOTAL THIS MO. 0 CLEAR (SCALE 0-3) 18
DPTR FM NORMAL 0 PTCLDY (SCALE 4-7) 13
TOTAL FM JUL 1 0 CLOUDY (SCALE 8-10) 0
DPTR FM NORMAL 0
[CDD (BASE 65) ]
TOTAL THIS MO. 450
DPTR FM NORMAL -38 [PRESSURE DATA]
TOTAL FM JAN 1 963 HIGHEST SLP 30.30 ON 13
DPTR FM NORMAL -162 LOWEST SLP 29.85 ON 2
[REMARKS]
#FINAL-07-21#