875
CXUS52 KFFC 011010
CF6FFC
PRELIMINARY LOCAL CLIMATOLOGICAL DATA (WS FORM: F-6)
STATION: PEACHTREE CITY
MONTH: MAY
YEAR: 2020
LATITUDE: 33 20 N
LONGITUDE: 84 34 W
TEMPERATURE IN F: :PCPN: SNOW: WIND :SUNSHINE: SKY :PK WND
================================================================================
1 2 3 4 5 6A 6B 7 8 9 10 11 12 13 14 15 16 17 18
12Z AVG MX 2MIN
DY MAX MIN AVG DEP HDD CDD WTR SNW DPTH SPD SPD DIR MIN PSBL S-S WX SPD DR
================================================================================
1 77 44 61 -4 4 0 0.00 0.0 0 5.6 20 310 M M 0 25 330
2 83 45 64 -1 1 0 0.00 0.0 0 1.8 8 240 M M 0 12 270
3 86 52 69 4 0 4 0.00 0.0 0 3.6 13 300 M M 0 16 240
4 86 58 72 6 0 7 0.00 0.0 0 1.8 9 270 M M 1 13 250
5 84 63 74 8 0 9 0.00 0.0 0 5.8 24 330 M M 2 1 31 330
6 77 50 64 -2 1 0 T 0.0 0 12.9 31 320 M M 1 46 320
7 71 43 57 -10 8 0 0.00 0.0 0 5.9 20 310 M M 0 25 280
8 68 45 57 -10 8 0 T M 0 5.5 22 320 M M 5 1 30 340
9 67 43 55 -12 10 0 0.00 0.0 0 6.7 18 330 M M 0 23 350
10 76 38 57 -10 8 0 0.00 0.0 0 2.5 13 320 M M 0 15 320
11 71 45 58 -10 7 0 0.00 0.0 0 7.9 20 310 M M 0 27 300
12 77 43 60 -8 5 0 0.00 0.0 0 1.4 9 130 M M 1 13 150
13 82 50 66 -2 0 1 0.00 0.0 0 2.6 14 140 M M 0 18 130
14 85 59 72 3 0 7 0.00 0.0 0 4.8 15 120 M M 2 21 130
15 85 58 72 3 0 7 0.00 0.0 0 3.7 14 130 M M 1 20 140
16 88 57 73 4 0 8 0.00 0.0 0 3.2 13 140 M M 1 17 130
17 89 60 75 6 0 10 0.34 0.0 0 4.4 14 270 M M 4 13 23 250
18 81 66 74 4 0 9 0.12 0.0 0 3.3 13 230 M M 7 12 25 230
19 78 65 72 2 0 7 0.17 0.0 0 5.7 17 300 M M 9 1 22 290
20 66 57 62 -8 3 0 0.23 0.0 0 6.0 13 90 M M 9 1 19 80
21 79 56 68 -2 0 3 0.00 0.0 0 3.2 8 130 M M 7 1 11 120
22 88 62 75 4 0 10 0.16 0.0 0 2.4 15 190 M M 4 13 27 190
23 90 65 78 7 0 13 T 0.0 0 2.4 15 310 M M 2 3 21 310
24 89 66 78 7 0 13 0.30 0.0 0 2.3 16 140 M M 1 138 20 190
25 88 66 77 6 0 12 0.06 M M 5.5 22 100 M M 2 1 33 90
26 77 69 73 1 0 8 0.08 0.0 M 7.7 16 120 M M 9 18 23 90
27 76 68 72 0 0 7 0.45 0.0 M 4.9 12 320 M M 10 13 17 50
28 87 66 77 5 0 12 0.35 M M 3.2 18 270 M M 6 138 27 240
29 86 70 78 6 0 13 0.29 0.0 M 2.2 14 330 M M 4 138 16 130
30 88 66 77 4 0 12 0.00 0.0 M 4.0 12 320 M M 2 1 16 320
31 88 60 74 1 0 9 0.00 0.0 M 3.9 12 340 M M 2 18 16 30
================================================================================
SM 2513 1755 55 181 2.55 0.0 136.8 M 92
================================================================================
AV 81.1 56.6 4.4 FASTST M M 3 MAX(MPH)
MISC ----> 31 320 46 320
================================================================================
NOTES:
# LAST OF SEVERAL OCCURRENCES
COLUMN 17 PEAK WIND IN M.P.H.
PRELIMINARY LOCAL CLIMATOLOGICAL DATA (WS FORM: F-6) , PAGE 2
STATION: PEACHTREE CITY
MONTH: MAY
YEAR: 2020
LATITUDE: 33 20 N
LONGITUDE: 84 34 W
[TEMPERATURE DATA] [PRECIPITATION DATA] SYMBOLS USED IN COLUMN 16
AVERAGE MONTHLY: 68.8 TOTAL FOR MONTH: 2.55 1 = FOG OR MIST
DPTR FM NORMAL: -0.2 DPTR FM NORMAL: -0.84 2 = FOG REDUCING VISIBILITY
HIGHEST: 90 ON 23 GRTST 24HR 0.54 ON 27-28 TO 1/4 MILE OR LESS
LOWEST: 38 ON 10 3 = THUNDER
SNOW, ICE PELLETS, HAIL 4 = ICE PELLETS
TOTAL MONTH: 0.0 INCH 5 = HAIL
GRTST 24HR 0.0 6 = FREEZING RAIN OR DRIZZLE
GRTST DEPTH: 0 7 = DUSTSTORM OR SANDSTORM:
VSBY 1/2 MILE OR LESS
8 = SMOKE OR HAZE
[NO. OF DAYS WITH] [WEATHER - DAYS WITH] 9 = BLOWING SNOW
X = TORNADO
MAX 32 OR BELOW: 0 0.01 INCH OR MORE: 11
MAX 90 OR ABOVE: 1 0.10 INCH OR MORE: 9
MIN 32 OR BELOW: 0 0.50 INCH OR MORE: 0
MIN 0 OR BELOW: 0 1.00 INCH OR MORE: 0
[HDD (BASE 65) ]
TOTAL THIS MO. 55 CLEAR (SCALE 0-3) 20
DPTR FM NORMAL 24 PTCLDY (SCALE 4-7) 7
TOTAL FM JUL 1 2068 CLOUDY (SCALE 8-10) 4
DPTR FM NORMAL -882
[CDD (BASE 65) ]
TOTAL THIS MO. 181
DPTR FM NORMAL 27 [PRESSURE DATA]
TOTAL FM JAN 1 292 HIGHEST SLP 30.31 ON 12
DPTR FM NORMAL 102 LOWEST SLP 29.71 ON 19
[REMARKS]
#FINAL-05-20#