000
CXUS53 KARX 012218
CF6FKA
PRELIMINARY LOCAL CLIMATOLOGICAL DATA (WS FORM: F-6)
STATION: PRESTON MN
MONTH: JULY
YEAR: 2023
LATITUDE: 43 40 N
LONGITUDE: 92 11 W
TEMPERATURE IN F: :PCPN: SNOW: WIND :SUNSHINE: SKY :PK WND
================================================================================
1 2 3 4 5 6A 6B 7 8 9 10 11 12 13 14 15 16 17 18
12Z AVG MX 2MIN
DY MAX MIN AVG DEP HDD CDD WTR SNW DPTH SPD SPD DIR MIN PSBL S-S WX SPD DR
================================================================================
1 81 64 73 M 0 8 0.00 0.0 0 3.6 7 30 M M 4 13 0
2 84 63 74 M 0 9 0.00 0.0 0 6.1 13 20 M M 1 20 50
3 90 63 77 M 0 12 0.37 0.0 0 8.5 17 100 M M 2 23 40
4 86 64 75 M 0 10 0.04 0.0 0 9.1 15 260 M M 2 22 230
5 77 59 68 M 0 3 0.10 0.0 0 8.6 13 330 M M 5 1 20 340
6 72 54 63 M 2 0 0.00 0.0 0 6.9 12 330 M M 5 21 330
7 72 46 59 M 6 0 T 0.0 0 4.7 10 310 M M 3 18 220
8 77 52 65 M 0 0 0.00 0.0 0 8.5 13 320 M M 1 1 18 300
9 81 52 67 M 0 2 0.00 0.0 0 7.5 14 230 M M 0 21 270
10 88 63 76 M 0 11 0.28 0.0 0 12.8 17 230 M M 2 8 32 210
11 73 59 66 M 0 1 M 0.0 0 4.6 12 50 M M 2 15 99
12 68 55 62 M 3 0 0.34 0.0 0 4.7 9 140 M M 9 1 15 70
13 82 61 72 M 0 7 0.01 0.0 0 9.4 17 290 M M 7 12 24 290
14 84 63 74 M 0 9 M 0.0 0 8.9 14 220 M M 4 8 21 220
15 82 61 72 M 0 7 0.00 0.0 0 10.1 21 280 M M 2 18 27 280
16 79 55 67 M 0 2 0.00 0.0 0 11.9 22 250 M M 2 8 30 250
17 70 52 61 M 4 0 0.00 0.0 0 8.9 14 300 M M 3 22 340
18 79 52 66 M 0 1 0.00 0.0 0 4.7 9 130 M M 2 14 200
19 82 59 71 M 0 6 0.00 0.0 0 8.8 15 210 M M 3 3 24 220
20 75 61 68 M 0 3 0.00 0.0 0 11.3 18 330 M M 3 24 350
21 79 55 67 M 0 2 M 0.0 0 5.2 12 40 M M 4 17 40
22 84 59 72 M 0 7 M 0.0 0 8.5 14 240 M M 3 23 22 240
23 82 59 71 M 0 6 0.00 0.0 0 2.7 9 300 M M 1 13 99
24 84 61 73 M 0 8 0.00 0.0 0 3.5 10 240 M M 0 18 13 190
25 90 66 78 M 0 13 0.00 0.0 0 8.3 14 160 M M 1 1 20 160
26 88 66 77 M 0 12 0.14 0.0 0 7.2 32 340 M M 2 13 55 340
27 90 70 80 M 0 15 0.15 0.0 0 9.1 16 90 M M 2 8 23 190
28 84 66 75 M 0 10 0.04 0.0 0 7.4 21 80 M M 4 29 80
29 81 61 71 M 0 6 0.00 0.0 0 6.9 12 360 M M 5 12 17 350
30 81 57 69 M 0 4 0.00 0.0 0 4.3 13 300 M M 2 16 300
31 79 54 67 M 0 2 0.00 0.0 0 2.8 8 100 M M 0 12 0
================================================================================
SM 2504 1832 15 176 1.47 0.0 225.5 M 86
================================================================================
AV 80.8 59.1 7.3 FASTST M M 3 MAX(MPH)
MISC ----> 32 340 55 340
================================================================================
NOTES:
# LAST OF SEVERAL OCCURRENCES
COLUMN 17 PEAK WIND IN M.P.H.
PRELIMINARY LOCAL CLIMATOLOGICAL DATA (WS FORM: F-6) , PAGE 2
STATION: PRESTON MN
MONTH: JULY
YEAR: 2023
LATITUDE: 43 40 N
LONGITUDE: 92 11 W
[TEMPERATURE DATA] [PRECIPITATION DATA] SYMBOLS USED IN COLUMN 16
AVERAGE MONTHLY: 69.9 TOTAL FOR MONTH: 1.47 1 = FOG OR MIST
DPTR FM NORMAL: 0.0 DPTR FM NORMAL: M 2 = FOG REDUCING VISIBILITY
HIGHEST: 90 ON 27,25 GRTST 24HR 0.37 ON 3- 3 TO 1/4 MILE OR LESS
LOWEST: 46 ON 7 3 = THUNDER
SNOW, ICE PELLETS, HAIL 4 = ICE PELLETS
TOTAL MONTH: 0.0 INCH 5 = HAIL
GRTST 24HR 0.0 6 = FREEZING RAIN OR DRIZZLE
GRTST DEPTH: 0 7 = DUSTSTORM OR SANDSTORM:
VSBY 1/2 MILE OR LESS
8 = SMOKE OR HAZE
[NO. OF DAYS WITH] [WEATHER - DAYS WITH] 9 = BLOWING SNOW
X = TORNADO
MAX 32 OR BELOW: 0 0.01 INCH OR MORE: 9
MAX 90 OR ABOVE: 3 0.10 INCH OR MORE: 5
MIN 32 OR BELOW: 0 0.50 INCH OR MORE: 0
MIN 0 OR BELOW: 0 1.00 INCH OR MORE: 0
[HDD (BASE 65) ]
TOTAL THIS MO. 15 CLEAR (SCALE 0-3) 21
DPTR FM NORMAL M PTCLDY (SCALE 4-7) 9
TOTAL FM JUL 1 15 CLOUDY (SCALE 8-10) 1
DPTR FM NORMAL M
[CDD (BASE 65) ]
TOTAL THIS MO. 176
DPTR FM NORMAL M [PRESSURE DATA]
TOTAL FM JAN 1 370 HIGHEST SLP M ON M
DPTR FM NORMAL M LOWEST SLP M ON M
[REMARKS]
#FINAL-07-23#