000
CXUS53 KARX 011000
CF6FKA
PRELIMINARY LOCAL CLIMATOLOGICAL DATA (WS FORM: F-6)
STATION: PRESTON MN
MONTH: JANUARY
YEAR: 2021
LATITUDE: 43 40 N
LONGITUDE: 92 11 W
TEMPERATURE IN F: :PCPN: SNOW: WIND :SUNSHINE: SKY :PK WND
================================================================================
1 2 3 4 5 6A 6B 7 8 9 10 11 12 13 14 15 16 17 18
12Z AVG MX 2MIN
DY MAX MIN AVG DEP HDD CDD WTR SNW DPTH SPD SPD DIR MIN PSBL S-S WX SPD DR
================================================================================
1 20 13 17 M 48 0 M M M 5.0 13 180 M M 5 1 22 180
2 25 13 19 M 46 0 M M M 3.9 10 180 M M 10 12 M M
3 25 13 19 M 46 0 M M M 3.6 7 190 M M 7 12 M M
4 32 18 25 M 40 0 0.13 M M 6.8 16 300 M M 6 1 22 300
5 35 19 27 M 38 0 M M M 3.2 9 310 M M 0 M M
6 30 19 25 M 40 0 0.00 0.0 M 5.2 7 110 M M 2 1 M M
7 29 21 25 M 40 0 0.00 0.0 M 2.8 8 120 M M 10 18 M M
8 25 22 24 M 41 0 0.00 0.0 M 5.6 9 30 M M 10 18 M M
9 22 16 19 M 46 0 0.00 0.0 M 4.7 8 300 M M 10 1 M M
10 26 15 21 M 44 0 0.00 0.0 M 6.9 10 280 M M 10 1 12 350
11 35 23 29 M 36 0 0.00 0.0 M 11.5 18 210 M M 2 8 25 210
12 40 19 30 M 35 0 0.00 0.0 M 7.7 13 220 M M 0 1 16 210
13 40 27 34 M 31 0 0.00 0.0 M 7.3 12 190 M M 0 M M
14 32 26 29 M 36 0 M M M 5.3 8 160 M M 7 1 M M
15 33 31 32 M 33 0 M M M 8.1 13 350 M M 10 1 18 350
16 32 22 27 M 38 0 M M M 12.4 15 310 M M 10 1 20 310
17 22 18 20 M 45 0 M M M 6.6 13 310 M M 10 1 M M
18 22 17 20 M 45 0 M M M 8.5 12 310 M M 6 1 M M
19 23 -1 11 M 54 0 M M M 9.0 15 310 M M 7 22 330
20 36 -4 16 M 49 0 0.00 0.0 M 15.6 25 190 M M 0 18 31 210
21 32 8 20 M 45 0 0.00 0.0 M 19.6 24 290 M M 1 35 300
22 11 -2 5 M 60 0 0.00 0.0 M 8.3 17 320 M M 0 8 22 320
23 18 -3 8 M 57 0 M M M 7.9 14 140 M M 3 8 17 140
24 22 8 15 M 50 0 M M M 6.4 10 360 M M 3 1 M M
25 19 5 12 M 53 0 M M M 8.9 17 30 M M 0 1 23 40
26 19 12 16 M 49 0 M M M 10.5 16 10 M M 4 23 10
27 17 4 11 M 54 0 0.00 0.0 M 5.5 10 350 M M 4 M M
28 20 3 12 M 53 0 0.00 0.0 M 5.6 10 160 M M 2 16 160
29 24 14 19 M 46 0 0.00 0.0 M 10.2 16 120 M M 6 1 21 130
30 31 23 27 M 38 0 M M M 12.2 16 110 M M 6 1 23 130
31 30 26 28 M 37 0 M M M 10.3 14 360 M M 10 18 20
================================================================================
SM 827 445 1373 0 0.13 0.0 245.1 M 161
================================================================================
AV 26.7 14.4 7.9 FASTST M M 5 MAX(MPH)
MISC ----> 25 190 35 300
================================================================================
NOTES:
# LAST OF SEVERAL OCCURRENCES
COLUMN 17 PEAK WIND IN M.P.H.
PRELIMINARY LOCAL CLIMATOLOGICAL DATA (WS FORM: F-6) , PAGE 2
STATION: PRESTON MN
MONTH: JANUARY
YEAR: 2021
LATITUDE: 43 40 N
LONGITUDE: 92 11 W
[TEMPERATURE DATA] [PRECIPITATION DATA] SYMBOLS USED IN COLUMN 16
AVERAGE MONTHLY: 20.5 TOTAL FOR MONTH: 0.13 1 = FOG OR MIST
DPTR FM NORMAL: 0.0 DPTR FM NORMAL: M 2 = FOG REDUCING VISIBILITY
HIGHEST: 40 ON 13,12 GRTST 24HR 0.33 ON 14-15 TO 1/4 MILE OR LESS
LOWEST: -4 ON 20 3 = THUNDER
SNOW, ICE PELLETS, HAIL 4 = ICE PELLETS
TOTAL MONTH: 0.0 INCH 5 = HAIL
GRTST 24HR 0.0 6 = FREEZING RAIN OR DRIZZLE
GRTST DEPTH: M ON M 7 = DUSTSTORM OR SANDSTORM:
VSBY 1/2 MILE OR LESS
8 = SMOKE OR HAZE
[NO. OF DAYS WITH] [WEATHER - DAYS WITH] 9 = BLOWING SNOW
X = TORNADO
MAX 32 OR BELOW: 25 0.01 INCH OR MORE: 1
MAX 90 OR ABOVE: 0 0.10 INCH OR MORE: 1
MIN 32 OR BELOW: 31 0.50 INCH OR MORE: 0
MIN 0 OR BELOW: 4 1.00 INCH OR MORE: 0
[HDD (BASE 65) ]
TOTAL THIS MO. 1373 CLEAR (SCALE 0-3) 10
DPTR FM NORMAL M PTCLDY (SCALE 4-7) 12
TOTAL FM JUL 1 4349 CLOUDY (SCALE 8-10) 9
DPTR FM NORMAL M
[CDD (BASE 65) ]
TOTAL THIS MO. 0
DPTR FM NORMAL M [PRESSURE DATA]
TOTAL FM JAN 1 0 HIGHEST SLP M ON M
DPTR FM NORMAL M LOWEST SLP M ON M
[REMARKS]
#FINAL-01-21#