000
CXUS53 KMKX 010910
CF6FLD
PRELIMINARY LOCAL CLIMATOLOGICAL DATA (WS FORM: F-6)
STATION: FOND_DU_LAC WI
MONTH: FEBRUARY
YEAR: 2024
LATITUDE: 43 46 N
LONGITUDE: 88 29 W
TEMPERATURE IN F: :PCPN: SNOW: WIND :SUNSHINE: SKY :PK WND
================================================================================
1 2 3 4 5 6A 6B 7 8 9 10 11 12 13 14 15 16 17 18
12Z AVG MX 2MIN
DY MAX MIN AVG DEP HDD CDD WTR SNW DPTH SPD SPD DIR MIN PSBL S-S WX SPD DR
================================================================================
1 45 31 38 19 27 0 0.00 M M 6.3 20 30 M M 5 12 25 30
2 37 31 34 15 31 0 0.00 M M 8.9 16 30 M M 10 21 50
3 44 29 37 18 28 0 T M M 5.5 10 40 M M 7 1 12 190
4 37 24 31 12 34 0 0.00 M M 3.1 8 10 M M 5 128 12 40
5 32 25 29 10 36 0 T M M 5.4 12 40 M M 7 128 15 40
6 40 27 34 14 31 0 T M M 6.2 14 190 M M 6 12 19 180
7 45 30 38 18 27 0 0.00 M M 8.5 15 160 M M 0 1 22 160
8 56 38 47 27 18 0 0.11 M M 12.9 32 210 M M 4 53 200
9 47 37 42 22 23 0 0.00 M M 12.6 21 240 M M 9 34 220
10 38 25 32 12 33 0 0.00 M M 12.0 21 310 M M 6 28 310
11 37 25 31 10 34 0 0.00 M M 7.4 14 250 M M 6 19 250
12 49 26 38 17 27 0 0.00 M M 8.9 22 20 M M 2 29 20
13 36 22 29 8 36 0 T M M 5.5 20 20 M M 8 23 30
14 44 21 33 11 32 0 0.00 M M 6.9 17 210 M M 9 23 210
15 39 23 31 9 34 0 0.40 M M 11.5 24 290 M M 5 1 33 290
16 27 8 18 -4 47 0 T M M 10.2 23 310 M M 2 30 320
17 29 7 18 -4 47 0 T M M 12.6 24 220 M M 0 36 210
18 37 14 26 3 39 0 0.00 M M 8.6 20 300 M M 0 27 280
19 42 14 28 5 37 0 0.00 M M 2.7 9 140 M M 0 1 12 140
20 49 24 37 13 28 0 0.00 M M 8.4 17 130 M M 0 18 22 130
21 57 34 46 22 19 0 T M M 2.6 13 240 M M 1 17 210
22 59 27 43 19 22 0 0.00 M M 5.7 14 300 M M 0 19 310
23 42 17 30 5 35 0 T M M 12.4 22 30 M M 4 27 20
24 M M M M M M T M M 10.1 21 190 M M 0 28 190
25 57 36 47 22 18 0 0.00 M M 11.5 22 200 M M 1 33 200
26 56 29 43 17 22 0 0.00 M M 12.2 25 130 M M 0 32 120
27 71 40 56 30 9 0 0.01 M M 12.4 26 330 M M 1 35 330
28 39 14 27 1 38 0 0.05 M M 18.4 32 320 M M 5 1 43 310
29 42 10 26 -1 39 0 0.00 M M 9.5 24 180 M M 0 31 190
================================================================================
SM 1233 688 851 0 0.57 M 258.9 M 103
================================================================================
AV 44.0 24.6 8.9 FASTST M M 4 MAX(MPH)
MISC ----> # 32 210 53 200
================================================================================
NOTES:
# LAST OF SEVERAL OCCURRENCES
COLUMN 17 PEAK WIND IN M.P.H.
PRELIMINARY LOCAL CLIMATOLOGICAL DATA (WS FORM: F-6) , PAGE 2
STATION: FOND_DU_LAC WI
MONTH: FEBRUARY
YEAR: 2024
LATITUDE: 43 46 N
LONGITUDE: 88 29 W
[TEMPERATURE DATA] [PRECIPITATION DATA] SYMBOLS USED IN COLUMN 16
AVERAGE MONTHLY: 34.3 TOTAL FOR MONTH: 0.57 1 = FOG OR MIST
DPTR FM NORMAL: 12.3 DPTR FM NORMAL: -0.12 2 = FOG REDUCING VISIBILITY
HIGHEST: 71 ON 27 GRTST 24HR 0.40 ON 15-15 TO 1/4 MILE OR LESS
LOWEST: 7 ON 17 3 = THUNDER
SNOW, ICE PELLETS, HAIL 4 = ICE PELLETS
TOTAL MONTH: M 5 = HAIL
GRTST 24HR M ON M 6 = FREEZING RAIN OR DRIZZLE
GRTST DEPTH: M ON M 7 = DUSTSTORM OR SANDSTORM:
VSBY 1/2 MILE OR LESS
8 = SMOKE OR HAZE
[NO. OF DAYS WITH] [WEATHER - DAYS WITH] 9 = BLOWING SNOW
X = TORNADO
MAX 32 OR BELOW: 3 0.01 INCH OR MORE: 4
MAX 90 OR ABOVE: 0 0.10 INCH OR MORE: 2
MIN 32 OR BELOW: 23 0.50 INCH OR MORE: 0
MIN 0 OR BELOW: 0 1.00 INCH OR MORE: 0
[HDD (BASE 65) ]
TOTAL THIS MO. 851 CLEAR (SCALE 0-3) 14
DPTR FM NORMAL -351 PTCLDY (SCALE 4-7) 11
TOTAL FM JUL 1 4213 CLOUDY (SCALE 8-10) 4
DPTR FM NORMAL -1243
[CDD (BASE 65) ]
TOTAL THIS MO. 0
DPTR FM NORMAL 0 [PRESSURE DATA]
TOTAL FM JAN 1 0 HIGHEST SLP 30.46 ON 29
DPTR FM NORMAL 0 LOWEST SLP 29.21 ON 27
[REMARKS]
#FINAL-02-24#