000
CXUS52 KMFL 230630
CF6FLL
PRELIMINARY LOCAL CLIMATOLOGICAL DATA (WS FORM: F-6)
STATION: FORT LAUDERDALE
MONTH: APRIL
YEAR: 2024
LATITUDE: 26 4 N
LONGITUDE: 80 9 W
TEMPERATURE IN F: :PCPN: SNOW: WIND :SUNSHINE: SKY :PK WND
================================================================================
1 2 3 4 5 6A 6B 7 8 9 10 11 12 13 14 15 16 17 18
12Z AVG MX 2MIN
DY MAX MIN AVG DEP HDD CDD WTR SNW DPTH SPD SPD DIR MIN PSBL S-S WX SPD DR
================================================================================
1 83 73 78 4 0 13 0.00 0.0 0 10.2 18 120 M M 6 25 130
2 86 72 79 5 0 14 0.00 0.0 0 9.8 23 130 M M 7 30 130
3 93 76 85 10 0 20 0.00 0.0 0 14.9 28 220 M M 6 40 200
4 83 70 77 2 0 12 0.17 0.0 0 10.3 21 230 M M 6 1 32 200
5 83 65 74 -1 0 9 0.00 0.0 0 6.8 15 320 M M 1 24 330
6 84 64 74 -1 0 9 0.00 0.0 0 7.0 16 270 M M 1 24 280
7 83 67 75 0 0 10 0.00 0.0 0 8.8 17 80 M M 5 26 90
8 82 71 77 2 0 12 0.00 0.0 0 14.8 23 110 M M 6 31 80
9 83 74 79 3 0 14 0.00 0.0 0 16.9 23 110 M M 6 8 33 130
10 85 76 81 5 0 16 0.00 0.0 0 15.4 23 130 M M 4 30 140
11 90 77 84 8 0 19 0.05 0.0 0 16.1 28 170 M M 7 1 40 170
12 85 71 78 2 0 13 0.00 0.0 0 7.7 17 320 M M 3 23 310
13 83 65 74 -2 0 9 0.00 0.0 0 9.9 18 40 M M 3 28 70
14 82 67 75 -1 0 10 0.00 0.0 0 8.4 20 80 M M 3 27 100
15 82 72 77 1 0 12 0.00 0.0 0 9.7 15 80 M M 2 25 60
16 86 75 81 4 0 16 0.00 0.0 0 12.4 21 90 M M 3 27 80
17 85 76 81 4 0 16 0.00 0.0 0 12.6 21 90 M M 6 27 100
18 85 75 80 3 0 15 0.00 0.0 0 10.4 18 130 M M 5 26 150
19 86 73 80 3 0 15 0.00 0.0 0 7.2 15 120 M M 2 20 120
20 88 76 82 5 0 17 0.00 0.0 0 7.3 18 140 M M 1 24 150
21 89 77 83 6 0 18 0.00 M M 9.2 20 130 M M 3 26 140
22 M M M M M M M M M M M M M M M M M
================================================================================
SM 1786 1512 0 289 0.22 0.0 225.8 M 86
================================================================================
AV 85.0 72.0 10.8 FASTST M M 4 MAX(MPH)
MISC ----> # 28 220 # 40 200
================================================================================
NOTES:
# LAST OF SEVERAL OCCURRENCES
COLUMN 17 PEAK WIND IN M.P.H.
PRELIMINARY LOCAL CLIMATOLOGICAL DATA (WS FORM: F-6) , PAGE 2
STATION: FORT LAUDERDALE
MONTH: APRIL
YEAR: 2024
LATITUDE: 26 4 N
LONGITUDE: 80 9 W
[TEMPERATURE DATA] [PRECIPITATION DATA] SYMBOLS USED IN COLUMN 16
AVERAGE MONTHLY: 78.5 TOTAL FOR MONTH: 0.22 1 = FOG OR MIST
DPTR FM NORMAL: 2.7 DPTR FM NORMAL: -1.92 2 = FOG REDUCING VISIBILITY
HIGHEST: 93 ON 3 GRTST 24HR 1.24 ON 22-22 TO 1/4 MILE OR LESS
LOWEST: 64 ON 6 3 = THUNDER
SNOW, ICE PELLETS, HAIL 4 = ICE PELLETS
TOTAL MONTH: 0.0 INCH 5 = HAIL
GRTST 24HR 0.0 6 = FREEZING RAIN OR DRIZZLE
GRTST DEPTH: 0 7 = DUSTSTORM OR SANDSTORM:
VSBY 1/2 MILE OR LESS
8 = SMOKE OR HAZE
[NO. OF DAYS WITH] [WEATHER - DAYS WITH] 9 = BLOWING SNOW
X = TORNADO
MAX 32 OR BELOW: 0 0.01 INCH OR MORE: 2
MAX 90 OR ABOVE: 2 0.10 INCH OR MORE: 1
MIN 32 OR BELOW: 0 0.50 INCH OR MORE: 0
MIN 0 OR BELOW: 0 1.00 INCH OR MORE: 0
[HDD (BASE 65) ]
TOTAL THIS MO. 0 CLEAR (SCALE 0-3) 7
DPTR FM NORMAL 0 PTCLDY (SCALE 4-7) 14
TOTAL FM JUL 1 37 CLOUDY (SCALE 8-10) 0
DPTR FM NORMAL -84
[CDD (BASE 65) ]
TOTAL THIS MO. 289
DPTR FM NORMAL 48 [PRESSURE DATA]
TOTAL FM JAN 1 968 HIGHEST SLP M ON M
DPTR FM NORMAL 151 LOWEST SLP 29.72 ON 3
[REMARKS]