000
CXUS52 KMFL 011437
CLMFLL
CLIMATE REPORT
NATIONAL WEATHER SERVICE MIAMI, FL
937 AM EST THU FEB 01 2024
...................................
...THE FORT LAUDERDALE CLIMATE SUMMARY FOR THE MONTH OF JANUARY 2024...
CLIMATE NORMAL PERIOD: 1991 TO 2020
CLIMATE RECORD PERIOD: 1912 TO 2024
WEATHER OBSERVED NORMAL DEPART LAST YEAR`S
VALUE DATE(S) VALUE FROM VALUE
NORMAL
..............................................................
TEMPERATURE (F)
RECORD
HIGH 88 01/14/1979
01/26/1965
01/20/1947
LOW 28 01/20/1977
01/19/1977
HIGHEST 86 01/12 86
01/13
LOWEST 51 01/21 43
AVG. MAXIMUM 76.7 75.6 1.1 79.2
AVG. MINIMUM 63.6 60.9 2.7 64.5
MEAN 70.1 68.3 1.8 71.8
DAYS MAX >= 90 0 0
DAYS MAX <= 32 0 0
DAYS MIN <= 32 0 0
DAYS MIN <= 0 0 0
PRECIPITATION (INCHES)
RECORD
MAXIMUM 10.03 1993
MINIMUM 0.00 1951
TOTALS 0.84 2.90 -2.06 0.03
DAILY AVG. 0.03 0.09 -0.06 0.00
DAYS >= .01 9 1
DAYS >= .10 3 0
DAYS >= .50 0 0
DAYS >= 1.00 0 0
GREATEST
24 HR. TOTAL 0.30 01/11 TO 01/12 0.03
DEGREE DAYS
HEATING TOTAL 16 52 -36 28
SINCE 7/1 27 90 -63 MM
COOLING TOTAL 184 153 31 246
SINCE 1/1 184 153 31 MM
..............................................................
WIND (MPH)
AVERAGE WIND SPEED 10.4
HIGHEST WIND SPEED/DIRECTION 30/120 DATE 01/08
30/120 01/09
HIGHEST GUST SPEED/DIRECTION 42/140 DATE 01/09
SKY COVER
POSSIBLE SUNSHINE (PERCENT) MM
AVERAGE SKY COVER 0.65
NUMBER OF DAYS FAIR 4
NUMBER OF DAYS PC 15
NUMBER OF DAYS CLOUDY 12
AVERAGE RH (PERCENT) 77
WEATHER CONDITIONS. NUMBER OF DAYS WITH
THUNDERSTORM 0 MIXED PRECIP 0
HEAVY RAIN 0 RAIN 2
LIGHT RAIN 11 FREEZING RAIN 0
LT FREEZING RAIN 0 HAIL 0
HEAVY SNOW 0 SNOW 0
LIGHT SNOW 0 SLEET 0
FOG 7 FOG W/VIS <= 1/4 MILE 0
HAZE 1
- INDICATES NEGATIVE NUMBERS.
R INDICATES RECORD WAS SET OR TIED.
MM INDICATES DATA IS MISSING.
T INDICATES TRACE AMOUNT.
$$