000
CXUS54 KLZK 011330
CF6FLP
PRELIMINARY LOCAL CLIMATOLOGICAL DATA (WS FORM: F-6)
STATION: FLIPPIN
MONTH: DECEMBER
YEAR: 2022
LATITUDE: 36 17 N
LONGITUDE: 92 28 W
TEMPERATURE IN F: :PCPN: SNOW: WIND :SUNSHINE: SKY :PK WND
================================================================================
1 2 3 4 5 6A 6B 7 8 9 10 11 12 13 14 15 16 17 18
12Z AVG MX 2MIN
DY MAX MIN AVG DEP HDD CDD WTR SNW DPTH SPD SPD DIR MIN PSBL S-S WX SPD DR
================================================================================
1 41 23 32 M 33 0 0.00 M M 1.7 8 120 M M 1 M M
2 59 44 52 M 13 0 0.00 M M 7.4 13 200 M M 9 21 200
3 61 30 46 M 19 0 0.00 M M 7.3 17 310 M M 1 26 310
4 44 29 37 M 28 0 T M M 2.4 6 30 M M 8 M M
5 53 40 47 M 18 0 0.00 M M 2.4 6 160 M M 9 1 M M
6 61 48 55 M 10 0 0.01 M M 3.0 7 330 M M 8 12 M M
7 54 49 52 M 13 0 0.18 M M 2.8 6 90 M M 10 1 M M
8 55 50 53 M 12 0 0.96 M M 3.0 6 120 M M 10 12 M M
9 63 44 54 M 11 0 0.01 M M 2.7 8 280 M M 3 128 M M
10 50 44 47 M 18 0 0.82 M M 3.6 10 140 M M 10 1 M M
11 49 44 47 M 18 0 0.01 M M 4.2 8 30 M M 10 1 M M
12 44 40 42 M 23 0 T M M 7.0 12 110 M M 10 1 17 110
13 53 40 47 M 18 0 0.14 M M 7.2 10 120 M M 10 1 M M
14 M M M M M M 0.00 M M M M M M M M M M
15 M M M M M M 0.00 M M M M M M M M M M
16 M M M M M M 0.00 M M M M M M M M M M
17 M M M M M M 0.00 M M M M M M M M M M
18 M M M M M M 0.00 M M M M M M M M M M
19 M M M M M M 0.00 M M M M M M M M M M
20 M M M M M M 0.00 M M 3.5 4 330 M M 0 M M
21 46 24 35 M 30 0 0.00 M M 2.8 6 120 M M 2 M M
22 40 -3 19 M 46 0 T M M 10.5 22 300 M M 10 1 38 310
23 13 -3 5 M 60 0 0.00 M M 13.5 21 290 M M 6 30 290
24 27 8 18 M 47 0 0.00 M M 8.9 13 310 M M 3 17 300
25 33 12 23 M 42 0 0.00 M M 3.5 10 310 M M 2 M M
26 45 23 34 M 31 0 T M M 6.1 16 320 M M 8 25 320
27 45 16 31 M 34 0 0.00 M M 4.4 10 320 M M 3 M M
28 61 33 47 M 18 0 0.00 M M 9.3 17 180 M M 1 31 170
29 73 57 65 M 0 0 0.00 M M 8.3 15 200 M M 5 24 210
30 61 40 51 M 14 0 0.01 M M 3.8 8 340 M M 4 M M
31 64 37 51 M 14 0 0.00 M M 3.2 13 210 M M 3 8 20 200
================================================================================
SM 1195 769 570 0 2.14 M 132.6 M 146
================================================================================
AV 49.8 32.0 5.3 FASTST M M 6 MAX(MPH)
MISC ----> 22 300 38 310
================================================================================
NOTES:
# LAST OF SEVERAL OCCURRENCES
COLUMN 17 PEAK WIND IN M.P.H.
PRELIMINARY LOCAL CLIMATOLOGICAL DATA (WS FORM: F-6) , PAGE 2
STATION: FLIPPIN
MONTH: DECEMBER
YEAR: 2022
LATITUDE: 36 17 N
LONGITUDE: 92 28 W
[TEMPERATURE DATA] [PRECIPITATION DATA] SYMBOLS USED IN COLUMN 16
AVERAGE MONTHLY: 40.9 TOTAL FOR MONTH: 2.14 1 = FOG OR MIST
DPTR FM NORMAL: 0.0 DPTR FM NORMAL: M 2 = FOG REDUCING VISIBILITY
HIGHEST: 73 ON 29 GRTST 24HR 1.13 ON 7- 8 TO 1/4 MILE OR LESS
LOWEST: -3 ON 23,22 3 = THUNDER
SNOW, ICE PELLETS, HAIL 4 = ICE PELLETS
TOTAL MONTH: M 5 = HAIL
GRTST 24HR M ON M 6 = FREEZING RAIN OR DRIZZLE
GRTST DEPTH: M ON M 7 = DUSTSTORM OR SANDSTORM:
VSBY 1/2 MILE OR LESS
8 = SMOKE OR HAZE
[NO. OF DAYS WITH] [WEATHER - DAYS WITH] 9 = BLOWING SNOW
X = TORNADO
MAX 32 OR BELOW: 2 0.01 INCH OR MORE: 8
MAX 90 OR ABOVE: 0 0.10 INCH OR MORE: 4
MIN 32 OR BELOW: 10 0.50 INCH OR MORE: 2
MIN 0 OR BELOW: 2 1.00 INCH OR MORE: 0
[HDD (BASE 65) ]
TOTAL THIS MO. 570 CLEAR (SCALE 0-3) 9
DPTR FM NORMAL M PTCLDY (SCALE 4-7) 7
TOTAL FM JUL 1 1298 CLOUDY (SCALE 8-10) 15
DPTR FM NORMAL M
[CDD (BASE 65) ]
TOTAL THIS MO. 0
DPTR FM NORMAL M [PRESSURE DATA]
TOTAL FM JAN 1 1931 HIGHEST SLP 30.02 ON 30
DPTR FM NORMAL M LOWEST SLP 29.93 ON 30
[REMARKS]
#FINAL-12-22#