822
CXUS52 KTBW 011000
CF6FMY
PRELIMINARY LOCAL CLIMATOLOGICAL DATA (WS FORM: F-6)
STATION: Fort Myers
MONTH: JUNE
YEAR: 2020
LATITUDE: 26 34 N
LONGITUDE: 81 52 W
TEMPERATURE IN F: :PCPN: SNOW: WIND :SUNSHINE: SKY :PK WND
================================================================================
1 2 3 4 5 6A 6B 7 8 9 10 11 12 13 14 15 16 17 18
12Z AVG MX 2MIN
DY MAX MIN AVG DEP HDD CDD WTR SNW DPTH SPD SPD DIR MIN PSBL S-S WX SPD DR
================================================================================
1 92 75 84 2 0 19 0.09 0.0 0 5.4 21 80 M M 2 13 29 80
2 91 74 83 1 0 18 0.54 0.0 0 7.0 23 270 M M 3 13 31 110
3 84 72 78 -4 0 13 2.28 0.0 0 6.5 15 140 M M 5 13 18 140
4 83 72 78 -4 0 13 0.72 0.0 0 5.9 17 190 M M 4 13 24 150
5 87 73 80 -2 0 15 0.78 0.0 0 6.4 26 150 M M 5 13 33 140
6 87 74 81 -1 0 16 0.32 0.0 0 8.2 20 170 M M 5 13 28 160
7 89 78 84 2 0 19 0.01 0.0 0 9.0 18 170 M M 3 26 200
8 90 78 84 2 0 19 0.00 0.0 0 6.2 15 240 M M 4 1 22 200
9 93 75 84 2 0 19 T 0.0 0 6.3 23 50 M M 2 3 29 40
10 92 73 83 1 0 18 0.70 0.0 0 4.3 20 170 M M 2 13 33 170
11 91 74 83 1 0 18 0.48 0.0 0 5.1 17 70 M M 3 13 23 100
12 90 73 82 0 0 17 0.00 0.0 0 7.3 14 90 M M 1 19 80
13 88 72 80 -2 0 15 1.62 0.0 0 5.9 18 290 M M 3 13 24 280
14 89 73 81 -2 0 16 0.30 0.0 0 5.9 21 20 M M 4 13 27 30
15 91 73 82 -1 0 17 0.00 0.0 0 6.3 17 130 M M 2 22 130
16 90 70 80 -3 0 15 0.00 0.0 0 7.2 14 20 M M 1 18 20
17 92 71 82 -1 0 17 T 0.0 0 4.9 16 160 M M 4 21 160
18 87 73 80 -3 0 15 0.05 0.0 0 5.8 16 110 M M 4 13 22 90
19 87 73 80 -3 0 15 0.01 0.0 0 5.2 15 200 M M 2 3 21 190
20 93 72 83 0 0 18 0.00 0.0 0 3.9 15 280 M M 1 3 21 270
21 92 77 85 2 0 20 0.15 0.0 0 3.0 15 160 M M 2 3 25 320
22 91 75 83 0 0 18 T 0.0 0 4.4 14 80 M M 2 3 19 100
23 92 74 83 0 0 18 0.00 0.0 0 5.5 15 270 M M 0 17 270
24 94 79 87 4 0 22 0.00 0.0 0 4.5 15 260 M M 1 3 18 250
25 96 79 88 5 0 23 T 0.0 0 3.9 23 30 M M 2 3 28 20
26 95 78 87 4 0 22 T 0.0 0 7.2 25 40 M M 1 3 31 40
27 96 76 86 3 0 21 0.00 0.0 0 6.9 16 150 M M 1 22 160
28 93 77 85 2 0 20 0.27 0.0 0 4.2 23 150 M M 1 38 36 110
29 95 77 86 3 0 21 T 0.0 0 4.8 17 150 M M 3 3 22 150
30 92 78 85 2 0 20 T 0.0 0 4.9 18 320 M M 2 3 22 320
================================================================================
SM 2722 2238 0 537 8.32 0.0 172.0 M 75
================================================================================
AV 90.7 74.6 5.7 FASTST M M 3 MAX(MPH)
MISC ----> # 26 150 # 36 110
================================================================================
NOTES:
# LAST OF SEVERAL OCCURRENCES
COLUMN 17 PEAK WIND IN M.P.H.
PRELIMINARY LOCAL CLIMATOLOGICAL DATA (WS FORM: F-6) , PAGE 2
STATION: Fort Myers
MONTH: JUNE
YEAR: 2020
LATITUDE: 26 34 N
LONGITUDE: 81 52 W
[TEMPERATURE DATA] [PRECIPITATION DATA] SYMBOLS USED IN COLUMN 16
AVERAGE MONTHLY: 82.7 TOTAL FOR MONTH: 8.32 1 = FOG OR MIST
DPTR FM NORMAL: 0.2 DPTR FM NORMAL: -1.77 2 = FOG REDUCING VISIBILITY
HIGHEST: 96 ON 27,25 GRTST 24HR 2.28 ON 3- 3 TO 1/4 MILE OR LESS
LOWEST: 70 ON 16 3 = THUNDER
SNOW, ICE PELLETS, HAIL 4 = ICE PELLETS
TOTAL MONTH: 0.0 INCH 5 = HAIL
GRTST 24HR 0.0 6 = FREEZING RAIN OR DRIZZLE
GRTST DEPTH: 0 7 = DUSTSTORM OR SANDSTORM:
VSBY 1/2 MILE OR LESS
8 = SMOKE OR HAZE
[NO. OF DAYS WITH] [WEATHER - DAYS WITH] 9 = BLOWING SNOW
X = TORNADO
MAX 32 OR BELOW: 0 0.01 INCH OR MORE: 15
MAX 90 OR ABOVE: 21 0.10 INCH OR MORE: 11
MIN 32 OR BELOW: 0 0.50 INCH OR MORE: 6
MIN 0 OR BELOW: 0 1.00 INCH OR MORE: 2
[HDD (BASE 65) ]
TOTAL THIS MO. 0 CLEAR (SCALE 0-3) 20
DPTR FM NORMAL 0 PTCLDY (SCALE 4-7) 10
TOTAL FM JUL 1 107 CLOUDY (SCALE 8-10) 0
DPTR FM NORMAL -180
[CDD (BASE 65) ]
TOTAL THIS MO. 537
DPTR FM NORMAL 12 [PRESSURE DATA]
TOTAL FM JAN 1 2084 HIGHEST SLP 30.18 ON 26
DPTR FM NORMAL 493 LOWEST SLP 29.89 ON 7
[REMARKS]
#FINAL-06-20#