000
CXUS55 KBOU 011507
CF6FNL
PRELIMINARY LOCAL CLIMATOLOGICAL DATA (WS FORM: F-6)
STATION: FT COLLINS/LOVELAND CO
MONTH: JUNE
YEAR: 2020
LATITUDE: 40 27 N
LONGITUDE: 105 1 W
TEMPERATURE IN F: :PCPN: SNOW: WIND :SUNSHINE: SKY :PK WND
================================================================================
1 2 3 4 5 6A 6B 7 8 9 10 11 12 13 14 15 16 17 18
12Z AVG MX 2MIN
DY MAX MIN AVG DEP HDD CDD WTR SNW DPTH SPD SPD DIR MIN PSBL S-S WX SPD DR
================================================================================
1 96 56 76 M 0 11 M M M 5.3 21 10 M M 0 32 300
2 91 58 75 M 0 10 M M M 7.5 12 150 M M 1 8 20 70
3 91 58 75 M 0 10 M M M 7.2 17 30 M M 0 3 37 30
4 90 57 74 M 0 9 M M M 7.4 17 220 M M 0 3 31 220
5 98 54 76 M 0 11 M M M 6.3 13 180 M M 0 8 20 180
6 88 55 72 M 0 7 M M M 8.9 21 170 M M 2 3 36 180
7 91 49 70 M 0 5 M M M 5.7 14 20 M M 0 M M
8 80 44 62 M 3 0 M M M 9.0 14 70 M M 4 3 33 350
9 69 43 56 M 9 0 M M M 18.8 31 320 M M 4 44 320
10 79 46 63 M 2 0 M M M 8.0 15 350 M M 1 20 220
11 86 51 69 M 0 4 M M M 5.0 9 120 M M 0 M M
12 94 53 74 M 0 9 M M M 8.9 20 130 M M 0 25 130
13 87 55 71 M 0 6 M M M 5.6 12 100 M M 0 3 M M
14 94 64 79 M 0 14 M M M 8.4 16 200 M M 1 21 200
15 94 52 73 M 0 8 M M M 6.8 14 10 M M 0 M M
16 95 54 75 M 0 10 M M M 4.9 12 110 M M 0 16 100
17 95 54 75 M 0 10 M M M 10.5 21 360 M M 0 8 35 360
18 77 51 64 M 1 0 M M M 8.5 16 170 M M 6 22 120
19 68 52 60 M 5 0 M M M 5.3 10 230 M M 4 13 M M
20 89 46 68 M 0 3 M M M 5.0 12 310 M M 0 17 110
21 83 59 71 M 0 6 M M M 5.4 15 10 M M 2 38 35 350
22 86 55 71 M 0 6 M M M 4.7 10 10 M M 3 M M
23 89 53 71 M 0 6 M M M 5.5 12 100 M M 1 18 270
24 94 56 75 M 0 10 M M M 6.3 21 220 M M 1 3 32 240
25 91 54 73 M 0 8 M M M 7.1 25 20 M M 0 3 38 10
26 84 54 69 M 0 4 M M M 4.1 12 100 M M 3 3 16 100
27 91 54 73 M 0 8 M M M 5.4 16 350 M M 0 25 350
28 91 56 74 M 0 9 M M M 5.2 12 10 M M 0 3 M M
29 95 54 75 M 0 10 M M M 5.6 13 10 M M 0 M M
30 M M M M M M T M 0 10.9 18 290 M M 3 3 27 230
================================================================================
SM 2556 1547 20 194 T M 213.2 M 36
================================================================================
AV 88.1 53.3 7.1 FASTST M M 1 MAX(MPH)
MISC ----> # 31 320 # 44 320
================================================================================
NOTES:
# LAST OF SEVERAL OCCURRENCES
COLUMN 17 PEAK WIND IN M.P.H.
PRELIMINARY LOCAL CLIMATOLOGICAL DATA (WS FORM: F-6) , PAGE 2
STATION: FT COLLINS/LOVELAND CO
MONTH: JUNE
YEAR: 2020
LATITUDE: 40 27 N
LONGITUDE: 105 1 W
[TEMPERATURE DATA] [PRECIPITATION DATA] SYMBOLS USED IN COLUMN 16
AVERAGE MONTHLY: 70.7 TOTAL FOR MONTH: T 1 = FOG OR MIST
DPTR FM NORMAL: M DPTR FM NORMAL: M 2 = FOG REDUCING VISIBILITY
HIGHEST: 98 ON 5 GRTST 24HR T ON 30-30 TO 1/4 MILE OR LESS
LOWEST: 43 ON 9 3 = THUNDER
SNOW, ICE PELLETS, HAIL 4 = ICE PELLETS
TOTAL MONTH: M 5 = HAIL
GRTST 24HR M ON M 6 = FREEZING RAIN OR DRIZZLE
GRTST DEPTH: 0 7 = DUSTSTORM OR SANDSTORM:
VSBY 1/2 MILE OR LESS
8 = SMOKE OR HAZE
[NO. OF DAYS WITH] [WEATHER - DAYS WITH] 9 = BLOWING SNOW
X = TORNADO
MAX 32 OR BELOW: 0 0.01 INCH OR MORE: 0
MAX 90 OR ABOVE: 16 0.10 INCH OR MORE: 0
MIN 32 OR BELOW: 0 0.50 INCH OR MORE: 0
MIN 0 OR BELOW: 0 1.00 INCH OR MORE: 0
[HDD (BASE 65) ]
TOTAL THIS MO. 20 CLEAR (SCALE 0-3) 26
DPTR FM NORMAL M PTCLDY (SCALE 4-7) 4
TOTAL FM JUL 1 6096 CLOUDY (SCALE 8-10) 0
DPTR FM NORMAL M
[CDD (BASE 65) ]
TOTAL THIS MO. 194
DPTR FM NORMAL M [PRESSURE DATA]
TOTAL FM JAN 1 239 HIGHEST SLP 30.23 ON 12
DPTR FM NORMAL M LOWEST SLP 29.29 ON 7
[REMARKS]
#FINAL-06-20#