000
CXUS55 KBOU 010823
CF6FNL
PRELIMINARY LOCAL CLIMATOLOGICAL DATA (WS FORM: F-6)
STATION: FT COLLINS/LOVELAND CO
MONTH: MARCH
YEAR: 2020
LATITUDE: 40 27 N
LONGITUDE: 105 1 W
TEMPERATURE IN F: :PCPN: SNOW: WIND :SUNSHINE: SKY :PK WND
================================================================================
1 2 3 4 5 6A 6B 7 8 9 10 11 12 13 14 15 16 17 18
12Z AVG MX 2MIN
DY MAX MIN AVG DEP HDD CDD WTR SNW DPTH SPD SPD DIR MIN PSBL S-S WX SPD DR
================================================================================
1 45 26 36 M 29 0 M M M 7.5 17 360 M M 7 1 M M
2 42 25 34 M 31 0 M M M 3.9 9 90 M M 5 1 M M
3 63 21 42 M 23 0 M M M 6.5 21 340 M M 0 30 320
4 65 22 44 M 21 0 M M M 5.7 20 310 M M 0 30 320
5 52 26 39 M 26 0 M M M 8.4 15 170 M M 2 17 170
6 68 24 46 M 19 0 M M M 3.9 8 360 M M 0 M M
7 71 34 53 M 12 0 M M M 5.8 15 300 M M 0 16 230
8 70 34 52 M 13 0 M M M 7.6 17 60 M M 4 1 22 60
9 60 36 48 M 17 0 M M M 6.6 13 200 M M 4 M M
10 60 31 46 M 19 0 M M M 7.3 17 280 M M 1 18 260
11 68 28 48 M 17 0 M M M 9.4 29 260 M M 0 38 260
12 48 33 41 M 24 0 M M M 10.0 16 80 M M 6 21 80
13 37 30 34 M 31 0 M M M 10.4 25 130 M M 10 1 36 130
14 39 29 34 M 31 0 M M M 5.8 15 120 M M 10 1 M M
15 53 30 42 M 23 0 M M M 4.7 9 20 M M 5 1 M M
16 54 26 40 M 25 0 M M M 9.0 21 120 M M 2 1 M M
17 54 37 46 M 19 0 M M M 5.2 12 140 M M 6 1 M M
18 65 29 47 M 18 0 M M M 6.9 21 20 M M 2 123 18 70
19 40 24 32 M 33 0 M M M 14.7 27 360 M M 10 12 40 360
20 36 19 28 M 37 0 M M M 7.8 15 130 M M 10 1 M M
21 46 12 29 M 36 0 M M M 3.2 8 170 M M 3 12 M M
22 54 27 41 M 24 0 M M M 6.3 14 190 M M 2 16 270
23 60 28 44 M 21 0 M M M 5.3 13 350 M M 4 17 350
24 64 32 48 M 17 0 M M M 8.6 21 250 M M 2 24 99
25 65 37 51 M 14 0 M M M 11.3 22 240 M M 0 35 100
26 54 30 42 M 23 0 M M M 7.1 9 100 M M 4 M M
27 43 33 38 M 27 0 M M M 7.0 15 10 M M 10 12 M M
28 51 30 41 M 24 0 M M M 13.9 25 320 M M 2 38 300
29 56 24 40 M 25 0 M M M 5.3 12 170 M M 1 18 140
30 60 30 45 M 20 0 M M M 7.9 18 20 M M 3 24 10
31 69 28 49 M 16 0 0.00 0.0 0 7.3 16 270 M M 1 28 270
================================================================================
SM 1712 875 715 0 0.00 0.0 230.3 M 116
================================================================================
AV 55.2 28.2 7.4 FASTST M M 4 MAX(MPH)
MISC ----> # 29 260 # 40 360
================================================================================
NOTES:
# LAST OF SEVERAL OCCURRENCES
COLUMN 17 PEAK WIND IN M.P.H.
PRELIMINARY LOCAL CLIMATOLOGICAL DATA (WS FORM: F-6) , PAGE 2
STATION: FT COLLINS/LOVELAND CO
MONTH: MARCH
YEAR: 2020
LATITUDE: 40 27 N
LONGITUDE: 105 1 W
[TEMPERATURE DATA] [PRECIPITATION DATA] SYMBOLS USED IN COLUMN 16
AVERAGE MONTHLY: 41.7 TOTAL FOR MONTH: 0.00 1 = FOG OR MIST
DPTR FM NORMAL: M DPTR FM NORMAL: M 2 = FOG REDUCING VISIBILITY
HIGHEST: 71 ON 7 GRTST 24HR 0.00 ON 31-31 TO 1/4 MILE OR LESS
LOWEST: 12 ON 21 3 = THUNDER
SNOW, ICE PELLETS, HAIL 4 = ICE PELLETS
TOTAL MONTH: 0.0 INCH 5 = HAIL
GRTST 24HR 0.0 6 = FREEZING RAIN OR DRIZZLE
GRTST DEPTH: 0 7 = DUSTSTORM OR SANDSTORM:
VSBY 1/2 MILE OR LESS
8 = SMOKE OR HAZE
[NO. OF DAYS WITH] [WEATHER - DAYS WITH] 9 = BLOWING SNOW
X = TORNADO
MAX 32 OR BELOW: 0 0.01 INCH OR MORE: 0
MAX 90 OR ABOVE: 0 0.10 INCH OR MORE: 0
MIN 32 OR BELOW: 24 0.50 INCH OR MORE: 0
MIN 0 OR BELOW: 0 1.00 INCH OR MORE: 0
[HDD (BASE 65) ]
TOTAL THIS MO. 715 CLEAR (SCALE 0-3) 15
DPTR FM NORMAL M PTCLDY (SCALE 4-7) 11
TOTAL FM JUL 1 5307 CLOUDY (SCALE 8-10) 5
DPTR FM NORMAL M
[CDD (BASE 65) ]
TOTAL THIS MO. 0
DPTR FM NORMAL M [PRESSURE DATA]
TOTAL FM JAN 1 0 HIGHEST SLP 30.50 ON 20
DPTR FM NORMAL M LOWEST SLP 29.58 ON 26
[REMARKS]
#FINAL-03-20#