000
CXUS53 KDTX 010635
CF6FNT
PRELIMINARY LOCAL CLIMATOLOGICAL DATA (WS FORM: F-6)
STATION: FLINT MI
MONTH: AUGUST
YEAR: 2021
LATITUDE: 42 58 N
LONGITUDE: 83 44 W
TEMPERATURE IN F: :PCPN: SNOW: WIND :SUNSHINE: SKY :PK WND
================================================================================
1 2 3 4 5 6A 6B 7 8 9 10 11 12 13 14 15 16 17 18
12Z AVG MX 2MIN
DY MAX MIN AVG DEP HDD CDD WTR SNW DPTH SPD SPD DIR MIN PSBL S-S WX SPD DR
================================================================================
1 75 53 64 -7 1 0 0.04 0.0 0 9.3 29 350 M M 5 39 350
2 78 51 65 -5 0 0 0.00 0.0 0 4.3 13 310 M M 1 18 310
3 81 53 67 -3 0 2 0.00 0.0 0 3.1 12 330 M M 1 18 300
4 84 55 70 0 0 5 0.00 0.0 M 2.5 10 160 M M 0 14 310
5 85 58 72 2 0 7 T 0.0 0 3.7 10 220 M M 1 16 210
6 83 63 73 3 0 8 T 0.0 0 7.6 17 210 M M 2 25 190
7 83 64 74 4 0 9 0.00 0.0 0 4.1 10 290 M M 5 13 290
8 86 67 77 7 0 12 0.37 0.0 0 7.5 14 200 M M 2 3 21 250
9 87 68 78 8 0 13 0.13 0.0 0 10.0 28 160 M M 1 36 160
10 87 73 80 10 0 15 0.07 0.0 0 8.9 25 270 M M 5 34 270
11 87 70 79 9 0 14 0.31 0.0 0 9.6 35 180 M M 2 3 51 180
12 86 71 79 9 0 14 1.32 0.0 0 9.1 22 230 M M 3 3 36 220
13 83 61 72 2 0 7 0.00 0.0 0 7.4 17 310 M M 2 23 280
14 78 56 67 -3 0 2 0.00 0.0 0 5.1 14 330 M M 1 21 330
15 79 53 66 -4 0 1 0.00 0.0 0 3.4 12 120 M M 0 16 100
16 78 56 67 -2 0 2 0.00 0.0 0 3.7 12 100 M M 2 16 100
17 83 57 70 1 0 5 0.00 0.0 0 1.2 8 190 M M 1 10 190
18 86 63 75 6 0 10 0.00 0.0 0 4.0 10 30 M M 3 13 30
19 89 62 76 7 0 11 0.00 0.0 0 3.0 10 300 M M 1 14 310
20 88 64 76 7 0 11 0.00 0.0 0 2.9 8 80 M M 1 12 50
21 88 64 76 7 0 11 0.00 0.0 0 3.6 9 220 M M 1 16 240
22 88 67 78 10 0 13 T 0.0 0 4.6 14 20 M M 3 18 20
23 83 66 75 7 0 10 0.00 0.0 0 4.6 12 260 M M 2 1 18 320
24 89 62 76 8 0 11 1.14 0.0 0 6.0 36 320 M M 3 3 49 320
25 89 70 80 12 0 15 T 0.0 0 5.5 13 270 M M 1 19 230
26 88 72 80 12 0 15 0.00 0.0 0 5.7 14 280 M M 1 19 250
27 85 70 78 10 0 13 0.54 0.0 0 5.7 14 120 M M 5 3 20 110
28 90 69 80 13 0 15 1.14 0.0 0 7.3 23 350 M M 4 3 32 360
29 88 69 79 12 0 14 0.09 0.0 0 8.7 35 270 M M 2 3 45 270
30 82 62 72 5 0 7 0.00 0.0 0 6.5 15 270 M M 1 23 270
31 79 56 68 1 0 3 0.00 0.0 0 5.7 17 360 M M 1 24 350
================================================================================
SM 2615 1945 1 275 5.15 0.0 174.3 M 63
================================================================================
AV 84.4 62.7 5.6 FASTST M M 2 MAX(MPH)
MISC ----> 36 320 51 180
================================================================================
NOTES:
# LAST OF SEVERAL OCCURRENCES
COLUMN 17 PEAK WIND IN M.P.H.
PRELIMINARY LOCAL CLIMATOLOGICAL DATA (WS FORM: F-6) , PAGE 2
STATION: FLINT MI
MONTH: AUGUST
YEAR: 2021
LATITUDE: 42 58 N
LONGITUDE: 83 44 W
[TEMPERATURE DATA] [PRECIPITATION DATA] SYMBOLS USED IN COLUMN 16
AVERAGE MONTHLY: 73.5 TOTAL FOR MONTH: 5.15 1 = FOG OR MIST
DPTR FM NORMAL: 4.4 DPTR FM NORMAL: 1.99 2 = FOG REDUCING VISIBILITY
HIGHEST: 90 ON 28 GRTST 24HR 1.63 ON 11-12 TO 1/4 MILE OR LESS
LOWEST: 51 ON 2 3 = THUNDER
SNOW, ICE PELLETS, HAIL 4 = ICE PELLETS
TOTAL MONTH: 0.0 INCH 5 = HAIL
GRTST 24HR 0.0 6 = FREEZING RAIN OR DRIZZLE
GRTST DEPTH: 0 7 = DUSTSTORM OR SANDSTORM:
VSBY 1/2 MILE OR LESS
8 = SMOKE OR HAZE
[NO. OF DAYS WITH] [WEATHER - DAYS WITH] 9 = BLOWING SNOW
X = TORNADO
MAX 32 OR BELOW: 0 0.01 INCH OR MORE: 10
MAX 90 OR ABOVE: 1 0.10 INCH OR MORE: 7
MIN 32 OR BELOW: 0 0.50 INCH OR MORE: 4
MIN 0 OR BELOW: 0 1.00 INCH OR MORE: 3
[HDD (BASE 65) ]
TOTAL THIS MO. 1 CLEAR (SCALE 0-3) 26
DPTR FM NORMAL -24 PTCLDY (SCALE 4-7) 5
TOTAL FM JUL 1 1 CLOUDY (SCALE 8-10) 0
DPTR FM NORMAL -37
[CDD (BASE 65) ]
TOTAL THIS MO. 275
DPTR FM NORMAL 123 [PRESSURE DATA]
TOTAL FM JAN 1 754 HIGHEST SLP M ON M
DPTR FM NORMAL 250 LOWEST SLP 29.76 ON 11
[REMARKS]
#FINAL-08-21#