000
CXUS56 KSGX 011045
CF6FUL
PRELIMINARY LOCAL CLIMATOLOGICAL DATA (WS FORM: F-6)
STATION: FULLERTON AIRPORT CA
MONTH: APRIL
YEAR: 2022
LATITUDE: 33 52 N
LONGITUDE: 117 58 W
TEMPERATURE IN F: :PCPN: SNOW: WIND :SUNSHINE: SKY :PK WND
================================================================================
1 2 3 4 5 6A 6B 7 8 9 10 11 12 13 14 15 16 17 18
12Z AVG MX 2MIN
DY MAX MIN AVG DEP HDD CDD WTR SNW DPTH SPD SPD DIR MIN PSBL S-S WX SPD DR
================================================================================
1 73 54 64 1 1 0 0.00 M M 3.6 13 190 M M 3 1 18 220
2 67 55 61 -2 4 0 0.00 M M 3.8 10 250 M M 8 8 14 260
3 69 57 63 0 2 0 0.00 M M 4.3 12 190 M M 10 16 180
4 73 55 64 1 1 0 0.00 M M 2.8 12 200 M M 4 8 17 190
5 75 53 64 1 1 0 0.00 M M 3.0 10 210 M M 0 14 220
6 89 56 73 10 0 8 0.00 M M 2.6 10 160 M M 0 18 14 150
7 101 56 79 16 0 14 0.00 M M 3.2 18 90 M M 1 12 24 80
8 102 64 83 20 0 18 0.00 M M 5.5 15 270 M M 0 21 270
9 82 62 72 9 0 7 0.00 M M 5.8 13 190 M M 2 17 250
10 71 62 67 4 0 2 0.00 M M 6.7 13 200 M M 9 1 18 220
11 71 56 64 0 1 0 T M M 7.7 15 250 M M 7 22 260
12 72 53 63 -1 2 0 0.00 M M 8.4 20 280 M M 3 31 270
13 73 45 59 -5 6 0 0.00 M M 4.0 12 180 M M 0 16 190
14 73 50 62 -2 3 0 0.00 M M 4.1 13 190 M M 0 8 19 180
15 73 55 64 0 1 0 0.00 M M 4.3 14 200 M M 1 8 19 190
16 72 57 65 1 0 0 0.00 M M 5.0 16 230 M M 7 23 230
17 75 57 66 2 0 1 0.00 M M 3.2 13 210 M M 3 18 220
18 77 55 66 2 0 1 0.00 M M 2.6 13 210 M M 0 17 180
19 75 59 67 3 0 2 0.00 M M 5.3 15 190 M M 1 22 200
20 69 55 62 -2 3 0 0.00 M M 6.8 14 190 M M 4 8 20 180
21 72 51 62 -3 3 0 0.00 M M 5.8 14 220 M M 1 22 220
22 68 55 62 -3 3 0 0.16 M M 7.2 16 220 M M 4 18 24 260
23 80 54 67 2 0 2 0.00 M M 4.6 13 280 M M 2 20 310
24 89 53 71 6 0 6 0.00 M M 3.3 16 100 M M 0 21 80
25 89 55 72 7 0 7 0.00 M M 4.8 18 90 M M 1 23 80
26 81 58 70 5 0 5 0.00 M M 5.0 20 90 M M 3 23 90
27 73 57 65 0 0 0 0.00 M M 5.9 14 200 M M 3 19 190
28 70 57 64 -1 1 0 0.00 M M 5.5 14 190 M M 6 8 19 200
29 74 56 65 -1 0 0 0.00 M M 3.3 12 200 M M 3 17 190
30 80 54 67 1 0 2 0.00 M M 4.1 13 200 M M 0 16 190
================================================================================
SM 2308 1666 32 75 0.16 M 142.2 M 86
================================================================================
AV 76.9 55.5 4.7 FASTST M M 3 MAX(MPH)
MISC ----> # 20 280 31 270
================================================================================
NOTES:
# LAST OF SEVERAL OCCURRENCES
COLUMN 17 PEAK WIND IN M.P.H.
PRELIMINARY LOCAL CLIMATOLOGICAL DATA (WS FORM: F-6) , PAGE 2
STATION: FULLERTON AIRPORT CA
MONTH: APRIL
YEAR: 2022
LATITUDE: 33 52 N
LONGITUDE: 117 58 W
[TEMPERATURE DATA] [PRECIPITATION DATA] SYMBOLS USED IN COLUMN 16
AVERAGE MONTHLY: 66.2 TOTAL FOR MONTH: 0.16 1 = FOG OR MIST
DPTR FM NORMAL: 2.2 DPTR FM NORMAL: -0.43 2 = FOG REDUCING VISIBILITY
HIGHEST: 102 ON 8 GRTST 24HR 0.16 ON 22-22 TO 1/4 MILE OR LESS
LOWEST: 45 ON 13 3 = THUNDER
SNOW, ICE PELLETS, HAIL 4 = ICE PELLETS
TOTAL MONTH: M 5 = HAIL
GRTST 24HR M ON M 6 = FREEZING RAIN OR DRIZZLE
GRTST DEPTH: M ON M 7 = DUSTSTORM OR SANDSTORM:
VSBY 1/2 MILE OR LESS
8 = SMOKE OR HAZE
[NO. OF DAYS WITH] [WEATHER - DAYS WITH] 9 = BLOWING SNOW
X = TORNADO
MAX 32 OR BELOW: 0 0.01 INCH OR MORE: 1
MAX 90 OR ABOVE: 2 0.10 INCH OR MORE: 1
MIN 32 OR BELOW: 0 0.50 INCH OR MORE: 0
MIN 0 OR BELOW: 0 1.00 INCH OR MORE: 0
[HDD (BASE 65) ]
TOTAL THIS MO. 32 CLEAR (SCALE 0-3) 19
DPTR FM NORMAL -46 PTCLDY (SCALE 4-7) 9
TOTAL FM JUL 1 803 CLOUDY (SCALE 8-10) 2
DPTR FM NORMAL -215
[CDD (BASE 65) ]
TOTAL THIS MO. 75
DPTR FM NORMAL 27 [PRESSURE DATA]
TOTAL FM JAN 1 133 HIGHEST SLP 30.16 ON 17
DPTR FM NORMAL 48 LOWEST SLP 29.74 ON 9
[REMARKS]
#FINAL-04-22#