000
CXUS51 KCAR 010700
CF6FVE
PRELIMINARY LOCAL CLIMATOLOGICAL DATA (WS FORM: F-6)
STATION: FRENCHVILLE ME
MONTH: JULY
YEAR: 2023
LATITUDE: 47 16 N
LONGITUDE: 68 19 W
TEMPERATURE IN F: :PCPN: SNOW: WIND :SUNSHINE: SKY :PK WND
================================================================================
1 2 3 4 5 6A 6B 7 8 9 10 11 12 13 14 15 16 17 18
12Z AVG MX 2MIN
DY MAX MIN AVG DEP HDD CDD WTR SNW DPTH SPD SPD DIR MIN PSBL S-S WX SPD DR
================================================================================
1 80 65 73 8 0 8 T M M 9.1 17 140 M M 7 25 140
2 75 64 70 5 0 5 0.12 M M 8.0 14 170 M M 8 1 23 150
3 80 63 72 7 0 7 0.17 M M 4.4 17 360 M M 7 1 28 360
4 83 61 72 7 0 7 0.00 M M 4.5 14 330 M M 3 123 17 340
5 87 62 75 10 0 10 0.00 M M 3.1 14 100 M M 3 123 20 90
6 89 64 77 11 0 12 0.00 M M 3.5 12 230 M M 1 12 17 250
7 86 67 77 11 0 12 0.53 M M 5.2 21 140 M M 2 13 29 320
8 85 67 76 10 0 11 0.15 M M 4.6 20 240 M M 5 123 29 230
9 79 67 73 7 0 8 0.00 M M 7.4 15 150 M M 6 1 19 150
10 78 66 72 6 0 7 0.10 M M 8.3 21 150 M M 5 1 28 160
11 72 63 68 2 0 3 0.68 0.0 0 9.7 16 290 M M 9 13 25 100
12 81 61 71 5 0 6 T M M 6.5 18 230 M M 2 12 27 220
13 79 58 69 3 0 4 0.02 M M 7.2 15 140 M M 2 13 21 130
14 80 67 74 8 0 9 0.02 M M 8.1 16 130 M M 5 13 23 150
15 79 67 73 7 0 8 T M M 8.1 16 130 M M 6 13 21 120
16 72 69 71 5 0 6 0.26 M M 11.8 23 150 M M 10 1 36 160
17 84 69 77 10 0 12 0.48 M M 7.4 14 210 M M 5 1 21 40
18 81 65 73 6 0 8 0.31 M M 7.4 23 180 M M 4 138 35 190
19 80 62 71 4 0 6 0.05 M M 6.3 29 270 M M 6 1238 38 270
20 75 56 66 -1 0 1 0.00 M M 5.8 12 270 M M 1 22 300
21 79 58 69 2 0 4 0.29 M M 7.8 17 150 M M 5 13 24 140
22 78 63 71 4 0 6 0.01 M M 5.8 17 270 M M 8 123 22 290
23 78 61 70 3 0 5 0.00 M M 3.7 10 270 M M 7 12 14 260
24 83 61 72 5 0 7 0.00 M M 5.6 14 230 M M 1 1 20 240
25 80 64 72 5 0 7 T M M 7.7 15 230 M M 2 3 23 230
26 79 61 70 3 0 5 0.00 M M 6.5 14 230 M M 1 22 230
27 81 61 71 4 0 6 0.08 M M 6.8 18 240 M M 5 1 28 250
28 83 58 71 4 0 6 0.26 M M 7.1 29 340 M M 3 13 43 330
29 69 54 62 -4 3 0 0.00 M M 10.4 20 330 M M 4 28 300
30 71 52 62 -4 3 0 T M M 10.1 20 270 M M 3 29 290
31 65 52 59 -7 6 0 0.07 M M 5.3 12 290 M M 6 12 16 160
================================================================================
SM 2451 1928 12 196 3.60 0.0 213.2 M 142
================================================================================
AV 79.1 62.2 6.9 FASTST M M 5 MAX(MPH)
MISC ----> # 29 270 43 330
================================================================================
NOTES:
# LAST OF SEVERAL OCCURRENCES
COLUMN 17 PEAK WIND IN M.P.H.
PRELIMINARY LOCAL CLIMATOLOGICAL DATA (WS FORM: F-6) , PAGE 2
STATION: FRENCHVILLE ME
MONTH: JULY
YEAR: 2023
LATITUDE: 47 16 N
LONGITUDE: 68 19 W
[TEMPERATURE DATA] [PRECIPITATION DATA] SYMBOLS USED IN COLUMN 16
AVERAGE MONTHLY: 70.6 TOTAL FOR MONTH: 3.60 1 = FOG OR MIST
DPTR FM NORMAL: 4.5 DPTR FM NORMAL: -0.28 2 = FOG REDUCING VISIBILITY
HIGHEST: 89 ON 6 GRTST 24HR 0.76 ON 10-11 TO 1/4 MILE OR LESS
LOWEST: 52 ON 31,30 3 = THUNDER
SNOW, ICE PELLETS, HAIL 4 = ICE PELLETS
TOTAL MONTH: 0.0 INCH 5 = HAIL
GRTST 24HR 0.0 6 = FREEZING RAIN OR DRIZZLE
GRTST DEPTH: 0 7 = DUSTSTORM OR SANDSTORM:
VSBY 1/2 MILE OR LESS
8 = SMOKE OR HAZE
[NO. OF DAYS WITH] [WEATHER - DAYS WITH] 9 = BLOWING SNOW
X = TORNADO
MAX 32 OR BELOW: 0 0.01 INCH OR MORE: 17
MAX 90 OR ABOVE: 0 0.10 INCH OR MORE: 11
MIN 32 OR BELOW: 0 0.50 INCH OR MORE: 2
MIN 0 OR BELOW: 0 1.00 INCH OR MORE: 0
[HDD (BASE 65) ]
TOTAL THIS MO. 12 CLEAR (SCALE 0-3) 11
DPTR FM NORMAL -37 PTCLDY (SCALE 4-7) 18
TOTAL FM JUL 1 12 CLOUDY (SCALE 8-10) 2
DPTR FM NORMAL -33
[CDD (BASE 65) ]
TOTAL THIS MO. 196
DPTR FM NORMAL 111 [PRESSURE DATA]
TOTAL FM JAN 1 265 HIGHEST SLP 30.08 ON 1
DPTR FM NORMAL 139 LOWEST SLP 29.69 ON 22
[REMARKS]
#FINAL-07-23#