000
CXUS51 KCAR 010707
CLMFVE
CLIMATE REPORT
NATIONAL WEATHER SERVICE CARIBOU ME
307 AM EDT SAT APR 01 2023
...................................
...THE FRENCHVILLE ME CLIMATE SUMMARY FOR THE MONTH OF MARCH 2023...
CLIMATE NORMAL PERIOD: 1991 TO 2020
CLIMATE RECORD PERIOD: 9999 TO 9999
WEATHER OBSERVED NORMAL DEPART LAST YEAR`S
VALUE DATE(S) VALUE FROM VALUE DATE(S)
NORMAL
................................................................
TEMPERATURE (F)
RECORD
HIGH MM MM
LOW -9 03/04/2022
HIGHEST 43 03/09 MM MM 46 03/18
LOWEST 2 03/04 MM MM -9 03/04
AVG. MAXIMUM 34.5 32.6 1.9 31.1
AVG. MINIMUM 20.2 16.4 3.8 16.4
MEAN 27.3 24.5 2.8 23.7
DAYS MAX >= 90 0 0.0 0.0 0
DAYS MAX <= 32 12 16.1 -4.1 15
DAYS MIN <= 32 31 29.8 1.2 31
DAYS MIN <= 0 0 3.5 -3.5 3
PRECIPITATION (INCHES)
RECORD
MAXIMUM 1.76 2022
MINIMUM 1.38 2021
TOTALS 0.75* 1.47 -0.72 1.76
DAILY AVG. 0.02 0.05 -0.02 0.06
DAYS >= .01 8 10.1 -2.1 11
DAYS >= .10 3 4.3 -1.3 6
DAYS >= .50 0 0.5 -0.5 0
DAYS >= 1.00 0 0.1 -0.1 0
GREATEST
24 HR. TOTAL 0.27 03/23 TO 03/23 0.42 03/06 TO 03/07
STORM TOTAL 0.27 0.41
(MM/DD(HH)) MM
SNOWFALL (INCHES)
RECORDS
TOTAL MM MM
TOTALS MM MM MM MM
SINCE 7/1 MM MM MM MM
SNOWDEPTH AVG. MM MM
DAYS >= 1.0 MM MM MM MM
GREATEST
SNOW DEPTH MM MM MM
24 HR TOTAL MM MM
DEGREE DAYS
HEATING TOTAL 1160 1256 -96 1271
SINCE 7/1 7104 7830 -726 MM
COOLING TOTAL 0 0 0 0
SINCE 1/1 0 0 0 MM
................................................................
WIND (MPH)
AVERAGE WIND SPEED 10.4
HIGHEST WIND SPEED/DIRECTION 35/320 DATE 03/30
HIGHEST GUST SPEED/DIRECTION 54/290 DATE 03/30
SKY COVER
POSSIBLE SUNSHINE (PERCENT) MM
AVERAGE SKY COVER 0.58
NUMBER OF DAYS FAIR 9
NUMBER OF DAYS PC 9
NUMBER OF DAYS CLOUDY 13
AVERAGE RH (PERCENT) 67
WEATHER CONDITIONS. NUMBER OF DAYS WITH
THUNDERSTORM 0 MIXED PRECIP 0
HEAVY RAIN 0 RAIN 0
LIGHT RAIN 0 FREEZING RAIN 0
LT FREEZING RAIN 1 HAIL 0
HEAVY SNOW 2 SNOW 6
LIGHT SNOW 20 SLEET 0
FOG 15 FOG W/VIS <= 1/4 MILE 5
HAZE 2
- INDICATES NEGATIVE NUMBERS.
* INDICATES RECORD WAS SET OR TIED.
MM INDICATES DATA IS MISSING.
T INDICATES TRACE AMOUNT.
$$