000
CXUS54 KTSA 011200
CLMFYV
CLIMATE REPORT
NATIONAL WEATHER SERVICE TULSA OK
600 AM CST MON JAN 01 2024
...................................
...THE FAYETTEVILLE ARKANSAS CLIMATE SUMMARY FOR THE MONTH OF DECEMBER 2023...
CLIMATE NORMAL PERIOD 1991 TO 2020
CLIMATE RECORD PERIOD 1905 TO 2023
WEATHER OBSERVED NORMAL DEPART LAST YEAR`S
VALUE DATE(S) VALUE FROM VALUE DATE(S)
NORMAL
................................................................
TEMPERATURE (F)
RECORD
HIGH 78 12/31/1951
LOW -14 12/23/1963
HIGHEST 67 12/23 77 -10 71 12/29
LOWEST 19 12/19 -14 33 -3 12/22
12/23
AVG. MAXIMUM 55.6 49.8 5.8 51.5
AVG. MINIMUM 33.6 27.8 5.8 31.4
MEAN 44.6 38.8 5.8 41.4
DAYS MAX >= 90 0 0.0 0.0 0
DAYS MAX <= 32 0 2.0 -2.0 2
DAYS MIN <= 32 19 21.5 -2.5 17
DAYS MIN <= 0 0 0.0 0.0 2
PRECIPITATION (INCHES)
RECORD
MAXIMUM 10.95 2015
MINIMUM 0.26 1955
TOTALS 2.09 3.07 -0.98 3.44
DAILY AVG. 0.07 0.10 -0.03 0.11
DAYS >= .01 6 8.0 -2.0 6
DAYS >= .10 3 4.9 -1.9 4
DAYS >= .50 1 2.3 -1.3 4
DAYS >= 1.00 1 0.7 0.3 1
GREATEST
24 HR. TOTAL 1.57 12/24 TO 12/25
SNOWFALL (INCHES)
RECORDS
TOTAL 7.0 2013
TOTALS T 1.1 -1.1 0.8
SINCE 7/1 T 1.3 -1.3 MM
SNOWDEPTH AVG. 0 0
DAYS >= TRACE 1 0.7 0.3 1
DAYS >= 1.0 0 0.2 -0.2 0
GREATEST
SNOW DEPTH 0 1 12/23
24 HR TOTAL MM
DEGREE DAYS
HEATING TOTAL 626 812 -186 721
SINCE 7/1 1275 1629 -354 MM
COOLING TOTAL 0 0 0 0
SINCE 1/1 1808 1352 456 MM
................................................................
WIND (MPH)
AVERAGE WIND SPEED 6.7
HIGHEST WIND SPEED/DIRECTION 25/170 DATE 12/07
HIGHEST GUST SPEED/DIRECTION 34/170 DATE 12/07
SKY COVER
POSSIBLE SUNSHINE (PERCENT) MM
AVERAGE SKY COVER 0.41
NUMBER OF DAYS FAIR 17
NUMBER OF DAYS PC 4
NUMBER OF DAYS CLOUDY 10
AVERAGE RH (PERCENT) 66
WEATHER CONDITIONS. NUMBER OF DAYS WITH
THUNDERSTORM 0 MIXED PRECIP 0
HEAVY RAIN 1 RAIN 4
LIGHT RAIN 10 FREEZING RAIN 0
LT FREEZING RAIN 0 HAIL 0
HEAVY SNOW 0 SNOW 0
LIGHT SNOW 0 SLEET 0
FOG 13 FOG W/VIS <= 1/4 MILE 3
HAZE 7
- INDICATES NEGATIVE NUMBERS.
R INDICATES RECORD WAS SET OR TIED.
MM INDICATES DATA IS MISSING.
T INDICATES TRACE AMOUNT.
$$