000
CXUS54 KOUN 010810
CF6GAG
PRELIMINARY LOCAL CLIMATOLOGICAL DATA (WS FORM: F-6)
STATION: GAGE
MONTH: APRIL
YEAR: 2023
LATITUDE: 36 17 N
LONGITUDE: 99 46 W
TEMPERATURE IN F: :PCPN: SNOW: WIND :SUNSHINE: SKY :PK WND
================================================================================
1 2 3 4 5 6A 6B 7 8 9 10 11 12 13 14 15 16 17 18
12Z AVG MX 2MIN
DY MAX MIN AVG DEP HDD CDD WTR SNW DPTH SPD SPD DIR MIN PSBL S-S WX SPD DR
================================================================================
1 71 31 51 -4 14 0 0.00 M M 11.2 29 170 M M 0 38 170
2 91 47 69 14 0 4 0.00 M M 17.4 29 180 M M 0 40 230
3 92 40 66 11 0 1 0.00 M M 12.7 33 220 M M 0 44 210
4 88 39 64 8 1 0 0.00 M M 23.7 40 230 M M 3 8 50 210
5 59 27 43 -13 22 0 0.00 M M 11.6 24 350 M M 0 29 350
6 65 25 45 -11 20 0 0.00 M M 5.5 15 90 M M 0 23 80
7 72 25 49 -7 16 0 0.00 M M 7.3 17 130 M M 0 8 25 140
8 78 35 57 1 8 0 0.00 M M 12.8 21 180 M M 0 26 170
9 78 51 65 8 0 0 0.01 M M 15.8 33 180 M M 1 39 180
10 86 42 64 7 1 0 0.00 M M 8.0 16 340 M M 2 12 22 340
11 83 50 67 10 0 2 0.00 M M 18.3 28 170 M M 0 36 160
12 86 56 71 14 0 6 0.00 M M 23.9 30 170 M M 0 40 190
13 88 56 72 14 0 7 0.00 M M 22.7 30 160 M M 0 40 150
14 89 58 74 16 0 9 0.00 M M 17.2 32 360 M M 0 44 360
15 61 36 49 -9 16 0 0.00 M M 17.8 30 330 M M 3 39 360
16 71 31 51 -7 14 0 0.00 M M 8.0 20 300 M M 0 8 26 340
17 85 39 62 4 3 0 0.00 M M 18.0 32 180 M M 0 43 180
18 89 50 70 11 0 5 0.00 M M 23.4 37 170 M M 0 47 160
19 92 60 76 17 0 11 0.00 M M 18.1 31 200 M M 0 40 210
20 72 42 57 -2 8 0 0.00 M M 13.6 37 350 M M 1 8 49 330
21 70 36 53 -7 12 0 0.00 M M 8.1 22 270 M M 2 26 280
22 55 30 43 -17 22 0 0.00 M M 12.5 26 40 M M 7 33 30
23 66 29 48 -12 17 0 0.00 M M 7.3 16 170 M M 1 21 170
24 59 33 46 -14 19 0 T M M 13.2 31 180 M M 6 38 170
25 53 46 50 -11 15 0 1.01 M M 10.6 20 110 M M 10 13 24 80
26 51 47 49 -12 16 0 0.86 M M 9.5 18 60 M M 10 1 23 60
27 65 47 56 -5 9 0 0.01 M M 7.8 26 360 M M 7 1 36 10
28 59 41 50 -12 15 0 0.51 M M 13.3 26 350 M M 8 1 34 350
29 78 38 58 -4 7 0 0.00 M M 10.5 22 340 M M 0 29 330
30 72 40 56 -6 9 0 0.00 M M 7.8 22 30 M M 0 30 30
================================================================================
SM 2224 1227 264 45 2.40 M 407.6 M 61
================================================================================
AV 74.1 40.9 13.6 FASTST M M 2 MAX(MPH)
MISC ----> 40 230 50 210
================================================================================
NOTES:
# LAST OF SEVERAL OCCURRENCES
COLUMN 17 PEAK WIND IN M.P.H.
PRELIMINARY LOCAL CLIMATOLOGICAL DATA (WS FORM: F-6) , PAGE 2
STATION: GAGE
MONTH: APRIL
YEAR: 2023
LATITUDE: 36 17 N
LONGITUDE: 99 46 W
[TEMPERATURE DATA] [PRECIPITATION DATA] SYMBOLS USED IN COLUMN 16
AVERAGE MONTHLY: 57.5 TOTAL FOR MONTH: 2.40 1 = FOG OR MIST
DPTR FM NORMAL: -0.8 DPTR FM NORMAL: 0.38 2 = FOG REDUCING VISIBILITY
HIGHEST: 92 ON 19, 3 GRTST 24HR 1.82 ON 25-26 TO 1/4 MILE OR LESS
LOWEST: 25 ON 7, 6 3 = THUNDER
SNOW, ICE PELLETS, HAIL 4 = ICE PELLETS
TOTAL MONTH: M 5 = HAIL
GRTST 24HR M ON M 6 = FREEZING RAIN OR DRIZZLE
GRTST DEPTH: M ON M 7 = DUSTSTORM OR SANDSTORM:
VSBY 1/2 MILE OR LESS
8 = SMOKE OR HAZE
[NO. OF DAYS WITH] [WEATHER - DAYS WITH] 9 = BLOWING SNOW
X = TORNADO
MAX 32 OR BELOW: 0 0.01 INCH OR MORE: 5
MAX 90 OR ABOVE: 3 0.10 INCH OR MORE: 3
MIN 32 OR BELOW: 7 0.50 INCH OR MORE: 3
MIN 0 OR BELOW: 0 1.00 INCH OR MORE: 1
[HDD (BASE 65) ]
TOTAL THIS MO. 264 CLEAR (SCALE 0-3) 24
DPTR FM NORMAL 21 PTCLDY (SCALE 4-7) 4
TOTAL FM JUL 1 3919 CLOUDY (SCALE 8-10) 2
DPTR FM NORMAL -32
[CDD (BASE 65) ]
TOTAL THIS MO. 45
DPTR FM NORMAL 3 [PRESSURE DATA]
TOTAL FM JAN 1 45 HIGHEST SLP M ON M
DPTR FM NORMAL -9 LOWEST SLP 29.26 ON 4
[REMARKS]
#FINAL-04-23#