000
CXUS53 KDDC 011614
CF6GCK
PRELIMINARY LOCAL CLIMATOLOGICAL DATA (WS FORM: F-6)
STATION: GARDEN CITY REGIONAL ARPT KS
MONTH: SEPTEMBER
YEAR: 2021
LATITUDE: 37 55 N
LONGITUDE: 100 43 W
TEMPERATURE IN F: :PCPN: SNOW: WIND :SUNSHINE: SKY :PK WND
================================================================================
1 2 3 4 5 6A 6B 7 8 9 10 11 12 13 14 15 16 17 18
12Z AVG MX 2MIN
DY MAX MIN AVG DEP HDD CDD WTR SNW DPTH SPD SPD DIR MIN PSBL S-S WX SPD DR
================================================================================
1 99 63 81 8 0 16 T M M 12.6 26 150 M M 1 3 39 150
2 91 70 81 8 0 16 0.21 M M 11.6 25 170 M M 5 13 36 180
3 86 68 77 4 0 12 0.78 M M 12.4 22 50 M M 5 13 29 70
4 82 63 73 1 0 8 1.07 M M 8.4 24 300 M M 5 123 34 290
5 86 58 72 0 0 7 0.00 M M 8.1 17 190 M M 1 1 23 170
6 93 59 76 4 0 11 0.00 M M 9.1 17 210 M M 0 24 190
7 90 62 76 4 0 11 T M M 12.9 26 30 M M 0 35 40
8 84 52 68 -3 0 3 0.00 M M 8.4 16 200 M M 0 8 23 170
9 95 58 77 6 0 12 0.00 M M 9.8 18 180 M M 0 26 180
10 98 58 78 7 0 13 0.00 M M 7.5 14 150 M M 0 19 190
11 103 59 81 11 0 16 0.00 M M 12.5 23 210 M M 0 29 210
12 93 62 78 8 0 13 0.00 M M 10.6 29 330 M M 0 8 41 340
13 96 61 79 9 0 14 0.00 M M 13.8 32 200 M M 0 41 210
14 87 62 75 6 0 10 0.00 M M 12.9 25 70 M M 0 35 80
15 86 59 73 4 0 8 0.00 M M 14.0 23 180 M M 0 30 190
16 91 63 77 8 0 12 0.00 M M 16.2 29 180 M M 0 39 170
17 82 59 71 3 0 6 0.00 M M 12.3 23 20 M M 2 30 20
18 89 54 72 4 0 7 0.00 M M 10.9 24 150 M M 0 1 34 150
19 95 61 78 10 0 13 0.00 M M 18.1 29 190 M M 0 41 180
20 78 59 69 2 0 4 T M M 19.0 38 10 M M 0 51 10
21 72 48 60 -7 5 0 T M M 12.2 23 350 M M 4 33 360
22 79 38 59 -7 6 0 0.00 M M 10.1 20 190 M M 0 18 27 180
23 88 50 69 3 0 4 0.00 M M 11.8 21 210 M M 0 26 210
24 80 50 65 -1 0 0 0.00 M M 10.8 28 50 M M 0 8 35 40
25 84 43 64 -1 1 0 0.00 M M 10.3 21 190 M M 0 30 180
26 95 55 75 10 0 10 0.00 M M 12.7 29 200 M M 0 40 190
27 96 56 76 12 0 11 0.00 M M 7.2 18 180 M M 0 26 180
28 88 57 73 9 0 8 T M M 12.2 30 150 M M 0 8 42 170
29 85 59 72 9 0 7 0.00 M M 12.7 25 340 M M 2 33 180
30 69 51 60 -3 5 0 0.87 M M 13.4 29 360 M M 6 13 36 10
================================================================================
SM 2640 1717 17 252 2.93 M 354.5 M 31
================================================================================
AV 88.0 57.2 11.8 FASTST M M 1 MAX(MPH)
MISC ----> 38 10 51 10
================================================================================
NOTES:
# LAST OF SEVERAL OCCURRENCES
COLUMN 17 PEAK WIND IN M.P.H.
PRELIMINARY LOCAL CLIMATOLOGICAL DATA (WS FORM: F-6) , PAGE 2
STATION: GARDEN CITY REGIONAL ARPT KS
MONTH: SEPTEMBER
YEAR: 2021
LATITUDE: 37 55 N
LONGITUDE: 100 43 W
[TEMPERATURE DATA] [PRECIPITATION DATA] SYMBOLS USED IN COLUMN 16
AVERAGE MONTHLY: 72.6 TOTAL FOR MONTH: 2.93 1 = FOG OR MIST
DPTR FM NORMAL: 4.0 DPTR FM NORMAL: 1.56 2 = FOG REDUCING VISIBILITY
HIGHEST: 103 ON 11 GRTST 24HR 1.83 ON 3- 4 TO 1/4 MILE OR LESS
LOWEST: 38 ON 22 3 = THUNDER
4 = ICE PELLETS
5 = HAIL
6 = FREEZING RAIN OR DRIZZLE
7 = DUSTSTORM OR SANDSTORM:
VSBY 1/2 MILE OR LESS
8 = SMOKE OR HAZE
[NO. OF DAYS WITH] [WEATHER - DAYS WITH] 9 = BLOWING SNOW
X = TORNADO
MAX 32 OR BELOW: 0 0.01 INCH OR MORE: 4
MAX 90 OR ABOVE: 13 0.10 INCH OR MORE: 4
MIN 32 OR BELOW: 0 0.50 INCH OR MORE: 3
MIN 0 OR BELOW: 0 1.00 INCH OR MORE: 1
[HDD (BASE 65) ]
TOTAL THIS MO. 17 CLEAR (SCALE 0-3) 25
DPTR FM NORMAL -42 PTCLDY (SCALE 4-7) 5
TOTAL FM JUL 1 17 CLOUDY (SCALE 8-10) 0
DPTR FM NORMAL -46
[CDD (BASE 65) ]
TOTAL THIS MO. 252
DPTR FM NORMAL 86 [PRESSURE DATA]
TOTAL FM JAN 1 1430 HIGHEST SLP 30.43 ON 21
DPTR FM NORMAL 127 LOWEST SLP 29.54 ON 20
[REMARKS]
#FINAL-09-21#