000
CXUS56 KFGZ 010910
CF6GCN
PRELIMINARY LOCAL CLIMATOLOGICAL DATA (WS FORM: F-6)
STATION: GRAND CANYON AZ AIRPORT
MONTH: JUNE
YEAR: 2023
LATITUDE: 35 57 N
LONGITUDE: 112 9 W
TEMPERATURE IN F: :PCPN: SNOW: WIND :SUNSHINE: SKY :PK WND
================================================================================
1 2 3 4 5 6A 6B 7 8 9 10 11 12 13 14 15 16 17 18
12Z AVG MX 2MIN
DY MAX MIN AVG DEP HDD CDD WTR SNW DPTH SPD SPD DIR MIN PSBL S-S WX SPD DR
================================================================================
1 72 30 51 -5 14 0 T M M 5.7 17 240 M M 5 8 24 240
2 73 45 59 3 6 0 0.00 M M 4.3 21 240 M M 4 8 28 260
3 78 36 57 0 8 0 T M M 3.5 15 250 M M 2 8 25 270
4 75 39 57 0 8 0 0.10 M M 4.8 23 220 M M 3 3 28 210
5 81 37 59 2 6 0 0.00 M M 5.5 18 160 M M 2 24 100
6 78 39 59 1 6 0 0.00 M M 8.5 28 230 M M 1 38 230
7 75 30 53 -5 12 0 0.00 M M 7.5 25 230 M M 0 30 220
8 76 31 54 -4 11 0 0.00 M M 7.5 24 220 M M 1 30 210
9 76 36 56 -2 9 0 0.00 M M 5.8 21 220 M M 2 27 220
10 80 35 58 -1 7 0 0.00 M M 4.7 20 220 M M 1 26 220
11 75 40 58 -1 7 0 0.00 M M 9.2 28 220 M M 1 39 220
12 68 38 53 -6 12 0 0.04 M M 5.8 23 220 M M 4 3 29 220
13 75 34 55 -5 10 0 0.00 M M 4.0 15 250 M M 3 22 240
14 79 35 57 -3 8 0 T M M 4.9 23 220 M M 2 28 220
15 78 36 57 -3 8 0 T M M 6.2 18 230 M M 4 24 230
16 79 41 60 0 5 0 T M M 5.7 22 220 M M 3 30 260
17 80 38 59 -2 6 0 0.00 M M 4.0 15 240 M M 1 8 23 280
18 84 37 61 0 4 0 0.00 M M 11.5 31 230 M M 0 8 46 230
19 81 48 65 4 0 0 0.00 M M 17.3 31 220 M M 0 44 210
20 81 44 63 1 2 0 0.00 M M 12.4 29 230 M M 1 40 240
21 84 39 62 0 3 0 0.00 M M 6.9 23 220 M M 0 31 250
22 83 39 61 -1 4 0 0.00 M M 11.2 30 220 M M 0 42 220
23 79 34 57 -5 8 0 0.00 M M 10.9 29 210 M M 0 8 36 210
24 84 28 56 -7 9 0 0.00 M M 6.0 20 210 M M 0 27 210
25 87 31 59 -4 6 0 0.00 M M 8.9 30 220 M M 0 36 230
26 90 33 62 -1 3 0 0.00 M M 12.2 32 220 M M 0 44 220
27 86 35 61 -2 4 0 0.00 M M 10.3 30 210 M M 0 45 230
28 85 34 60 -4 5 0 0.00 M M 8.0 25 230 M M 0 8 34 210
29 84 35 60 -4 5 0 0.00 M M 4.0 17 230 M M 0 8 24 230
30 85 39 62 -2 3 0 0.00 M M 3.2 14 340 M M 0 19 40
================================================================================
SM 2391 1096 199 0 0.14 M 220.4 M 40
================================================================================
AV 79.7 36.5 7.3 FASTST M M 1 MAX(MPH)
MISC ----> 32 220 46 230
================================================================================
NOTES:
# LAST OF SEVERAL OCCURRENCES
COLUMN 17 PEAK WIND IN M.P.H.
PRELIMINARY LOCAL CLIMATOLOGICAL DATA (WS FORM: F-6) , PAGE 2
STATION: GRAND CANYON AZ AIRPORT
MONTH: JUNE
YEAR: 2023
LATITUDE: 35 57 N
LONGITUDE: 112 9 W
[TEMPERATURE DATA] [PRECIPITATION DATA] SYMBOLS USED IN COLUMN 16
AVERAGE MONTHLY: 58.1 TOTAL FOR MONTH: 0.14 1 = FOG OR MIST
DPTR FM NORMAL: -2.2 DPTR FM NORMAL: -0.26 2 = FOG REDUCING VISIBILITY
HIGHEST: 90 ON 26 GRTST 24HR 0.10 ON 3- 4 TO 1/4 MILE OR LESS
LOWEST: 28 ON 24 3 = THUNDER
SNOW, ICE PELLETS, HAIL 4 = ICE PELLETS
TOTAL MONTH: M 5 = HAIL
GRTST 24HR M ON M 6 = FREEZING RAIN OR DRIZZLE
GRTST DEPTH: M ON M 7 = DUSTSTORM OR SANDSTORM:
VSBY 1/2 MILE OR LESS
8 = SMOKE OR HAZE
[NO. OF DAYS WITH] [WEATHER - DAYS WITH] 9 = BLOWING SNOW
X = TORNADO
MAX 32 OR BELOW: 0 0.01 INCH OR MORE: 2
MAX 90 OR ABOVE: 1 0.10 INCH OR MORE: 1
MIN 32 OR BELOW: 5 0.50 INCH OR MORE: 0
MIN 0 OR BELOW: 0 1.00 INCH OR MORE: 0
[HDD (BASE 65) ]
TOTAL THIS MO. 199 CLEAR (SCALE 0-3) 25
DPTR FM NORMAL 44 PTCLDY (SCALE 4-7) 5
TOTAL FM JUL 1 7363 CLOUDY (SCALE 8-10) 0
DPTR FM NORMAL 565
[CDD (BASE 65) ]
TOTAL THIS MO. 0
DPTR FM NORMAL -13 [PRESSURE DATA]
TOTAL FM JAN 1 0 HIGHEST SLP M ON M
DPTR FM NORMAL -13 LOWEST SLP 29.69 ON 6
[REMARKS]
#FINAL-06-23#