000
CXUS56 KFGZ 010910
CF6GCN
PRELIMINARY LOCAL CLIMATOLOGICAL DATA (WS FORM: F-6)
STATION: GRAND CANYON AZ AIRPORT
MONTH: SEPTEMBER
YEAR: 2021
LATITUDE: 35 57 N
LONGITUDE: 112 9 W
TEMPERATURE IN F: :PCPN: SNOW: WIND :SUNSHINE: SKY :PK WND
================================================================================
1 2 3 4 5 6A 6B 7 8 9 10 11 12 13 14 15 16 17 18
12Z AVG MX 2MIN
DY MAX MIN AVG DEP HDD CDD WTR SNW DPTH SPD SPD DIR MIN PSBL S-S WX SPD DR
================================================================================
1 71 55 63 0 2 0 0.11 M M 6.0 20 230 M M 7 13 28 220
2 76 46 61 -2 4 0 0.00 M M 4.3 18 210 M M 7 123 22 210
3 81 46 64 1 1 0 0.00 M M 2.9 15 220 M M 3 8 21 250
4 85 47 66 4 0 1 0.00 M M 4.0 20 40 M M 1 25 230
5 87 47 67 5 0 2 0.00 M M 3.3 14 50 M M 1 18 40
6 89 45 67 5 0 2 0.00 0.0 M 2.7 18 50 M M 0 24 50
7 89 45 67 5 0 2 0.00 0.0 M 5.3 17 40 M M 0 24 40
8 91 40 66 5 0 1 0.00 M M 3.9 17 220 M M 0 24 220
9 88 53 71 10 0 6 T M M 4.6 24 150 M M 2 3 36 150
10 88 50 69 8 0 4 0.00 M M 5.1 22 210 M M 2 29 220
11 84 47 66 6 0 1 T M M 4.9 21 210 M M 2 3 27 230
12 86 47 67 7 0 2 0.00 M M 3.9 18 230 M M 1 25 230
13 85 44 65 5 0 0 0.00 M M 5.2 20 230 M M 2 28 240
14 84 42 63 4 2 0 0.00 M M 5.2 17 240 M M 1 24 250
15 83 40 62 3 3 0 0.00 M M 5.3 21 220 M M 0 28 180
16 82 37 60 1 5 0 0.00 M M 7.5 29 220 M M 0 50 220
17 82 39 61 3 4 0 0.11 M M 4.9 16 340 M M 3 3 27 250
18 77 49 63 5 2 0 0.55 M M 4.1 25 220 M M 5 13 33 220
19 75 47 61 3 4 0 0.00 M M 9.3 24 220 M M 2 1 33 210
20 74 38 56 -1 9 0 0.00 M M 4.1 15 220 M M 0 21 250
21 77 37 57 0 8 0 0.00 M M 6.1 17 60 M M 0 24 60
22 80 37 59 3 6 0 0.00 M M 4.3 17 210 M M 0 23 200
23 78 37 58 2 7 0 0.00 M M 4.1 18 200 M M 1 26 210
24 77 43 60 4 5 0 0.00 M M 4.2 21 40 M M 1 26 30
25 74 40 57 2 8 0 0.00 M M 4.0 17 210 M M 1 22 210
26 71 48 60 5 5 0 T M M 3.1 16 150 M M 6 3 21 150
27 70 46 58 3 7 0 0.08 M M 3.9 14 210 M M 5 13 21 220
28 66 43 55 1 10 0 0.00 M M 9.2 24 210 M M 6 12 30 210
29 62 37 50 -4 15 0 0.02 M M 4.6 17 230 M M 5 13 21 220
30 65 34 50 -4 15 0 0.00 M M 6.9 20 50 M M 1 8 26 50
================================================================================
SM 2377 1306 122 21 0.87 0.0 146.9 M 65
================================================================================
AV 79.2 43.5 4.9 FASTST M M 2 MAX(MPH)
MISC ----> 29 220 50 220
================================================================================
NOTES:
# LAST OF SEVERAL OCCURRENCES
COLUMN 17 PEAK WIND IN M.P.H.
PRELIMINARY LOCAL CLIMATOLOGICAL DATA (WS FORM: F-6) , PAGE 2
STATION: GRAND CANYON AZ AIRPORT
MONTH: SEPTEMBER
YEAR: 2021
LATITUDE: 35 57 N
LONGITUDE: 112 9 W
[TEMPERATURE DATA] [PRECIPITATION DATA] SYMBOLS USED IN COLUMN 16
AVERAGE MONTHLY: 61.4 TOTAL FOR MONTH: 0.87 1 = FOG OR MIST
DPTR FM NORMAL: 2.8 DPTR FM NORMAL: -0.50 2 = FOG REDUCING VISIBILITY
HIGHEST: 91 ON 8 GRTST 24HR 0.66 ON 17-18 TO 1/4 MILE OR LESS
LOWEST: 34 ON 30 3 = THUNDER
SNOW, ICE PELLETS, HAIL 4 = ICE PELLETS
TOTAL MONTH: 0.0 INCH 5 = HAIL
GRTST 24HR 0.0 6 = FREEZING RAIN OR DRIZZLE
GRTST DEPTH: M ON M 7 = DUSTSTORM OR SANDSTORM:
VSBY 1/2 MILE OR LESS
8 = SMOKE OR HAZE
[NO. OF DAYS WITH] [WEATHER - DAYS WITH] 9 = BLOWING SNOW
X = TORNADO
MAX 32 OR BELOW: 0 0.01 INCH OR MORE: 5
MAX 90 OR ABOVE: 1 0.10 INCH OR MORE: 3
MIN 32 OR BELOW: 0 0.50 INCH OR MORE: 1
MIN 0 OR BELOW: 0 1.00 INCH OR MORE: 0
[HDD (BASE 65) ]
TOTAL THIS MO. 122 CLEAR (SCALE 0-3) 22
DPTR FM NORMAL -73 PTCLDY (SCALE 4-7) 8
TOTAL FM JUL 1 133 CLOUDY (SCALE 8-10) 0
DPTR FM NORMAL -111
[CDD (BASE 65) ]
TOTAL THIS MO. 21
DPTR FM NORMAL 17 [PRESSURE DATA]
TOTAL FM JAN 1 329 HIGHEST SLP M ON M
DPTR FM NORMAL 168 LOWEST SLP 29.73 ON 1
[REMARKS]
#FINAL-09-21#