000
CXUS54 KFWD 010730
CF6GDJ
PRELIMINARY LOCAL CLIMATOLOGICAL DATA (WS FORM: F-6)
STATION: GRANBURY
MONTH: OCTOBER
YEAR: 2021
LATITUDE: 32 26 N
LONGITUDE: 97 48 W
TEMPERATURE IN F: :PCPN: SNOW: WIND :SUNSHINE: SKY :PK WND
================================================================================
1 2 3 4 5 6A 6B 7 8 9 10 11 12 13 14 15 16 17 18
12Z AVG MX 2MIN
DY MAX MIN AVG DEP HDD CDD WTR SNW DPTH SPD SPD DIR MIN PSBL S-S WX SPD DR
================================================================================
1 81 68 75 5 0 10 0.00 M M 4.3 10 110 M M 7 M M
2 84 66 75 5 0 10 0.09 M M 2.5 9 220 M M 7 M M
3 87 63 75 6 0 10 0.00 M M 3.6 9 330 M M 1 16 330
4 88 58 73 4 0 8 0.00 M M 3.0 10 330 M M 0 16 350
5 87 55 71 3 0 6 0.00 M M 2.9 7 360 M M 0 M M
6 86 55 71 3 0 6 0.00 M M 2.2 8 300 M M 0 M M
7 92 58 75 7 0 10 0.00 M M 5.4 14 200 M M 0 21 200
8 94 66 80 12 0 15 0.00 M M 7.5 17 180 M M 0 21 180
9 93 68 81 14 0 16 0.00 M M 9.7 18 200 M M 0 24 200
10 92 64 78 11 0 13 0.29 M M 14.0 30 270 M M 4 44 270
11 82 56 69 2 0 4 0.00 M M 5.1 14 280 M M 0 M M
12 89 60 75 9 0 10 0.00 M M 11.6 21 170 M M 8 28 170
13 84 64 74 8 0 9 0.61 M M 10.2 20 170 M M 8 32 170
14 84 67 76 10 0 11 0.00 M M 5.1 12 140 M M 6 1 M M
15 75 52 64 -2 1 0 0.00 M M 10.5 18 300 M M 3 25 340
16 73 46 60 -5 5 0 0.00 M M 5.4 10 350 M M 0 22 40
17 73 43 58 -7 7 0 0.00 M M 2.5 8 140 M M 0 20 140
18 76 43 60 -5 5 0 0.00 M M 6.1 14 130 M M 0 20 150
19 82 60 71 6 0 6 0.00 M M 10.4 16 160 M M 0 24 160
20 84 64 74 10 0 9 0.00 M M 5.8 12 240 M M 6 M M
21 84 62 73 9 0 8 0.00 M M 3.4 7 40 M M 2 8 M M
22 86 57 72 8 0 7 0.00 M M 4.1 10 110 M M 1 M M
23 89 67 78 14 0 13 0.00 M M 10.4 17 180 M M 1 24 190
24 91 69 80 17 0 15 0.00 M M 10.0 17 180 M M 4 25 180
25 89 62 76 13 0 11 0.00 M M 4.9 10 140 M M 0 M M
26 87 70 79 16 0 14 0.00 M M 12.5 23 160 M M 4 1 33 160
27 79 58 69 7 0 4 0.61 M M 12.6 23 290 M M 3 32 290
28 73 58 66 4 0 1 0.00 M M 20.4 36 310 M M 0 47 310
29 73 44 59 -3 6 0 0.00 M M 14.5 24 320 M M 0 33 320
30 80 38 59 -3 6 0 0.00 M M 3.0 8 250 M M 0 M M
31 83 46 65 4 0 0 0.00 M M 4.9 10 120 M M 0 M M
================================================================================
SM 2600 1807 30 226 1.60 M 228.3 M 65
================================================================================
AV 83.9 58.3 7.4 FASTST M M 2 MAX(MPH)
MISC ----> 36 310 47 310
================================================================================
NOTES:
# LAST OF SEVERAL OCCURRENCES
COLUMN 17 PEAK WIND IN M.P.H.
PRELIMINARY LOCAL CLIMATOLOGICAL DATA (WS FORM: F-6) , PAGE 2
STATION: GRANBURY
MONTH: OCTOBER
YEAR: 2021
LATITUDE: 32 26 N
LONGITUDE: 97 48 W
[TEMPERATURE DATA] [PRECIPITATION DATA] SYMBOLS USED IN COLUMN 16
AVERAGE MONTHLY: 71.1 TOTAL FOR MONTH: 1.60 1 = FOG OR MIST
DPTR FM NORMAL: 5.6 DPTR FM NORMAL: M 2 = FOG REDUCING VISIBILITY
HIGHEST: 94 ON 8 GRTST 24HR 0.61 ON 13-13 TO 1/4 MILE OR LESS
LOWEST: 38 ON 30 3 = THUNDER
SNOW, ICE PELLETS, HAIL 4 = ICE PELLETS
TOTAL MONTH: M 5 = HAIL
GRTST 24HR M ON M 6 = FREEZING RAIN OR DRIZZLE
GRTST DEPTH: M ON M 7 = DUSTSTORM OR SANDSTORM:
VSBY 1/2 MILE OR LESS
8 = SMOKE OR HAZE
[NO. OF DAYS WITH] [WEATHER - DAYS WITH] 9 = BLOWING SNOW
X = TORNADO
MAX 32 OR BELOW: 0 0.01 INCH OR MORE: 4
MAX 90 OR ABOVE: 5 0.10 INCH OR MORE: 3
MIN 32 OR BELOW: 0 0.50 INCH OR MORE: 2
MIN 0 OR BELOW: 0 1.00 INCH OR MORE: 0
[HDD (BASE 65) ]
TOTAL THIS MO. 30 CLEAR (SCALE 0-3) 20
DPTR FM NORMAL -60 PTCLDY (SCALE 4-7) 11
TOTAL FM JUL 1 30 CLOUDY (SCALE 8-10) 0
DPTR FM NORMAL -66
[CDD (BASE 65) ]
TOTAL THIS MO. 226
DPTR FM NORMAL 122 [PRESSURE DATA]
TOTAL FM JAN 1 2783 HIGHEST SLP M ON M
DPTR FM NORMAL 406 LOWEST SLP M ON M
[REMARKS]
#FINAL-10-21#