231
CXUS54 KMAF 011110
CF6GDP
PRELIMINARY LOCAL CLIMATOLOGICAL DATA (WS FORM: F-6)
STATION: GUADALUPE PASS
MONTH: JUNE
YEAR: 2020
LATITUDE: 31 49 N
LONGITUDE: 104 48 W
TEMPERATURE IN F: :PCPN: SNOW: WIND :SUNSHINE: SKY :PK WND
================================================================================
1 2 3 4 5 6A 6B 7 8 9 10 11 12 13 14 15 16 17 18
12Z AVG MX 2MIN
DY MAX MIN AVG DEP HDD CDD WTR SNW DPTH SPD SPD DIR MIN PSBL S-S WX SPD DR
================================================================================
1 78 55 67 -8 0 2 0.00 M M 20.9 32 50 M M 0 18 36 40
2 91 57 74 -1 0 9 0.00 M M 16.1 32 50 M M 0 35 40
3 88 61 75 0 0 10 0.00 M M 16.0 31 60 M M 2 33 60
4 100 67 84 9 0 19 0.03 M M 13.4 31 30 M M 1 8 36 40
5 95 65 80 4 0 15 0.00 M M 19.4 41 70 M M 0 45 70
6 95 64 80 4 0 15 0.02 M M 20.6 39 40 M M 0 8 48 40
7 93 65 79 3 0 14 0.00 M M 18.4 35 240 M M 0 45 250
8 87 64 76 0 0 11 0.00 M M 29.0 49 250 M M 0 57 250
9 81 53 67 -9 0 2 0.00 M M 23.2 58 260 M M 0 69 260
10 82 55 69 -8 0 4 0.00 M M 21.0 33 70 M M 0 37 80
11 84 63 74 -3 0 9 T M M 17.2 39 70 M M 1 45 70
12 85 62 74 -3 0 9 0.00 M M 19.1 32 60 M M 1 40 60
13 91 64 78 1 0 13 0.00 M M 16.7 29 240 M M 1 35 230
14 86 64 75 -2 0 10 0.00 M M 15.2 33 70 M M 0 40 70
15 84 62 73 -4 0 8 0.00 0.0 0 23.8 32 50 M M 0 8 36 50
16 90 58 74 -3 0 9 0.00 0.0 0 15.6 29 50 M M 1 33 50
17 96 65 81 4 0 16 0.00 0.0 0 18.3 37 250 M M 0 43 240
18 94 69 82 5 0 17 0.00 M M 18.2 39 250 M M 0 48 250
19 95 68 82 5 0 17 0.00 0.0 0 16.3 39 240 M M 0 46 250
20 96 72 84 7 0 19 0.00 0.0 0 13.3 31 230 M M 0 40 240
21 99 70 85 8 0 20 0.00 0.0 0 19.2 33 240 M M 0 41 240
22 103 71 87 10 0 22 0.00 M M 15.3 35 40 M M 0 40 40
23 86 59 73 -4 0 8 0.15 0.0 0 26.5 55 50 M M 3 128 62 40
24 84 58 71 -6 0 6 T 0.0 0 21.6 54 40 M M 1 12 62 40
25 95 68 82 5 0 17 0.00 0.0 0 13.3 28 50 M M 0 32 60
26 77 71 74 -3 0 9 0.49 0.0 0 14.2 48 70 M M 3 59 10
27 M M M M M M 0.03 0.0 0 14.2 38 80 M M 1 44 80
28 M M M M M M 0.01 0.0 0 25.5 38 240 M M 2 18 44 250
29 M M M M M M 0.00 M M 38.1 54 240 M M 0 63 250
30 M M M M M M 0.00 M M 23.0 39 240 M M 0 49 240
================================================================================
SM 2335 1650 0 310 0.73 0.0 582.6 M 17
================================================================================
AV 89.8 63.5 19.4 FASTST M M 1 MAX(MPH)
MISC ----> 58 260 69 260
================================================================================
NOTES:
# LAST OF SEVERAL OCCURRENCES
COLUMN 17 PEAK WIND IN M.P.H.
PRELIMINARY LOCAL CLIMATOLOGICAL DATA (WS FORM: F-6) , PAGE 2
STATION: GUADALUPE PASS
MONTH: JUNE
YEAR: 2020
LATITUDE: 31 49 N
LONGITUDE: 104 48 W
[TEMPERATURE DATA] [PRECIPITATION DATA] SYMBOLS USED IN COLUMN 16
AVERAGE MONTHLY: 76.6 TOTAL FOR MONTH: 0.73 1 = FOG OR MIST
DPTR FM NORMAL: -0.1 DPTR FM NORMAL: -0.74 2 = FOG REDUCING VISIBILITY
HIGHEST: 103 ON 22 GRTST 24HR 0.49 ON 26-26 TO 1/4 MILE OR LESS
LOWEST: 53 ON 9 3 = THUNDER
SNOW, ICE PELLETS, HAIL 4 = ICE PELLETS
TOTAL MONTH: 0.0 INCH 5 = HAIL
GRTST 24HR 0.0 6 = FREEZING RAIN OR DRIZZLE
GRTST DEPTH: 0 7 = DUSTSTORM OR SANDSTORM:
VSBY 1/2 MILE OR LESS
8 = SMOKE OR HAZE
[NO. OF DAYS WITH] [WEATHER - DAYS WITH] 9 = BLOWING SNOW
X = TORNADO
MAX 32 OR BELOW: 0 0.01 INCH OR MORE: 6
MAX 90 OR ABOVE: 14 0.10 INCH OR MORE: 2
MIN 32 OR BELOW: 0 0.50 INCH OR MORE: 0
MIN 0 OR BELOW: 0 1.00 INCH OR MORE: 0
[HDD (BASE 65) ]
TOTAL THIS MO. 0 CLEAR (SCALE 0-3) 30
DPTR FM NORMAL -1 PTCLDY (SCALE 4-7) 0
TOTAL FM JUL 1 3352 CLOUDY (SCALE 8-10) 0
DPTR FM NORMAL 68
[CDD (BASE 65) ]
TOTAL THIS MO. 310
DPTR FM NORMAL -41 [PRESSURE DATA]
TOTAL FM JAN 1 545 HIGHEST SLP 30.22 ON 12
DPTR FM NORMAL -30 LOWEST SLP 29.60 ON 8
[REMARKS]
#FINAL-06-20#